000
CDUS43 KLMK 170631
CLILOU


CLIMATE REPORT
NATIONAL WEATHER SERVICE LOUISVILLE KY
231 AM EDT WED MAY 17 2017


...................................

...THE LOUISVILLE BOWMAN KY CLIMATE SUMMARY FOR MAY 16 2017...

CLIMATE NORMAL PERIOD 1981 TO 2010
CLIMATE RECORD PERIOD 9999 TO 9999


WEATHER ITEM   OBSERVED TIME   RECORD YEAR NORMAL DEPARTURE LAST
                VALUE   (LST)  VALUE       VALUE  FROM      YEAR
                                                  NORMAL
..................................................................
TEMPERATURE (F)
 YESTERDAY
  MAXIMUM         87    438 PM  MM      MM  76     11       61
  MINIMUM         62    520 AM  MM      MM  56      6       43
  AVERAGE         75                        66      9       52

PRECIPITATION (IN)
  YESTERDAY        0.00         MM      MM   0.17  -0.17     0.02
  MONTH TO DATE    2.66                      2.83  -0.17     3.15
  SINCE MAR 1     11.35                     11.07   0.28    11.83
  SINCE JAN 1     17.37                     17.63  -0.26    17.72

SNOWFALL (IN)
  YESTERDAY       MM            MM      MM  MM     MM       MM
  MONTH TO DATE   MM                        MM     MM       MM
  SINCE MAR 1     MM                        MM     MM       MM
  SINCE JUL 1     MM                        MM     MM       MM
  SNOW DEPTH      MM

DEGREE DAYS
 HEATING
  YESTERDAY        0                         2     -2       13
  MONTH TO DATE   75                        53     22       75
  SINCE MAR 1    657                       883   -226      670
  SINCE JUL 1   3219                      4244  -1025     3457

 COOLING
  YESTERDAY       10                         4      6        0
  MONTH TO DATE   45                        38      7       29
  SINCE MAR 1    142                        72     70       67
  SINCE JAN 1    145                        72     73       67
..................................................................


WIND (MPH)
  HIGHEST WIND SPEED    17   HIGHEST WIND DIRECTION    SW (210)
  HIGHEST GUST SPEED    23   HIGHEST GUST DIRECTION     W (250)
  AVERAGE WIND SPEED     5.6


SKY COVER
  POSSIBLE SUNSHINE  MM
  AVERAGE SKY COVER 0.0


WEATHER CONDITIONS
 THE FOLLOWING WEATHER WAS RECORDED YESTERDAY.
  NO SIGNIFICANT WEATHER WAS OBSERVED.


RELATIVE HUMIDITY (PERCENT)
 HIGHEST    87           400 AM
 LOWEST     37           600 PM
 AVERAGE    62

..........................................................


THE LOUISVILLE BOWMAN KY CLIMATE NORMALS FOR TODAY
                         NORMAL
 MAXIMUM TEMPERATURE (F)   77
 MINIMUM TEMPERATURE (F)   56


SUNRISE AND SUNSET
MAY 17 2017...........SUNRISE   630 AM EDT   SUNSET   849 PM EDT
MAY 18 2017...........SUNRISE   629 AM EDT   SUNSET   850 PM EDT


-  INDICATES NEGATIVE NUMBERS.
R  INDICATES RECORD WAS SET OR TIED.
MM INDICATES DATA IS MISSING.
T  INDICATES TRACE AMOUNT.




$$
