000
CDUS43 KLMK 112042
CLILOU

CLIMATE REPORT
NATIONAL WEATHER SERVICE LOUISVILLE KY
441 PM EDT FRI APR 11 2014


...................................

...THE LOUISVILLE BOWMAN KY CLIMATE SUMMARY FOR APRIL 11 2014...
VALID TODAY AS OF 0400 PM LOCAL TIME.

CLIMATE NORMAL PERIOD 1981 TO 2010
CLIMATE RECORD PERIOD 9999 TO 9999


WEATHER ITEM   OBSERVED TIME   RECORD YEAR NORMAL DEPARTURE LAST
                VALUE   (LST)  VALUE       VALUE  FROM      YEAR
                                                  NORMAL
..................................................................
TEMPERATURE (F)
 TODAY
  MAXIMUM         75    200 PM  MM      MM  66      9       74
  MINIMUM         64        MM  MM      MM  46     18       53
  AVERAGE         70                        56     14       64

PRECIPITATION (IN)
  TODAY            0.00         MM      MM   0.12  -0.12     1.05
  MONTH TO DATE    3.81                      1.29   2.52     1.05
  SINCE MAR 1      5.99                      5.45   0.54     5.18
  SINCE JAN 1     11.76                     12.01  -0.25    11.89

SNOWFALL (IN)
  TODAY            0.0          MM      MM  MM     MM       MM
  MONTH TO DATE    0.0                      MM     MM       MM
  SINCE MAR 1      0.0                      MM     MM       MM
  SINCE JUL 1      0.0                      MM     MM       MM
  SNOW DEPTH       0

DEGREE DAYS
 HEATING
  TODAY            0                        10    -10        1
  MONTH TO DATE   77                       130    -53      113
  SINCE MAR 1    754                       692     62      876
  SINCE JUL 1   4563                      4053    510     4106

 COOLING
  TODAY            5                         1      4        0
  MONTH TO DATE    9                        11     -2       17
  SINCE MAR 1      9                        15     -6       17
  SINCE JAN 1      9                        15     -6       17
..................................................................


WIND (MPH)
  HIGHEST WIND SPEED    17   HIGHEST WIND DIRECTION     W (260)
  HIGHEST GUST SPEED    24   HIGHEST GUST DIRECTION    SW (240)
  AVERAGE WIND SPEED     9.8


SKY COVER
  POSSIBLE SUNSHINE  MM
  AVERAGE SKY COVER 0.5


WEATHER CONDITIONS
 THE FOLLOWING WEATHER WAS RECORDED TODAY.
  NO SIGNIFICANT WEATHER WAS OBSERVED.


RELATIVE HUMIDITY (PERCENT)
 HIGHEST    47          1100 AM
 LOWEST     36          1200 AM
 AVERAGE    42

..........................................................




SUNRISE AND SUNSET
APRIL 11 2014.........SUNRISE   713 AM EDT   SUNSET   815 PM EDT
APRIL 12 2014.........SUNRISE   711 AM EDT   SUNSET   816 PM EDT


-  INDICATES NEGATIVE NUMBERS.
R  INDICATES RECORD WAS SET OR TIED.
MM INDICATES DATA IS MISSING.
T  INDICATES TRACE AMOUNT.




$$
