000
CDUS43 KLMK 202031
CLILOU


CLIMATE REPORT
NATIONAL WEATHER SERVICE LOUISVILLE KY
430 PM EDT THU APR 20 2017


...................................

...THE LOUISVILLE BOWMAN KY CLIMATE SUMMARY FOR APRIL 20 2017...
VALID TODAY AS OF 0400 PM LOCAL TIME.

CLIMATE NORMAL PERIOD 1981 TO 2010
CLIMATE RECORD PERIOD 9999 TO 9999


WEATHER ITEM   OBSERVED TIME   RECORD YEAR NORMAL DEPARTURE LAST
                VALUE   (LST)  VALUE       VALUE  FROM      YEAR
                                                  NORMAL
..................................................................
TEMPERATURE (F)
 TODAY
  MAXIMUM         83    219 PM  MM      MM  69     14       85
  MINIMUM         66    644 AM  MM      MM  49     17       57
  AVERAGE         75                        59     16       71

PRECIPITATION (IN)
  TODAY            T            MM      MM   0.15  -0.15      T
  MONTH TO DATE    2.72                      2.47   0.25     1.00
  SINCE MAR 1      6.17                      6.63  -0.46     6.55
  SINCE JAN 1     12.19                     13.19  -1.00    12.44

SNOWFALL (IN)
  TODAY           MM            MM      MM  MM     MM       MM
  MONTH TO DATE   MM                        MM     MM       MM
  SINCE MAR 1     MM                        MM     MM       MM
  SINCE JUL 1     MM                        MM     MM       MM
  SNOW DEPTH      MM

DEGREE DAYS
 HEATING
  TODAY            0                         8     -8        0
  MONTH TO DATE   72                       209   -137      217
  SINCE MAR 1    552                       771   -219      582
  SINCE JUL 1   3114                      4132  -1018     3369

 COOLING
  TODAY           10                         1      9        6
  MONTH TO DATE   58                        20     38       14
  SINCE MAR 1     67                        24     43       18
  SINCE JAN 1     70                        24     46       18
..................................................................


WIND (MPH)
  HIGHEST WIND SPEED    22   HIGHEST WIND DIRECTION    SW (220)
  HIGHEST GUST SPEED    32   HIGHEST GUST DIRECTION    SW (220)
  AVERAGE WIND SPEED     8.5


SKY COVER
  POSSIBLE SUNSHINE  MM
  AVERAGE SKY COVER 0.2


WEATHER CONDITIONS
 THE FOLLOWING WEATHER WAS RECORDED TODAY.
  LIGHT RAIN


RELATIVE HUMIDITY (PERCENT)
 HIGHEST    78           300 AM
 LOWEST     43           100 PM
 AVERAGE    61

..........................................................




SUNRISE AND SUNSET
APRIL 20 2017.........SUNRISE   700 AM EDT   SUNSET   824 PM EDT
APRIL 21 2017.........SUNRISE   658 AM EDT   SUNSET   825 PM EDT


-  INDICATES NEGATIVE NUMBERS.
R  INDICATES RECORD WAS SET OR TIED.
MM INDICATES DATA IS MISSING.
T  INDICATES TRACE AMOUNT.




$$
