271
CDUS43 KLMK 172135
CLILOU


CLIMATE REPORT
NATIONAL WEATHER SERVICE LOUISVILLE KY
434 PM EST WED JAN 17 2018


...................................

...THE LOUISVILLE BOWMAN KY CLIMATE SUMMARY FOR JANUARY 17 2018...
VALID TODAY AS OF 0400 PM LOCAL TIME.

CLIMATE NORMAL PERIOD 1981 TO 2010
CLIMATE RECORD PERIOD 9999 TO 9999


WEATHER ITEM   OBSERVED TIME   RECORD YEAR NORMAL DEPARTURE LAST
                VALUE   (LST)  VALUE       VALUE  FROM      YEAR
                                                  NORMAL
..................................................................
TEMPERATURE (F)
 TODAY
  MAXIMUM         19    359 PM  MM      MM  42    -23       64
  MINIMUM          8    304 AM  MM      MM  26    -18       44
  AVERAGE         14                        34    -20       54

PRECIPITATION (IN)
  TODAY            T            MM      MM   0.11  -0.11     0.45
  MONTH TO DATE    1.13                      2.04  -0.91     3.09
  SINCE DEC 1      3.88                      6.05  -2.17     8.13
  SINCE JAN 1      1.13                      2.04  -0.91     3.09

SNOWFALL (IN)
  TODAY           MM            MM      MM  MM     MM       MM
  MONTH TO DATE   MM                        MM     MM       MM
  SINCE DEC 1     MM                        MM     MM       MM
  SINCE JUL 1     MM                        MM     MM       MM
  SNOW DEPTH      MM

DEGREE DAYS
 HEATING
  TODAY           51                        31     20       11
  MONTH TO DATE  683                       521    162      449
  SINCE DEC 1   1586                      1381    205     1289
  SINCE JUL 1   2338                      2185    153     1817

 COOLING
  TODAY            0                         0      0        0
  MONTH TO DATE    0                         0      0        0
  SINCE DEC 1      0                         0      0        1
  SINCE JAN 1      0                         0      0        0
..................................................................


WIND (MPH)
  HIGHEST WIND SPEED     8   HIGHEST WIND DIRECTION     W (250)
  HIGHEST GUST SPEED    11   HIGHEST GUST DIRECTION    SW (220)
  AVERAGE WIND SPEED     3.9


SKY COVER
  POSSIBLE SUNSHINE  MM
  AVERAGE SKY COVER 1.0


WEATHER CONDITIONS
 THE FOLLOWING WEATHER WAS RECORDED TODAY.
  LIGHT SNOW
  FOG
  HAZE


RELATIVE HUMIDITY (PERCENT)
 HIGHEST    83           500 AM
 LOWEST     73          1200 AM
 AVERAGE    78

..........................................................




SUNRISE AND SUNSET
JANUARY 17 2018.......SUNRISE   757 AM EST   SUNSET   549 PM EST
JANUARY 18 2018.......SUNRISE   757 AM EST   SUNSET   550 PM EST


-  INDICATES NEGATIVE NUMBERS.
R  INDICATES RECORD WAS SET OR TIED.
MM INDICATES DATA IS MISSING.
T  INDICATES TRACE AMOUNT.




$$
