000
CDUS43 KLMK 270645
CLILOU


CLIMATE REPORT
NATIONAL WEATHER SERVICE LOUISVILLE KY
245 AM EDT WED APR 27 2016


...................................

...THE LOUISVILLE BOWMAN KY CLIMATE SUMMARY FOR APRIL 26 2016...

CLIMATE NORMAL PERIOD 1981 TO 2010
CLIMATE RECORD PERIOD 9999 TO 9999


WEATHER ITEM   OBSERVED TIME   RECORD YEAR NORMAL DEPARTURE LAST
                VALUE   (LST)  VALUE       VALUE  FROM      YEAR
                                                  NORMAL
..................................................................
TEMPERATURE (F)
 YESTERDAY
  MAXIMUM         84    241 PM  MM      MM  71     13       64
  MINIMUM         63   1159 PM  MM      MM  50     13       45
  AVERAGE         74                        60     14       55

PRECIPITATION (IN)
  YESTERDAY        0.35         MM      MM   0.17   0.18     0.03
  MONTH TO DATE    1.81                      3.41  -1.60     9.83
  SINCE MAR 1      7.36                      7.57  -0.21    16.57
  SINCE JAN 1     13.25                     14.13  -0.88    19.35

SNOWFALL (IN)
  YESTERDAY        0.0          MM      MM  MM     MM       MM
  MONTH TO DATE    0.0                      MM     MM       MM
  SINCE MAR 1      0.0                      MM     MM       MM
  SINCE JUL 1      0.0                      MM     MM       MM
  SNOW DEPTH       0

DEGREE DAYS
 HEATING
  YESTERDAY        0                         6     -6       10
  MONTH TO DATE  226                       248    -22      162
  SINCE MAR 1    591                       810   -219      754
  SINCE JUL 1   3378                      4171   -793     4538

 COOLING
  YESTERDAY        9                         1      8        0
  MONTH TO DATE   28                        26      2       21
  SINCE MAR 1     32                        30      2       21
  SINCE JAN 1     32                        30      2       21
..................................................................


WIND (MPH)
  HIGHEST WIND SPEED    31   HIGHEST WIND DIRECTION     W (280)
  HIGHEST GUST SPEED    44   HIGHEST GUST DIRECTION     W (270)
  AVERAGE WIND SPEED     6.9


SKY COVER
  POSSIBLE SUNSHINE  MM
  AVERAGE SKY COVER 0.6


WEATHER CONDITIONS
 THE FOLLOWING WEATHER WAS RECORDED YESTERDAY.
  THUNDERSTORM
  RAIN
  LIGHT RAIN
  FOG


RELATIVE HUMIDITY (PERCENT)
 HIGHEST    87          1000 PM
 LOWEST     47           100 AM
 AVERAGE    67

..........................................................


THE LOUISVILLE BOWMAN KY CLIMATE NORMALS FOR TODAY
                         NORMAL
 MAXIMUM TEMPERATURE (F)   71
 MINIMUM TEMPERATURE (F)   51


SUNRISE AND SUNSET
APRIL 27 2016.........SUNRISE   650 AM EDT   SUNSET   831 PM EDT
APRIL 28 2016.........SUNRISE   649 AM EDT   SUNSET   832 PM EDT


-  INDICATES NEGATIVE NUMBERS.
R  INDICATES RECORD WAS SET OR TIED.
MM INDICATES DATA IS MISSING.
T  INDICATES TRACE AMOUNT.




$$
