000
CDUS43 KLMK 300629
CLILOU


CLIMATE REPORT
NATIONAL WEATHER SERVICE LOUISVILLE KY
228 AM EDT TUE JUN 30 2015


...................................

...THE LOUISVILLE BOWMAN KY CLIMATE SUMMARY FOR JUNE 29 2015...

CLIMATE NORMAL PERIOD 1981 TO 2010
CLIMATE RECORD PERIOD 9999 TO 9999


WEATHER ITEM   OBSERVED TIME   RECORD YEAR NORMAL DEPARTURE LAST
                VALUE   (LST)  VALUE       VALUE  FROM      YEAR
                                                  NORMAL
..................................................................
TEMPERATURE (F)
 YESTERDAY
  MAXIMUM         84    432 PM  MM      MM  87     -3       85
  MINIMUM         67    609 AM  MM      MM  68     -1       73
  AVERAGE         76                        78     -2       79

PRECIPITATION (IN)
  YESTERDAY        0.97         MM      MM   0.13   0.84      T
  MONTH TO DATE    7.56                      4.03   3.53     1.51
  SINCE JUN 1      7.56                      4.03   3.53     1.51
  SINCE JAN 1     29.18                     23.95   5.23    21.05

SNOWFALL (IN)
  YESTERDAY       MM            MM      MM  MM     MM       MM
  MONTH TO DATE   MM                        MM     MM       MM
  SINCE JUN 1     MM                        MM     MM       MM
  SINCE JUL 1     MM                        MM     MM       MM
  SNOW DEPTH      MM

DEGREE DAYS
 HEATING
  YESTERDAY        0                         0      0        0
  MONTH TO DATE    9                         2      7        0
  SINCE JUN 1      9                         2      7        0
  SINCE JUL 1   4623                      4267    356     4706

 COOLING
  YESTERDAY       11                        13     -2       14
  MONTH TO DATE  344                       293     51      388
  SINCE JUN 1    344                       293     51      388
  SINCE JAN 1    543                       440    103      643
..................................................................


WIND (MPH)
  HIGHEST WIND SPEED    22   HIGHEST WIND DIRECTION    NW (330)
  HIGHEST GUST SPEED    30   HIGHEST GUST DIRECTION    NW (320)
  AVERAGE WIND SPEED     8.1


SKY COVER
  POSSIBLE SUNSHINE  MM
  AVERAGE SKY COVER 0.6


WEATHER CONDITIONS
 THE FOLLOWING WEATHER WAS RECORDED YESTERDAY.
  THUNDERSTORM
  HEAVY RAIN
  RAIN
  LIGHT RAIN
  FOG
  HAZE


RELATIVE HUMIDITY (PERCENT)
 HIGHEST    74           300 PM
 LOWEST     53          1200 AM
 AVERAGE    64

..........................................................


THE LOUISVILLE BOWMAN KY CLIMATE NORMALS FOR TODAY
                         NORMAL
 MAXIMUM TEMPERATURE (F)   87
 MINIMUM TEMPERATURE (F)   68


SUNRISE AND SUNSET
JUNE 30 2015..........SUNRISE   622 AM EDT   SUNSET   910 PM EDT
JULY  1 2015..........SUNRISE   623 AM EDT   SUNSET   910 PM EDT


-  INDICATES NEGATIVE NUMBERS.
R  INDICATES RECORD WAS SET OR TIED.
MM INDICATES DATA IS MISSING.
T  INDICATES TRACE AMOUNT.

$$

SCHOETTMER
