245
CDUS43 KLMK 110628
CLILOU


CLIMATE REPORT
NATIONAL WEATHER SERVICE LOUISVILLE KY
128 AM EST THU FEB 11 2016


...................................

...THE LOUISVILLE BOWMAN KY CLIMATE SUMMARY FOR FEBRUARY 10 2016...

CLIMATE NORMAL PERIOD 1981 TO 2010
CLIMATE RECORD PERIOD 9999 TO 9999


WEATHER ITEM   OBSERVED TIME   RECORD YEAR NORMAL DEPARTURE LAST
                VALUE   (LST)  VALUE       VALUE  FROM      YEAR
                                                  NORMAL
..................................................................
TEMPERATURE (F)
 YESTERDAY
  MAXIMUM         23    424 PM  MM      MM  45    -22       42
  MINIMUM         16    957 AM  MM      MM  29    -13       28
  AVERAGE         20                        37    -17       35

PRECIPITATION (IN)
  YESTERDAY        T            MM      MM   0.11  -0.11     0.00
  MONTH TO DATE    1.84                      1.16   0.68     0.45
  SINCE DEC 1      8.89                      8.55   0.34     4.54
  SINCE JAN 1      2.77                      4.54  -1.77     1.36

SNOWFALL (IN)
  YESTERDAY       MM            MM      MM  MM     MM       MM
  MONTH TO DATE   MM                        MM     MM       MM
  SINCE DEC 1     MM                        MM     MM       MM
  SINCE JUL 1     MM                        MM     MM       MM
  SNOW DEPTH      MM

DEGREE DAYS
 HEATING
  YESTERDAY       45                        28     17       30
  MONTH TO DATE  265                       290    -25      270
  SINCE DEC 1   1717                      2095   -378     2022
  SINCE JUL 1   2320                      2899   -579     3001

 COOLING
  YESTERDAY        0                         0      0        0
  MONTH TO DATE    0                         0      0        0
  SINCE DEC 1      3                         0      3        0
  SINCE JAN 1      0                         0      0        0
..................................................................


WIND (MPH)
  HIGHEST WIND SPEED    20   HIGHEST WIND DIRECTION     W (280)
  HIGHEST GUST SPEED    28   HIGHEST GUST DIRECTION     W (270)
  AVERAGE WIND SPEED    11.6


SKY COVER
  POSSIBLE SUNSHINE  MM
  AVERAGE SKY COVER 0.6


WEATHER CONDITIONS
 THE FOLLOWING WEATHER WAS RECORDED YESTERDAY.
  LIGHT SNOW
  FOG
  HAZE


RELATIVE HUMIDITY (PERCENT)
 HIGHEST    74           600 AM
 LOWEST     52           300 PM
 AVERAGE    63

..........................................................


THE LOUISVILLE BOWMAN KY CLIMATE NORMALS FOR TODAY
                         NORMAL
 MAXIMUM TEMPERATURE (F)   45
 MINIMUM TEMPERATURE (F)   29


SUNRISE AND SUNSET
FEBRUARY 11 2016......SUNRISE   738 AM EST   SUNSET   616 PM EST
FEBRUARY 12 2016......SUNRISE   737 AM EST   SUNSET   617 PM EST


-  INDICATES NEGATIVE NUMBERS.
R  INDICATES RECORD WAS SET OR TIED.
MM INDICATES DATA IS MISSING.
T  INDICATES TRACE AMOUNT.




$$
