000
CDUS43 KLMK 152033
CLILOU


CLIMATE REPORT
NATIONAL WEATHER SERVICE LOUISVILLE KY
429 PM EDT MON MAY 15 2017


...................................

...THE LOUISVILLE BOWMAN KY CLIMATE SUMMARY FOR MAY 15 2017...
VALID TODAY AS OF 0400 PM LOCAL TIME.

CLIMATE NORMAL PERIOD 1981 TO 2010
CLIMATE RECORD PERIOD 9999 TO 9999


WEATHER ITEM   OBSERVED TIME   RECORD YEAR NORMAL DEPARTURE LAST
                VALUE   (LST)  VALUE       VALUE  FROM      YEAR
                                                  NORMAL
..................................................................
TEMPERATURE (F)
 TODAY
  MAXIMUM         85    317 PM  MM      MM  76      9       64
  MINIMUM         58    545 AM  MM      MM  56      2       43
  AVERAGE         72                        66      6       54

PRECIPITATION (IN)
  TODAY            0.00         MM      MM   0.17  -0.17     0.00
  MONTH TO DATE    2.66                      2.66   0.00     3.13
  SINCE MAR 1     11.35                     10.90   0.45    11.81
  SINCE JAN 1     17.37                     17.46  -0.09    17.70

SNOWFALL (IN)
  TODAY           MM            MM      MM  MM     MM       MM
  MONTH TO DATE   MM                        MM     MM       MM
  SINCE MAR 1     MM                        MM     MM       MM
  SINCE JUL 1     MM                        MM     MM       MM
  SNOW DEPTH      MM

DEGREE DAYS
 HEATING
  TODAY            0                         2     -2       11
  MONTH TO DATE   75                        51     24       62
  SINCE MAR 1    657                       881   -224      657
  SINCE JUL 1   3219                      4242  -1023     3444

 COOLING
  TODAY            7                         3      4        0
  MONTH TO DATE   35                        34      1       29
  SINCE MAR 1    132                        68     64       67
  SINCE JAN 1    135                        68     67       67
..................................................................


WIND (MPH)
  HIGHEST WIND SPEED    13   HIGHEST WIND DIRECTION    SW (230)
  HIGHEST GUST SPEED    17   HIGHEST GUST DIRECTION     S (180)
  AVERAGE WIND SPEED     2.9


SKY COVER
  POSSIBLE SUNSHINE  MM
  AVERAGE SKY COVER 0.0


WEATHER CONDITIONS
 THE FOLLOWING WEATHER WAS RECORDED TODAY.
  NO SIGNIFICANT WEATHER WAS OBSERVED.


RELATIVE HUMIDITY (PERCENT)
 HIGHEST    93           500 AM
 LOWEST     40           200 PM
 AVERAGE    67

..........................................................




SUNRISE AND SUNSET
MAY 15 2017...........SUNRISE   632 AM EDT   SUNSET   847 PM EDT
MAY 16 2017...........SUNRISE   631 AM EDT   SUNSET   848 PM EDT


-  INDICATES NEGATIVE NUMBERS.
R  INDICATES RECORD WAS SET OR TIED.
MM INDICATES DATA IS MISSING.
T  INDICATES TRACE AMOUNT.




$$
