000
CDUS43 KLMK 260629
CLILOU


CLIMATE REPORT
NATIONAL WEATHER SERVICE LOUISVILLE KY
228 AM EDT FRI SEP 26 2014


...................................

...THE LOUISVILLE BOWMAN KY CLIMATE SUMMARY FOR SEPTEMBER 25 2014...

CLIMATE NORMAL PERIOD 1981 TO 2010
CLIMATE RECORD PERIOD 9999 TO 9999


WEATHER ITEM   OBSERVED TIME   RECORD YEAR NORMAL DEPARTURE LAST
                VALUE   (LST)  VALUE       VALUE  FROM      YEAR
                                                  NORMAL
..................................................................
TEMPERATURE (F)
 YESTERDAY
  MAXIMUM         82    420 PM  MM      MM  76      6       79
  MINIMUM         51    535 AM  MM      MM  55     -4       64
  AVERAGE         67                        65      2       72

PRECIPITATION (IN)
  YESTERDAY        0.00         MM      MM   0.11  -0.11     0.00
  MONTH TO DATE    3.05                      2.52   0.53     3.33
  SINCE SEP 1      3.05                      2.52   0.53     3.33
  SINCE JAN 1     33.51                     34.06  -0.55    40.39

SNOWFALL (IN)
  YESTERDAY       MM            MM      MM  MM     MM       MM
  MONTH TO DATE   MM                        MM     MM       MM
  SINCE SEP 1     MM                        MM     MM       MM
  SINCE JUL 1     MM                        MM     MM       MM
  SNOW DEPTH      MM

DEGREE DAYS
 HEATING
  YESTERDAY        0                         3     -3        0
  MONTH TO DATE   32                        19     13        8
  SINCE SEP 1     32                        19     13        8
  SINCE JUL 1     32                        19     13        8

 COOLING
  YESTERDAY        2                         3     -1        7
  MONTH TO DATE  134                       160    -26      188
  SINCE SEP 1    134                       160    -26      188
  SINCE JAN 1   1479                      1399     80     1391
..................................................................


WIND (MPH)
  HIGHEST WIND SPEED    12   HIGHEST WIND DIRECTION     N (340)
  HIGHEST GUST SPEED    15   HIGHEST GUST DIRECTION     N (340)
  AVERAGE WIND SPEED     1.9


SKY COVER
  POSSIBLE SUNSHINE  MM
  AVERAGE SKY COVER 0.0


WEATHER CONDITIONS
 THE FOLLOWING WEATHER WAS RECORDED YESTERDAY.
  NO SIGNIFICANT WEATHER WAS OBSERVED.


RELATIVE HUMIDITY (PERCENT)
 HIGHEST    93           600 AM
 LOWEST     33           500 PM
 AVERAGE    63

..........................................................


THE LOUISVILLE BOWMAN KY CLIMATE NORMALS FOR TODAY
                         NORMAL
 MAXIMUM TEMPERATURE (F)   76
 MINIMUM TEMPERATURE (F)   54


SUNRISE AND SUNSET
SEPTEMBER 26 2014.....SUNRISE   734 AM EDT   SUNSET   733 PM EDT
SEPTEMBER 27 2014.....SUNRISE   735 AM EDT   SUNSET   732 PM EDT


-  INDICATES NEGATIVE NUMBERS.
R  INDICATES RECORD WAS SET OR TIED.
MM INDICATES DATA IS MISSING.
T  INDICATES TRACE AMOUNT.

$$

SCHOETTMER
