000
CDUS43 KLMK 182031
CLILOU


CLIMATE REPORT
NATIONAL WEATHER SERVICE LOUISVILLE KY
430 PM EDT SUN JUN 18 2017


...................................

...THE LOUISVILLE BOWMAN KY CLIMATE SUMMARY FOR JUNE 18 2017...
VALID TODAY AS OF 0400 PM LOCAL TIME.

CLIMATE NORMAL PERIOD 1981 TO 2010
CLIMATE RECORD PERIOD 9999 TO 9999


WEATHER ITEM   OBSERVED TIME   RECORD YEAR NORMAL DEPARTURE LAST
                VALUE   (LST)  VALUE       VALUE  FROM      YEAR
                                                  NORMAL
..................................................................
TEMPERATURE (F)
 TODAY
  MAXIMUM         87    206 PM  MM      MM  85      2       89
  MINIMUM         75    813 AM  MM      MM  67      8       68
  AVERAGE         81                        76      5       79

PRECIPITATION (IN)
  TODAY            0.01         MM      MM   0.12  -0.11     0.00
  MONTH TO DATE    1.16                      2.77  -1.61     2.03
  SINCE JUN 1      1.16                      2.77  -1.61     2.03
  SINCE JAN 1     20.72                     22.69  -1.97    21.64

SNOWFALL (IN)
  TODAY           MM            MM      MM  MM     MM       MM
  MONTH TO DATE   MM                        MM     MM       MM
  SINCE JUN 1     MM                        MM     MM       MM
  SINCE JUL 1     MM                        MM     MM       MM
  SNOW DEPTH      MM

DEGREE DAYS
 HEATING
  TODAY            0                         0      0        0
  MONTH TO DATE    0                         2     -2        0
  SINCE JUN 1      0                         2     -2        0
  SINCE JUL 1   3225                      4267  -1042     3488

 COOLING
  TODAY           16                        11      5       14
  MONTH TO DATE  184                       162     22      204
  SINCE JUN 1    184                       162     22      204
  SINCE JAN 1    437                       309    128      351
..................................................................


WIND (MPH)
  HIGHEST WIND SPEED    17   HIGHEST WIND DIRECTION     W (250)
  HIGHEST GUST SPEED    23   HIGHEST GUST DIRECTION     S (180)
  AVERAGE WIND SPEED     8.6


SKY COVER
  POSSIBLE SUNSHINE  MM
  AVERAGE SKY COVER 0.4


WEATHER CONDITIONS
 THE FOLLOWING WEATHER WAS RECORDED TODAY.
  THUNDERSTORM
  LIGHT RAIN


RELATIVE HUMIDITY (PERCENT)
 HIGHEST    94           800 AM
 LOWEST     59          1200 PM
 AVERAGE    77

..........................................................




SUNRISE AND SUNSET
JUNE 18 2017..........SUNRISE   619 AM EDT   SUNSET   909 PM EDT
JUNE 19 2017..........SUNRISE   619 AM EDT   SUNSET   909 PM EDT


-  INDICATES NEGATIVE NUMBERS.
R  INDICATES RECORD WAS SET OR TIED.
MM INDICATES DATA IS MISSING.
T  INDICATES TRACE AMOUNT.




$$
