000
CDUS43 KLMK 120632
CLILOU


CLIMATE REPORT
NATIONAL WEATHER SERVICE LOUISVILLE KY
131 AM EST MON FEB 12 2018


...................................

...THE LOUISVILLE BOWMAN KY CLIMATE SUMMARY FOR FEBRUARY 11 2018...

CLIMATE NORMAL PERIOD 1981 TO 2010
CLIMATE RECORD PERIOD 9999 TO 9999


WEATHER ITEM   OBSERVED TIME   RECORD YEAR NORMAL DEPARTURE LAST
                VALUE   (LST)  VALUE       VALUE  FROM      YEAR
                                                  NORMAL
..................................................................
TEMPERATURE (F)
 YESTERDAY
  MAXIMUM         41   1248 PM  MM      MM  45     -4       68
  MINIMUM         30   1115 PM  MM      MM  29      1       54
  AVERAGE         36                        37     -1       61

PRECIPITATION (IN)
  YESTERDAY        0.59         MM      MM   0.12   0.47      T
  MONTH TO DATE    1.62                      1.28   0.34     0.59
  SINCE DEC 1      6.10                      8.67  -2.57     9.87
  SINCE JAN 1      3.35                      4.66  -1.31     4.83

SNOWFALL (IN)
  YESTERDAY       MM            MM      MM  MM     MM       MM
  MONTH TO DATE   MM                        MM     MM       MM
  SINCE DEC 1     MM                        MM     MM       MM
  SINCE JUL 1     MM                        MM     MM       MM
  SNOW DEPTH      MM

DEGREE DAYS
 HEATING
  YESTERDAY       29                        28      1        4
  MONTH TO DATE  356                       318     38      247
  SINCE DEC 1   2278                      2123    155     1819
  SINCE JUL 1   3030                      2927    103     2347

 COOLING
  YESTERDAY        0                         0      0        0
  MONTH TO DATE    0                         0      0        0
  SINCE DEC 1      0                         0      0        1
  SINCE JAN 1      0                         0      0        0
..................................................................


WIND (MPH)
  HIGHEST WIND SPEED    16   HIGHEST WIND DIRECTION     W (280)
  HIGHEST GUST SPEED    20   HIGHEST GUST DIRECTION     W (280)
  AVERAGE WIND SPEED     6.5


SKY COVER
  POSSIBLE SUNSHINE  MM
  AVERAGE SKY COVER 1.0


WEATHER CONDITIONS
 THE FOLLOWING WEATHER WAS RECORDED YESTERDAY.
  HEAVY RAIN
  RAIN
  LIGHT RAIN
  LT FREEZING RAIN
  LIGHT SNOW
  FOG


RELATIVE HUMIDITY (PERCENT)
 HIGHEST   100          1200 AM
 LOWEST     85           200 PM
 AVERAGE    93

..........................................................


THE LOUISVILLE BOWMAN KY CLIMATE NORMALS FOR TODAY
                         NORMAL
 MAXIMUM TEMPERATURE (F)   46
 MINIMUM TEMPERATURE (F)   29


SUNRISE AND SUNSET
FEBRUARY 12 2018......SUNRISE   736 AM EST   SUNSET   618 PM EST
FEBRUARY 13 2018......SUNRISE   735 AM EST   SUNSET   619 PM EST


-  INDICATES NEGATIVE NUMBERS.
R  INDICATES RECORD WAS SET OR TIED.
MM INDICATES DATA IS MISSING.
T  INDICATES TRACE AMOUNT.




$$
