000
CDUS43 KLMK 180638
CLILOU


CLIMATE REPORT
NATIONAL WEATHER SERVICE LOUISVILLE KY
237 AM EDT SAT OCT 18 2014


...................................

...THE LOUISVILLE BOWMAN KY CLIMATE SUMMARY FOR OCTOBER 17 2014...

CLIMATE NORMAL PERIOD 1981 TO 2010
CLIMATE RECORD PERIOD 9999 TO 9999


WEATHER ITEM   OBSERVED TIME   RECORD YEAR NORMAL DEPARTURE LAST
                VALUE   (LST)  VALUE       VALUE  FROM      YEAR
                                                  NORMAL
..................................................................
TEMPERATURE (F)
 YESTERDAY
  MAXIMUM         74    308 PM  MM      MM  68      6       61
  MINIMUM         51    645 AM  MM      MM  47      4       45
  AVERAGE         63                        58      5       53

PRECIPITATION (IN)
  YESTERDAY        0.00         MM      MM   0.11  -0.11     0.06
  MONTH TO DATE    3.55                      1.77   1.78     7.47
  SINCE SEP 1      6.69                      4.93   1.76    10.86
  SINCE JAN 1     37.15                     36.47   0.68    47.92

SNOWFALL (IN)
  YESTERDAY       MM            MM      MM  MM     MM       MM
  MONTH TO DATE   MM                        MM     MM       MM
  SINCE SEP 1     MM                        MM     MM       MM
  SINCE JUL 1     MM                        MM     MM       MM
  SNOW DEPTH      MM

DEGREE DAYS
 HEATING
  YESTERDAY        2                         8     -6       12
  MONTH TO DATE   89                       103    -14       50
  SINCE SEP 1    121                       139    -18       60
  SINCE JUL 1    121                       139    -18       60

 COOLING
  YESTERDAY        0                         1     -1        0
  MONTH TO DATE   22                        24     -2       42
  SINCE SEP 1    189                       198     -9      243
  SINCE JAN 1   1534                      1437     97     1446
..................................................................


WIND (MPH)
  HIGHEST WIND SPEED    21   HIGHEST WIND DIRECTION    NW (320)
  HIGHEST GUST SPEED    27   HIGHEST GUST DIRECTION     W (260)
  AVERAGE WIND SPEED    10.0


SKY COVER
  POSSIBLE SUNSHINE  MM
  AVERAGE SKY COVER 0.2


WEATHER CONDITIONS
 THE FOLLOWING WEATHER WAS RECORDED YESTERDAY.
  NO SIGNIFICANT WEATHER WAS OBSERVED.


RELATIVE HUMIDITY (PERCENT)
 HIGHEST    89          1200 AM
 LOWEST     41           300 PM
 AVERAGE    65

..........................................................


THE LOUISVILLE BOWMAN KY CLIMATE NORMALS FOR TODAY
                         NORMAL
 MAXIMUM TEMPERATURE (F)   68
 MINIMUM TEMPERATURE (F)   47


SUNRISE AND SUNSET
OCTOBER 18 2014.......SUNRISE   754 AM EDT   SUNSET   701 PM EDT
OCTOBER 19 2014.......SUNRISE   755 AM EDT   SUNSET   659 PM EDT


-  INDICATES NEGATIVE NUMBERS.
R  INDICATES RECORD WAS SET OR TIED.
MM INDICATES DATA IS MISSING.
T  INDICATES TRACE AMOUNT.




$$
