000
CDUS43 KLMK 150626
CLILOU


CLIMATE REPORT
NATIONAL WEATHER SERVICE LOUISVILLE KY
226 AM EDT TUE APR 15 2014


...................................

...THE LOUISVILLE BOWMAN KY CLIMATE SUMMARY FOR APRIL 14 2014...

CLIMATE NORMAL PERIOD 1981 TO 2010
CLIMATE RECORD PERIOD 9999 TO 9999


WEATHER ITEM   OBSERVED TIME   RECORD YEAR NORMAL DEPARTURE LAST
                VALUE   (LST)  VALUE       VALUE  FROM      YEAR
                                                  NORMAL
..................................................................
TEMPERATURE (F)
 YESTERDAY
  MAXIMUM         77   1219 AM  MM      MM  67     10       75
  MINIMUM         42   1159 PM  MM      MM  47     -5       41
  AVERAGE         60                        57      3       58

PRECIPITATION (IN)
  YESTERDAY        0.75         MM      MM   0.12   0.63     0.00
  MONTH TO DATE    4.56                      1.65   2.91     1.05
  SINCE MAR 1      6.74                      5.81   0.93     5.18
  SINCE JAN 1     12.51                     12.37   0.14    11.89

SNOWFALL (IN)
  YESTERDAY       MM            MM      MM  MM     MM       MM
  MONTH TO DATE   MM                        MM     MM       MM
  SINCE MAR 1     MM                        MM     MM       MM
  SINCE JUL 1     MM                        MM     MM       MM
  SNOW DEPTH      MM

DEGREE DAYS
 HEATING
  YESTERDAY        5                         9     -4        7
  MONTH TO DATE   82                       159    -77      153
  SINCE MAR 1    759                       721     38      916
  SINCE JUL 1   4568                      4082    486     4146

 COOLING
  YESTERDAY        0                         1     -1        0
  MONTH TO DATE   21                        14      7       17
  SINCE MAR 1     21                        18      3       17
  SINCE JAN 1     21                        18      3       17
..................................................................


WIND (MPH)
  HIGHEST WIND SPEED    23   HIGHEST WIND DIRECTION    NW (300)
  HIGHEST GUST SPEED    35   HIGHEST GUST DIRECTION    SW (210)
  AVERAGE WIND SPEED    11.9


SKY COVER
  POSSIBLE SUNSHINE  MM
  AVERAGE SKY COVER 0.9


WEATHER CONDITIONS
 THE FOLLOWING WEATHER WAS RECORDED YESTERDAY.
  THUNDERSTORM
  HEAVY RAIN
  RAIN
  LIGHT RAIN
  FOG


RELATIVE HUMIDITY (PERCENT)
 HIGHEST    84           800 AM
 LOWEST     33          1200 AM
 AVERAGE    59

..........................................................


THE LOUISVILLE BOWMAN KY CLIMATE NORMALS FOR TODAY
                         NORMAL
 MAXIMUM TEMPERATURE (F)   67
 MINIMUM TEMPERATURE (F)   47


SUNRISE AND SUNSET
APRIL 15 2014.........SUNRISE   707 AM EDT   SUNSET   819 PM EDT
APRIL 16 2014.........SUNRISE   706 AM EDT   SUNSET   820 PM EDT


-  INDICATES NEGATIVE NUMBERS.
R  INDICATES RECORD WAS SET OR TIED.
MM INDICATES DATA IS MISSING.
T  INDICATES TRACE AMOUNT.




$$
