000
CDUS43 KLMK 190627
CLILOU


CLIMATE REPORT
NATIONAL WEATHER SERVICE LOUISVILLE KY
227 AM EDT TUE MAY 19 2015


...................................

...THE LOUISVILLE BOWMAN KY CLIMATE SUMMARY FOR MAY 18 2015...

CLIMATE NORMAL PERIOD 1981 TO 2010
CLIMATE RECORD PERIOD 9999 TO 9999


WEATHER ITEM   OBSERVED TIME   RECORD YEAR NORMAL DEPARTURE LAST
                VALUE   (LST)  VALUE       VALUE  FROM      YEAR
                                                  NORMAL
..................................................................
TEMPERATURE (F)
 YESTERDAY
  MAXIMUM         78    426 PM  MM      MM  77      1       69
  MINIMUM         66   1159 PM  MM      MM  57      9       41
  AVERAGE         72                        67      5       55

PRECIPITATION (IN)
  YESTERDAY        0.02         MM      MM   0.16  -0.14     0.00
  MONTH TO DATE    1.26                      3.15  -1.89     3.33
  SINCE MAR 1     17.83                     11.39   6.44    12.97
  SINCE JAN 1     20.61                     17.95   2.66    18.74

SNOWFALL (IN)
  YESTERDAY       MM            MM      MM  MM     MM       MM
  MONTH TO DATE   MM                        MM     MM       MM
  SINCE MAR 1     MM                        MM     MM       MM
  SINCE JUL 1     MM                        MM     MM       MM
  SNOW DEPTH      MM

DEGREE DAYS
 HEATING
  YESTERDAY        0                         2     -2       10
  MONTH TO DATE   14                        57    -43       62
  SINCE MAR 1    808                       887    -79      894
  SINCE JUL 1   4592                      4248    344     4703

 COOLING
  YESTERDAY        7                         4      3        0
  MONTH TO DATE  108                        46     62       90
  SINCE MAR 1    129                        80     49      124
  SINCE JAN 1    129                        80     49      124
..................................................................


WIND (MPH)
  HIGHEST WIND SPEED     9   HIGHEST WIND DIRECTION     S (200)
  HIGHEST GUST SPEED    14   HIGHEST GUST DIRECTION     S (190)
  AVERAGE WIND SPEED     4.6


SKY COVER
  POSSIBLE SUNSHINE  MM
  AVERAGE SKY COVER 0.5


WEATHER CONDITIONS
 THE FOLLOWING WEATHER WAS RECORDED YESTERDAY.
  LIGHT RAIN
  FOG


RELATIVE HUMIDITY (PERCENT)
 HIGHEST    90          1200 AM
 LOWEST     67           400 PM
 AVERAGE    79

..........................................................


THE LOUISVILLE BOWMAN KY CLIMATE NORMALS FOR TODAY
                         NORMAL
 MAXIMUM TEMPERATURE (F)   77
 MINIMUM TEMPERATURE (F)   57


SUNRISE AND SUNSET
MAY 19 2015...........SUNRISE   629 AM EDT   SUNSET   850 PM EDT
MAY 20 2015...........SUNRISE   628 AM EDT   SUNSET   851 PM EDT


-  INDICATES NEGATIVE NUMBERS.
R  INDICATES RECORD WAS SET OR TIED.
MM INDICATES DATA IS MISSING.
T  INDICATES TRACE AMOUNT.




$$
