000
CDUS43 KLMK 232125
CLILOU


CLIMATE REPORT
NATIONAL WEATHER SERVICE LOUISVILLE KY
425 PM EST TUE DEC 23 2014


...................................

...THE LOUISVILLE BOWMAN KY CLIMATE SUMMARY FOR DECEMBER 23 2014...
VALID TODAY AS OF 0400 PM LOCAL TIME.

CLIMATE NORMAL PERIOD 1981 TO 2010
CLIMATE RECORD PERIOD 9999 TO 9999


WEATHER ITEM   OBSERVED TIME   RECORD YEAR NORMAL DEPARTURE LAST
                VALUE   (LST)  VALUE       VALUE  FROM      YEAR
                                                  NORMAL
..................................................................
TEMPERATURE (F)
 TODAY
  MAXIMUM         56    359 PM  MM      MM  44     12       39
  MINIMUM         52    506 AM  MM      MM  28     24       27
  AVERAGE         54                        36     18       33

PRECIPITATION (IN)
  TODAY            0.07         MM      MM   0.14  -0.07     0.02
  MONTH TO DATE    2.54                      3.00  -0.46     5.02
  SINCE DEC 1      2.54                      3.00  -0.46     5.02
  SINCE JAN 1     41.98                     44.53  -2.55    58.69

SNOWFALL (IN)
  TODAY            0.0          MM      MM  MM     MM       MM
  MONTH TO DATE    0.0                      MM     MM       MM
  SINCE DEC 1      0.0                      MM     MM       MM
  SINCE JUL 1      0.0                      MM     MM       MM
  SNOW DEPTH       0

DEGREE DAYS
 HEATING
  TODAY           11                        29    -18       32
  MONTH TO DATE  560                       623    -63      585
  SINCE DEC 1    560                       623    -63      585
  SINCE JUL 1   1539                      1427    112     1493

 COOLING
  TODAY            0                         0      0        0
  MONTH TO DATE    0                         0      0        0
  SINCE DEC 1      0                         0      0        0
  SINCE JAN 1   1536                      1444     92     1446
..................................................................


WIND (MPH)
  HIGHEST WIND SPEED    13   HIGHEST WIND DIRECTION    SE (140)
  HIGHEST GUST SPEED    18   HIGHEST GUST DIRECTION    SE (140)
  AVERAGE WIND SPEED     4.6


SKY COVER
  POSSIBLE SUNSHINE  MM
  AVERAGE SKY COVER 1.0


WEATHER CONDITIONS
 THE FOLLOWING WEATHER WAS RECORDED TODAY.
  LIGHT RAIN
  FOG


RELATIVE HUMIDITY (PERCENT)
 HIGHEST   100          1000 AM
 LOWEST     89          1200 AM
 AVERAGE    95

..........................................................




SUNRISE AND SUNSET
DECEMBER 23 2014......SUNRISE   757 AM EST   SUNSET   527 PM EST
DECEMBER 24 2014......SUNRISE   757 AM EST   SUNSET   528 PM EST


-  INDICATES NEGATIVE NUMBERS.
R  INDICATES RECORD WAS SET OR TIED.
MM INDICATES DATA IS MISSING.
T  INDICATES TRACE AMOUNT.




$$
