000
CDUS43 KLMK 242031
CLILOU


CLIMATE REPORT
NATIONAL WEATHER SERVICE LOUISVILLE KY
430 PM EDT SUN APR 24 2016


...................................

...THE LOUISVILLE BOWMAN KY CLIMATE SUMMARY FOR APRIL 24 2016...
VALID TODAY AS OF 0400 PM LOCAL TIME.

CLIMATE NORMAL PERIOD 1981 TO 2010
CLIMATE RECORD PERIOD 9999 TO 9999


WEATHER ITEM   OBSERVED TIME   RECORD YEAR NORMAL DEPARTURE LAST
                VALUE   (LST)  VALUE       VALUE  FROM      YEAR
                                                  NORMAL
..................................................................
TEMPERATURE (F)
 TODAY
  MAXIMUM         77    321 PM  MM      MM  70      7       64
  MINIMUM         45    554 AM  MM      MM  50     -5       33
  AVERAGE         61                        60      1       49

PRECIPITATION (IN)
  TODAY            0.00         MM      MM   0.17  -0.17      T
  MONTH TO DATE    1.46                      3.08  -1.62     9.52
  SINCE MAR 1      7.01                      7.24  -0.23    16.26
  SINCE JAN 1     12.90                     13.80  -0.90    19.04

SNOWFALL (IN)
  TODAY           MM            MM      MM  MM     MM       MM
  MONTH TO DATE   MM                        MM     MM       MM
  SINCE MAR 1     MM                        MM     MM       MM
  SINCE JUL 1     MM                        MM     MM       MM
  SNOW DEPTH      MM

DEGREE DAYS
 HEATING
  TODAY            4                         6     -2       16
  MONTH TO DATE  227                       236     -9      141
  SINCE MAR 1    592                       798   -206      733
  SINCE JUL 1   3379                      4159   -780     4517

 COOLING
  TODAY            0                         1     -1        0
  MONTH TO DATE   15                        24     -9       21
  SINCE MAR 1     19                        28     -9       21
  SINCE JAN 1     19                        28     -9       21
..................................................................


WIND (MPH)
  HIGHEST WIND SPEED     9   HIGHEST WIND DIRECTION     S (200)
  HIGHEST GUST SPEED    14   HIGHEST GUST DIRECTION     S (160)
  AVERAGE WIND SPEED     3.1


SKY COVER
  POSSIBLE SUNSHINE  MM
  AVERAGE SKY COVER 0.0


WEATHER CONDITIONS
 THE FOLLOWING WEATHER WAS RECORDED TODAY.
  NO SIGNIFICANT WEATHER WAS OBSERVED.


RELATIVE HUMIDITY (PERCENT)
 HIGHEST    89           100 AM
 LOWEST     33           300 PM
 AVERAGE    61

..........................................................




SUNRISE AND SUNSET
APRIL 24 2016.........SUNRISE   654 AM EDT   SUNSET   828 PM EDT
APRIL 25 2016.........SUNRISE   653 AM EDT   SUNSET   829 PM EDT


-  INDICATES NEGATIVE NUMBERS.
R  INDICATES RECORD WAS SET OR TIED.
MM INDICATES DATA IS MISSING.
T  INDICATES TRACE AMOUNT.




$$
