000
CDUS43 KLMK 172032
CLILOU


CLIMATE REPORT
NATIONAL WEATHER SERVICE LOUISVILLE KY
431 PM EDT WED MAY 17 2017


...................................

...THE LOUISVILLE BOWMAN KY CLIMATE SUMMARY FOR MAY 17 2017...
VALID TODAY AS OF 0400 PM LOCAL TIME.

CLIMATE NORMAL PERIOD 1981 TO 2010
CLIMATE RECORD PERIOD 9999 TO 9999


WEATHER ITEM   OBSERVED TIME   RECORD YEAR NORMAL DEPARTURE LAST
                VALUE   (LST)  VALUE       VALUE  FROM      YEAR
                                                  NORMAL
..................................................................
TEMPERATURE (F)
 TODAY
  MAXIMUM         86    319 PM  MM      MM  77      9       54
  MINIMUM         67    357 AM  MM      MM  56     11       50
  AVERAGE         77                        66     11       52

PRECIPITATION (IN)
  TODAY            0.00         MM      MM   0.16  -0.16     0.57
  MONTH TO DATE    2.66                      2.99  -0.33     3.72
  SINCE MAR 1     11.35                     11.23   0.12    12.40
  SINCE JAN 1     17.37                     17.79  -0.42    18.29

SNOWFALL (IN)
  TODAY           MM            MM      MM  MM     MM       MM
  MONTH TO DATE   MM                        MM     MM       MM
  SINCE MAR 1     MM                        MM     MM       MM
  SINCE JUL 1     MM                        MM     MM       MM
  SNOW DEPTH      MM

DEGREE DAYS
 HEATING
  TODAY            0                         2     -2       13
  MONTH TO DATE   75                        55     20       88
  SINCE MAR 1    657                       885   -228      683
  SINCE JUL 1   3219                      4246  -1027     3470

 COOLING
  TODAY           12                         4      8        0
  MONTH TO DATE   57                        42     15       29
  SINCE MAR 1    154                        76     78       67
  SINCE JAN 1    157                        76     81       67
..................................................................


WIND (MPH)
  HIGHEST WIND SPEED    22   HIGHEST WIND DIRECTION     S (190)
  HIGHEST GUST SPEED    33   HIGHEST GUST DIRECTION     S (190)
  AVERAGE WIND SPEED     6.9


SKY COVER
  POSSIBLE SUNSHINE  MM
  AVERAGE SKY COVER 0.2


WEATHER CONDITIONS
 THE FOLLOWING WEATHER WAS RECORDED TODAY.
  NO SIGNIFICANT WEATHER WAS OBSERVED.


RELATIVE HUMIDITY (PERCENT)
 HIGHEST    76           400 AM
 LOWEST     48           300 PM
 AVERAGE    62

..........................................................




SUNRISE AND SUNSET
MAY 17 2017...........SUNRISE   630 AM EDT   SUNSET   849 PM EDT
MAY 18 2017...........SUNRISE   629 AM EDT   SUNSET   850 PM EDT


-  INDICATES NEGATIVE NUMBERS.
R  INDICATES RECORD WAS SET OR TIED.
MM INDICATES DATA IS MISSING.
T  INDICATES TRACE AMOUNT.




$$
