000
CDUS43 KLMK 162027
CLILOU


CLIMATE REPORT
NATIONAL WEATHER SERVICE LOUISVILLE KY
427 PM EDT SAT MAY 16 2015


...................................

...THE LOUISVILLE BOWMAN KY CLIMATE SUMMARY FOR MAY 16 2015...
VALID TODAY AS OF 0400 PM LOCAL TIME.

CLIMATE NORMAL PERIOD 1981 TO 2010
CLIMATE RECORD PERIOD 9999 TO 9999


WEATHER ITEM   OBSERVED TIME   RECORD YEAR NORMAL DEPARTURE LAST
                VALUE   (LST)  VALUE       VALUE  FROM      YEAR
                                                  NORMAL
..................................................................
TEMPERATURE (F)
 TODAY
  MAXIMUM         74   1200 AM  MM      MM  76     -2       62
  MINIMUM         69    730 AM  MM      MM  56     13       45
  AVERAGE         72                        66      6       54

PRECIPITATION (IN)
  TODAY            0.23         MM      MM   0.17   0.06     0.10
  MONTH TO DATE    1.02                      2.83  -1.81     3.33
  SINCE MAR 1     17.59                     11.07   6.52    12.97
  SINCE JAN 1     20.37                     17.63   2.74    18.74

SNOWFALL (IN)
  TODAY           MM            MM      MM  MM     MM       MM
  MONTH TO DATE   MM                        MM     MM       MM
  SINCE MAR 1     MM                        MM     MM       MM
  SINCE JUL 1     MM                        MM     MM       MM
  SNOW DEPTH      MM

DEGREE DAYS
 HEATING
  TODAY            0                         2     -2       11
  MONTH TO DATE   14                        53    -39       41
  SINCE MAR 1    808                       883    -75      873
  SINCE JUL 1   4592                      4244    348     4682

 COOLING
  TODAY            7                         4      3        0
  MONTH TO DATE   91                        38     53       90
  SINCE MAR 1    112                        72     40      124
  SINCE JAN 1    112                        72     40      124
..................................................................


WIND (MPH)
  HIGHEST WIND SPEED    10   HIGHEST WIND DIRECTION     S (160)
  HIGHEST GUST SPEED    18   HIGHEST GUST DIRECTION     S (180)
  AVERAGE WIND SPEED     5.7


SKY COVER
  POSSIBLE SUNSHINE  MM
  AVERAGE SKY COVER 0.6


WEATHER CONDITIONS
 THE FOLLOWING WEATHER WAS RECORDED TODAY.
  RAIN
  LIGHT RAIN
  FOG


RELATIVE HUMIDITY (PERCENT)
 HIGHEST    97           100 PM
 LOWEST     68           200 AM
 AVERAGE    83

..........................................................




SUNRISE AND SUNSET
MAY 16 2015...........SUNRISE   631 AM EDT   SUNSET   847 PM EDT
MAY 17 2015...........SUNRISE   630 AM EDT   SUNSET   848 PM EDT


-  INDICATES NEGATIVE NUMBERS.
R  INDICATES RECORD WAS SET OR TIED.
MM INDICATES DATA IS MISSING.
T  INDICATES TRACE AMOUNT.




$$
