000
CDUS43 KLMK 122029
CLILOU


CLIMATE REPORT
NATIONAL WEATHER SERVICE LOUISVILLE KY
429 PM EDT TUE SEP 12 2017


...................................

...THE LOUISVILLE BOWMAN KY CLIMATE SUMMARY FOR SEPTEMBER 12 2017...
VALID TODAY AS OF 0400 PM LOCAL TIME.

CLIMATE NORMAL PERIOD 1981 TO 2010
CLIMATE RECORD PERIOD 9999 TO 9999


WEATHER ITEM   OBSERVED TIME   RECORD YEAR NORMAL DEPARTURE LAST
                VALUE   (LST)  VALUE       VALUE  FROM      YEAR
                                                  NORMAL
..................................................................
TEMPERATURE (F)
 TODAY
  MAXIMUM         75    254 PM  MM      MM  82     -7       84
  MINIMUM         59    658 AM  MM      MM  61     -2       57
  AVERAGE         67                        71     -4       71

PRECIPITATION (IN)
  TODAY            0.22         MM      MM   0.10   0.12     0.00
  MONTH TO DATE    3.92                      1.17   2.75     0.67
  SINCE SEP 1      3.92                      1.17   2.75     0.67
  SINCE JAN 1     33.65                     32.71   0.94    36.24

SNOWFALL (IN)
  TODAY           MM            MM      MM  MM     MM       MM
  MONTH TO DATE   MM                        MM     MM       MM
  SINCE SEP 1     MM                        MM     MM       MM
  SINCE JUL 1     MM                        MM     MM       MM
  SNOW DEPTH      MM

DEGREE DAYS
 HEATING
  TODAY            0                         0      0        0
  MONTH TO DATE   19                         0     19        0
  SINCE SEP 1     19                         0     19        0
  SINCE JUL 1     19                         0     19        0

 COOLING
  TODAY            2                         7     -5        6
  MONTH TO DATE   19                       102    -83      138
  SINCE SEP 1     19                       102    -83      138
  SINCE JAN 1   1353                      1341     12     1612
..................................................................


WIND (MPH)
  HIGHEST WIND SPEED    20   HIGHEST WIND DIRECTION    NE (60)
  HIGHEST GUST SPEED    27   HIGHEST GUST DIRECTION     E (70)
  AVERAGE WIND SPEED    11.4


SKY COVER
  POSSIBLE SUNSHINE  MM
  AVERAGE SKY COVER 0.8


WEATHER CONDITIONS
 THE FOLLOWING WEATHER WAS RECORDED TODAY.
  HEAVY RAIN
  RAIN
  LIGHT RAIN
  FOG


RELATIVE HUMIDITY (PERCENT)
 HIGHEST    97           800 AM
 LOWEST     67           200 AM
 AVERAGE    82

..........................................................




SUNRISE AND SUNSET
SEPTEMBER 12 2017.....SUNRISE   722 AM EDT   SUNSET   755 PM EDT
SEPTEMBER 13 2017.....SUNRISE   723 AM EDT   SUNSET   753 PM EDT


-  INDICATES NEGATIVE NUMBERS.
R  INDICATES RECORD WAS SET OR TIED.
MM INDICATES DATA IS MISSING.
T  INDICATES TRACE AMOUNT.




$$
