232
CDUS43 KLMK 182126
CLILOU


CLIMATE REPORT
NATIONAL WEATHER SERVICE LOUISVILLE KY
425 PM EST SAT NOV 18 2017


...................................

...THE LOUISVILLE BOWMAN KY CLIMATE SUMMARY FOR NOVEMBER 18 2017...
VALID TODAY AS OF 0400 PM LOCAL TIME.

CLIMATE NORMAL PERIOD 1981 TO 2010
CLIMATE RECORD PERIOD 9999 TO 9999


WEATHER ITEM   OBSERVED TIME   RECORD YEAR NORMAL DEPARTURE LAST
                VALUE   (LST)  VALUE       VALUE  FROM      YEAR
                                                  NORMAL
..................................................................
TEMPERATURE (F)
 TODAY
  MAXIMUM         66    359 PM  MM      MM  55     11       79
  MINIMUM         55   1202 AM  MM      MM  38     17       50
  AVERAGE         61                        46     15       65

PRECIPITATION (IN)
  TODAY            T            MM      MM   0.12  -0.12      T
  MONTH TO DATE    2.54                      2.13   0.41     0.25
  SINCE SEP 1     12.77                      8.51   4.26     3.10
  SINCE JAN 1     42.50                     40.05   2.45    38.67

SNOWFALL (IN)
  TODAY            0.0          MM      MM  MM     MM       MM
  MONTH TO DATE    0.0                      MM     MM       MM
  SINCE SEP 1      0.0                      MM     MM       MM
  SINCE JUL 1      0.0                      MM     MM       MM
  SNOW DEPTH       0

DEGREE DAYS
 HEATING
  TODAY            4                        19    -15        0
  MONTH TO DATE  262                       272    -10      184
  SINCE SEP 1    498                       548    -50      297
  SINCE JUL 1    498                       548    -50      297

 COOLING
  TODAY            0                         0      0        0
  MONTH TO DATE    7                         0      7       12
  SINCE SEP 1    235                       203     32      408
  SINCE JAN 1   1569                      1442    127     1882
..................................................................


WIND (MPH)
  HIGHEST WIND SPEED    29   HIGHEST WIND DIRECTION     S (200)
  HIGHEST GUST SPEED    44   HIGHEST GUST DIRECTION     S (170)
  AVERAGE WIND SPEED    18.7


SKY COVER
  POSSIBLE SUNSHINE  MM
  AVERAGE SKY COVER 0.9


WEATHER CONDITIONS
 THE FOLLOWING WEATHER WAS RECORDED TODAY.
  LIGHT RAIN


RELATIVE HUMIDITY (PERCENT)
 HIGHEST    78          1000 AM
 LOWEST     46           200 AM
 AVERAGE    62

..........................................................




SUNRISE AND SUNSET
NOVEMBER 18 2017......SUNRISE   727 AM EST   SUNSET   528 PM EST
NOVEMBER 19 2017......SUNRISE   728 AM EST   SUNSET   527 PM EST


-  INDICATES NEGATIVE NUMBERS.
R  INDICATES RECORD WAS SET OR TIED.
MM INDICATES DATA IS MISSING.
T  INDICATES TRACE AMOUNT.




$$
