000
CDUS43 KLMK 272036
CLILOU


CLIMATE REPORT
NATIONAL WEATHER SERVICE LOUISVILLE KY
435 PM EDT SAT JUN 27 2015


...................................

...THE LOUISVILLE BOWMAN KY CLIMATE SUMMARY FOR JUNE 27 2015...
VALID TODAY AS OF 0400 PM LOCAL TIME.

CLIMATE NORMAL PERIOD 1981 TO 2010
CLIMATE RECORD PERIOD 9999 TO 9999


WEATHER ITEM   OBSERVED TIME   RECORD YEAR NORMAL DEPARTURE LAST
                VALUE   (LST)  VALUE       VALUE  FROM      YEAR
                                                  NORMAL
..................................................................
TEMPERATURE (F)
 TODAY
  MAXIMUM         78    321 PM  MM      MM  87     -9       91
  MINIMUM         66    937 AM  MM      MM  68     -2       70
  AVERAGE         72                        77     -5       81

PRECIPITATION (IN)
  TODAY            0.37         MM      MM   0.11   0.26      T
  MONTH TO DATE    6.59                      3.79   2.80     1.50
  SINCE JUN 1      6.59                      3.79   2.80     1.50
  SINCE JAN 1     28.21                     23.71   4.50    21.04

SNOWFALL (IN)
  TODAY           MM            MM      MM  MM     MM       MM
  MONTH TO DATE   MM                        MM     MM       MM
  SINCE JUN 1     MM                        MM     MM       MM
  SINCE JUL 1     MM                        MM     MM       MM
  SNOW DEPTH      MM

DEGREE DAYS
 HEATING
  TODAY            0                         0      0        0
  MONTH TO DATE    9                         2      7        0
  SINCE JUN 1      9                         2      7        0
  SINCE JUL 1   4623                      4267    356     4706

 COOLING
  TODAY            7                        12     -5       16
  MONTH TO DATE  330                       268     62      359
  SINCE JUN 1    330                       268     62      359
  SINCE JAN 1    529                       415    114      614
..................................................................


WIND (MPH)
  HIGHEST WIND SPEED    23   HIGHEST WIND DIRECTION    NW (310)
  HIGHEST GUST SPEED    30   HIGHEST GUST DIRECTION    NW (310)
  AVERAGE WIND SPEED    10.1


SKY COVER
  POSSIBLE SUNSHINE   0 PERCENT
  AVERAGE SKY COVER 0.0


WEATHER CONDITIONS
 THE FOLLOWING WEATHER WAS RECORDED TODAY.
  NO SIGNIFICANT WEATHER WAS OBSERVED.


RELATIVE HUMIDITY (PERCENT)
 HIGHEST     0          1200 AM
 LOWEST      0          1200 AM
 AVERAGE     0

..........................................................




SUNRISE AND SUNSET
JUNE 27 2015..........SUNRISE   621 AM EDT   SUNSET   910 PM EDT
JUNE 28 2015..........SUNRISE   622 AM EDT   SUNSET   910 PM EDT


-  INDICATES NEGATIVE NUMBERS.
R  INDICATES RECORD WAS SET OR TIED.
MM INDICATES DATA IS MISSING.
T  INDICATES TRACE AMOUNT.




$$
