000
CDUS43 KLMK 080637
CLILOU


CLIMATE REPORT
NATIONAL WEATHER SERVICE LOUISVILLE KY
236 AM EDT SUN OCT 8 2017


...................................

...THE LOUISVILLE BOWMAN KY CLIMATE SUMMARY FOR OCTOBER 7 2017...

CLIMATE NORMAL PERIOD 1981 TO 2010
CLIMATE RECORD PERIOD 9999 TO 9999


WEATHER ITEM   OBSERVED TIME   RECORD YEAR NORMAL DEPARTURE LAST
                VALUE   (LST)  VALUE       VALUE  FROM      YEAR
                                                  NORMAL
..................................................................
TEMPERATURE (F)
 YESTERDAY
  MAXIMUM         83   1257 PM  MM      MM  72     11       85
  MINIMUM         65    723 AM  MM      MM  50     15       56
  AVERAGE         74                        61     13       71

PRECIPITATION (IN)
  YESTERDAY        0.66         MM      MM   0.09   0.57     0.00
  MONTH TO DATE    0.66                      0.64   0.02     0.01
  SINCE SEP 1      5.76                      3.80   1.96     2.22
  SINCE JAN 1     35.49                     35.34   0.15    37.79

SNOWFALL (IN)
  YESTERDAY       MM            MM      MM  MM     MM       MM
  MONTH TO DATE   MM                        MM     MM       MM
  SINCE SEP 1     MM                        MM     MM       MM
  SINCE JUL 1     MM                        MM     MM       MM
  SNOW DEPTH      MM

DEGREE DAYS
 HEATING
  YESTERDAY        0                         6     -6        0
  MONTH TO DATE    3                        34    -31        2
  SINCE SEP 1     27                        70    -43       18
  SINCE JUL 1     27                        70    -43       18

 COOLING
  YESTERDAY        9                         2      7        6
  MONTH TO DATE   34                        14     20       36
  SINCE SEP 1    203                       188     15      336
  SINCE JAN 1   1537                      1427    110     1810
..................................................................


WIND (MPH)
  HIGHEST WIND SPEED    22   HIGHEST WIND DIRECTION     S (190)
  HIGHEST GUST SPEED    28   HIGHEST GUST DIRECTION     S (190)
  AVERAGE WIND SPEED     9.7


SKY COVER
  POSSIBLE SUNSHINE  MM
  AVERAGE SKY COVER 0.5


WEATHER CONDITIONS
 THE FOLLOWING WEATHER WAS RECORDED YESTERDAY.
  THUNDERSTORM
  HEAVY RAIN
  RAIN
  LIGHT RAIN
  FOG


RELATIVE HUMIDITY (PERCENT)
 HIGHEST    87           600 AM
 LOWEST     65           100 PM
 AVERAGE    76

..........................................................


THE LOUISVILLE BOWMAN KY CLIMATE NORMALS FOR TODAY
                         NORMAL
 MAXIMUM TEMPERATURE (F)   71
 MINIMUM TEMPERATURE (F)   50


SUNRISE AND SUNSET
OCTOBER  8 2017.......SUNRISE   745 AM EDT   SUNSET   715 PM EDT
OCTOBER  9 2017.......SUNRISE   746 AM EDT   SUNSET   713 PM EDT


-  INDICATES NEGATIVE NUMBERS.
R  INDICATES RECORD WAS SET OR TIED.
MM INDICATES DATA IS MISSING.
T  INDICATES TRACE AMOUNT.




$$
