000
CDUS43 KLMK 252028
CLILOU


CLIMATE REPORT
NATIONAL WEATHER SERVICE LOUISVILLE KY
428 PM EDT WED MAR 25 2015


...................................

...THE LOUISVILLE BOWMAN KY CLIMATE SUMMARY FOR MARCH 25 2015...
VALID TODAY AS OF 0400 PM LOCAL TIME.

CLIMATE NORMAL PERIOD 1981 TO 2010
CLIMATE RECORD PERIOD 9999 TO 9999


WEATHER ITEM   OBSERVED TIME   RECORD YEAR NORMAL DEPARTURE LAST
                VALUE   (LST)  VALUE       VALUE  FROM      YEAR
                                                  NORMAL
..................................................................
TEMPERATURE (F)
 TODAY
  MAXIMUM         74    256 PM  MM      MM  60     14       39
  MINIMUM         47    103 AM  MM      MM  40      7       28
  AVERAGE         61                        50     11       34

PRECIPITATION (IN)
  TODAY            0.01         MM      MM   0.14  -0.13      T
  MONTH TO DATE    6.19                      3.24   2.95     1.08
  SINCE MAR 1      6.19                      3.24   2.95     1.08
  SINCE JAN 1      8.97                      9.80  -0.83     6.85

SNOWFALL (IN)
  TODAY           MM            MM      MM  MM     MM       MM
  MONTH TO DATE   MM                        MM     MM       MM
  SINCE MAR 1     MM                        MM     MM       MM
  SINCE JUL 1     MM                        MM     MM       MM
  SNOW DEPTH      MM

DEGREE DAYS
 HEATING
  TODAY            4                        15    -11       31
  MONTH TO DATE  475                       477     -2      572
  SINCE MAR 1    475                       477     -2      572
  SINCE JUL 1   4259                      3838    421     4381

 COOLING
  TODAY            0                         0      0        0
  MONTH TO DATE    0                         0      0        0
  SINCE MAR 1      0                         0      0        0
  SINCE JAN 1      0                         0      0        0
..................................................................


WIND (MPH)
  HIGHEST WIND SPEED    20   HIGHEST WIND DIRECTION    SW (220)
  HIGHEST GUST SPEED    28   HIGHEST GUST DIRECTION    SW (220)
  AVERAGE WIND SPEED    10.8


SKY COVER
  POSSIBLE SUNSHINE  MM
  AVERAGE SKY COVER 0.5


WEATHER CONDITIONS
 THE FOLLOWING WEATHER WAS RECORDED TODAY.
  LIGHT RAIN


RELATIVE HUMIDITY (PERCENT)
 HIGHEST    86           100 AM
 LOWEST     41           300 PM
 AVERAGE    64

..........................................................




SUNRISE AND SUNSET
MARCH 25 2015.........SUNRISE   739 AM EDT   SUNSET   759 PM EDT
MARCH 26 2015.........SUNRISE   737 AM EDT   SUNSET   800 PM EDT


-  INDICATES NEGATIVE NUMBERS.
R  INDICATES RECORD WAS SET OR TIED.
MM INDICATES DATA IS MISSING.
T  INDICATES TRACE AMOUNT.




$$
