983
CDUS43 KLMK 082129
CLILOU


CLIMATE REPORT
NATIONAL WEATHER SERVICE LOUISVILLE KY
428 PM EST FRI DEC 8 2017


...................................

...THE LOUISVILLE BOWMAN KY CLIMATE SUMMARY FOR DECEMBER 8 2017...
VALID TODAY AS OF 0400 PM LOCAL TIME.

CLIMATE NORMAL PERIOD 1981 TO 2010
CLIMATE RECORD PERIOD 9999 TO 9999


WEATHER ITEM   OBSERVED TIME   RECORD YEAR NORMAL DEPARTURE LAST
                VALUE   (LST)  VALUE       VALUE  FROM      YEAR
                                                  NORMAL
..................................................................
TEMPERATURE (F)
 TODAY
  MAXIMUM         34    250 PM  MM      MM  47    -13       36
  MINIMUM         21    834 AM  MM      MM  31    -10       25
  AVERAGE         28                        39    -11       31

PRECIPITATION (IN)
  TODAY            0.00         MM      MM   0.15  -0.15      T
  MONTH TO DATE    0.92                      1.10  -0.18     0.99
  SINCE DEC 1      0.92                      1.10  -0.18     0.99
  SINCE JAN 1     43.70                     42.63   1.07    41.21

SNOWFALL (IN)
  TODAY           MM            MM      MM  MM     MM       MM
  MONTH TO DATE   MM                        MM     MM       MM
  SINCE DEC 1     MM                        MM     MM       MM
  SINCE JUL 1     MM                        MM     MM       MM
  SNOW DEPTH      MM

DEGREE DAYS
 HEATING
  TODAY           37                        26     11       34
  MONTH TO DATE  189                       201    -12      199
  SINCE DEC 1    189                       201    -12      199
  SINCE JUL 1    941                      1005    -64      727

 COOLING
  TODAY            0                         0      0        0
  MONTH TO DATE    0                         0      0        0
  SINCE DEC 1      0                         0      0        0
  SINCE JAN 1   1569                      1444    125     1882
..................................................................


WIND (MPH)
  HIGHEST WIND SPEED     9   HIGHEST WIND DIRECTION    SW (220)
  HIGHEST GUST SPEED    15   HIGHEST GUST DIRECTION     S (190)
  AVERAGE WIND SPEED     2.6


SKY COVER
  POSSIBLE SUNSHINE  MM
  AVERAGE SKY COVER 0.0


WEATHER CONDITIONS
 THE FOLLOWING WEATHER WAS RECORDED TODAY.
  NO SIGNIFICANT WEATHER WAS OBSERVED.


RELATIVE HUMIDITY (PERCENT)
 HIGHEST    92           600 AM
 LOWEST     35           300 PM
 AVERAGE    64

..........................................................




SUNRISE AND SUNSET
DECEMBER  8 2017......SUNRISE   747 AM EST   SUNSET   522 PM EST
DECEMBER  9 2017......SUNRISE   748 AM EST   SUNSET   522 PM EST


-  INDICATES NEGATIVE NUMBERS.
R  INDICATES RECORD WAS SET OR TIED.
MM INDICATES DATA IS MISSING.
T  INDICATES TRACE AMOUNT.




$$
