000
CDUS43 KLMK 122134
CLILOU


CLIMATE REPORT
NATIONAL WEATHER SERVICE LOUISVILLE KY
433 PM EST THU JAN 12 2017


...................................

...THE LOUISVILLE BOWMAN KY CLIMATE SUMMARY FOR JANUARY 12 2017...
VALID TODAY AS OF 0400 PM LOCAL TIME.

CLIMATE NORMAL PERIOD 1981 TO 2010
CLIMATE RECORD PERIOD 9999 TO 9999


WEATHER ITEM   OBSERVED TIME   RECORD YEAR NORMAL DEPARTURE LAST
                VALUE   (LST)  VALUE       VALUE  FROM      YEAR
                                                  NORMAL
..................................................................
TEMPERATURE (F)
 TODAY
  MAXIMUM         70    321 PM  MM      MM  42     28       37
  MINIMUM         56    415 PM  MM      MM  26     30       17
  AVERAGE         63                        34     29       27

PRECIPITATION (IN)
  TODAY            0.15         MM      MM   0.13   0.02     0.03
  MONTH TO DATE    1.35                      1.46  -0.11     0.46
  SINCE DEC 1      6.39                      5.47   0.92     6.58
  SINCE JAN 1      1.35                      1.46  -0.11     0.46

SNOWFALL (IN)
  TODAY           MM            MM      MM  MM     MM       MM
  MONTH TO DATE   MM                        MM     MM       MM
  SINCE DEC 1     MM                        MM     MM       MM
  SINCE JUL 1     MM                        MM     MM       MM
  SNOW DEPTH      MM

DEGREE DAYS
 HEATING
  TODAY            2                        31    -29       38
  MONTH TO DATE  338                       366    -28      350
  SINCE DEC 1   1178                      1226    -48      846
  SINCE JUL 1   1706                      2030   -324     1449

 COOLING
  TODAY            0                         0      0        0
  MONTH TO DATE    0                         0      0        0
  SINCE DEC 1      1                         0      1        3
  SINCE JAN 1      0                         0      0        0
..................................................................


WIND (MPH)
  HIGHEST WIND SPEED    24   HIGHEST WIND DIRECTION     S (200)
  HIGHEST GUST SPEED    36   HIGHEST GUST DIRECTION     S (200)
  AVERAGE WIND SPEED    15.9


SKY COVER
  POSSIBLE SUNSHINE  MM
  AVERAGE SKY COVER 1.0


WEATHER CONDITIONS
 THE FOLLOWING WEATHER WAS RECORDED TODAY.
  HEAVY RAIN
  RAIN
  LIGHT RAIN
  FOG


RELATIVE HUMIDITY (PERCENT)
 HIGHEST    73           600 AM
 LOWEST     63           400 AM
 AVERAGE    68

..........................................................




SUNRISE AND SUNSET
JANUARY 12 2017.......SUNRISE   759 AM EST   SUNSET   544 PM EST
JANUARY 13 2017.......SUNRISE   758 AM EST   SUNSET   545 PM EST


-  INDICATES NEGATIVE NUMBERS.
R  INDICATES RECORD WAS SET OR TIED.
MM INDICATES DATA IS MISSING.
T  INDICATES TRACE AMOUNT.




$$
