000
CDUS43 KLMK 122036
CLILOU


CLIMATE REPORT
NATIONAL WEATHER SERVICE LOUISVILLE KY
435 PM EDT TUE AUG 12 2014


...................................

...THE LOUISVILLE BOWMAN KY CLIMATE SUMMARY FOR AUGUST 12 2014...
VALID TODAY AS OF 0400 PM LOCAL TIME.

CLIMATE NORMAL PERIOD 1981 TO 2010
CLIMATE RECORD PERIOD 9999 TO 9999


WEATHER ITEM   OBSERVED TIME   RECORD YEAR NORMAL DEPARTURE LAST
                VALUE   (LST)  VALUE       VALUE  FROM      YEAR
                                                  NORMAL
..................................................................
TEMPERATURE (F)
 TODAY
  MAXIMUM         79    239 PM  MM      MM  88     -9       82
  MINIMUM         69    524 AM  MM      MM  69      0       67
  AVERAGE         74                        78     -4       75

PRECIPITATION (IN)
  TODAY            0.00         MM      MM   0.10  -0.10     0.80
  MONTH TO DATE    1.58                      1.38   0.20     1.75
  SINCE JUN 1      6.90                      9.69  -2.79    16.40
  SINCE JAN 1     26.44                     29.61  -3.17    35.13

SNOWFALL (IN)
  TODAY           MM            MM      MM  MM     MM       MM
  MONTH TO DATE   MM                        MM     MM       MM
  SINCE JUN 1     MM                        MM     MM       MM
  SINCE JUL 1     MM                        MM     MM       MM
  SNOW DEPTH      MM

DEGREE DAYS
 HEATING
  TODAY            0                         0      0        0
  MONTH TO DATE    0                         0      0        0
  SINCE JUN 1      0                         3     -3        0
  SINCE JUL 1      0                         0      0        0

 COOLING
  TODAY            9                        13     -4       10
  MONTH TO DATE  133                       156    -23      143
  SINCE JUN 1    843                       859    -16      785
  SINCE JAN 1   1098                      1006     92      971
..................................................................


WIND (MPH)
  HIGHEST WIND SPEED    20   HIGHEST WIND DIRECTION     W (280)
  HIGHEST GUST SPEED    24   HIGHEST GUST DIRECTION     W (280)
  AVERAGE WIND SPEED    MM


SKY COVER
  POSSIBLE SUNSHINE  MM
  AVERAGE SKY COVER 0.5


WEATHER CONDITIONS
 THE FOLLOWING WEATHER WAS RECORDED TODAY.
  FOG


RELATIVE HUMIDITY (PERCENT)
 HIGHEST   100           300 AM
 LOWEST     52           200 PM
 AVERAGE    76

..........................................................




SUNRISE AND SUNSET
AUGUST 12 2014........SUNRISE   655 AM EDT   SUNSET   840 PM EDT
AUGUST 13 2014........SUNRISE   656 AM EDT   SUNSET   839 PM EDT


-  INDICATES NEGATIVE NUMBERS.
R  INDICATES RECORD WAS SET OR TIED.
MM INDICATES DATA IS MISSING.
T  INDICATES TRACE AMOUNT.




$$
