000
CDUS43 KLMK 132033
CLILOU


CLIMATE REPORT
NATIONAL WEATHER SERVICE LOUISVILLE KY
430 PM EDT SUN APR 13 2014


...................................

...THE LOUISVILLE BOWMAN KY CLIMATE SUMMARY FOR APRIL 13 2014...
VALID TODAY AS OF 0400 PM LOCAL TIME.

CLIMATE NORMAL PERIOD 1981 TO 2010
CLIMATE RECORD PERIOD 9999 TO 9999


WEATHER ITEM   OBSERVED TIME   RECORD YEAR NORMAL DEPARTURE LAST
                VALUE   (LST)  VALUE       VALUE  FROM      YEAR
                                                  NORMAL
..................................................................
TEMPERATURE (F)
 TODAY
  MAXIMUM         85    309 PM  MM      MM  66     19       62
  MINIMUM         71    714 AM  MM      MM  46     25       37
  AVERAGE         78                        56     22       50

PRECIPITATION (IN)
  TODAY            0.00         MM      MM   0.12  -0.12     0.00
  MONTH TO DATE    3.81                      1.53   2.28     1.05
  SINCE MAR 1      5.99                      5.69   0.30     5.18
  SINCE JAN 1     11.76                     12.25  -0.49    11.89

SNOWFALL (IN)
  TODAY           MM            MM      MM  MM     MM       MM
  MONTH TO DATE   MM                        MM     MM       MM
  SINCE MAR 1     MM                        MM     MM       MM
  SINCE JUL 1     MM                        MM     MM       MM
  SNOW DEPTH      MM

DEGREE DAYS
 HEATING
  TODAY            0                        10    -10       15
  MONTH TO DATE   77                       150    -73      146
  SINCE MAR 1    754                       712     42      909
  SINCE JUL 1   4563                      4073    490     4139

 COOLING
  TODAY           13                         1     12        0
  MONTH TO DATE   21                        13      8       17
  SINCE MAR 1     21                        17      4       17
  SINCE JAN 1     21                        17      4       17
..................................................................


WIND (MPH)
  HIGHEST WIND SPEED    22   HIGHEST WIND DIRECTION     S (190)
  HIGHEST GUST SPEED    33   HIGHEST GUST DIRECTION     S (200)
  AVERAGE WIND SPEED    MM


SKY COVER
  POSSIBLE SUNSHINE  MM
  AVERAGE SKY COVER 0.3


WEATHER CONDITIONS
 THE FOLLOWING WEATHER WAS RECORDED TODAY.
  NO SIGNIFICANT WEATHER WAS OBSERVED.


RELATIVE HUMIDITY (PERCENT)
 HIGHEST    57           800 AM
 LOWEST     32           300 PM
 AVERAGE    45

..........................................................




SUNRISE AND SUNSET
APRIL 13 2014.........SUNRISE   710 AM EDT   SUNSET   817 PM EDT
APRIL 14 2014.........SUNRISE   708 AM EDT   SUNSET   818 PM EDT


-  INDICATES NEGATIVE NUMBERS.
R  INDICATES RECORD WAS SET OR TIED.
MM INDICATES DATA IS MISSING.
T  INDICATES TRACE AMOUNT.




$$
