000
CDUS43 KLMK 290634
CLILOU


CLIMATE REPORT
NATIONAL WEATHER SERVICE LOUISVILLE KY
133 AM EST TUE NOV 29 2016


...................................

...THE LOUISVILLE BOWMAN KY CLIMATE SUMMARY FOR NOVEMBER 28 2016...

CLIMATE NORMAL PERIOD 1981 TO 2010
CLIMATE RECORD PERIOD 9999 TO 9999


WEATHER ITEM   OBSERVED TIME   RECORD YEAR NORMAL DEPARTURE LAST
                VALUE   (LST)  VALUE       VALUE  FROM      YEAR
                                                  NORMAL
..................................................................
TEMPERATURE (F)
 YESTERDAY
  MAXIMUM         56   1039 PM  MM      MM  50      6       60
  MINIMUM         47    111 AM  MM      MM  34     13       45
  AVERAGE         52                        42     10       53

PRECIPITATION (IN)
  YESTERDAY        0.95         MM      MM   0.13   0.82     0.81
  MONTH TO DATE    1.80                      3.36  -1.56     4.99
  SINCE SEP 1      4.65                      9.74  -5.09    10.89
  SINCE JAN 1     40.22                     41.28  -1.06    51.56

SNOWFALL (IN)
  YESTERDAY       MM            MM      MM  MM     MM       MM
  MONTH TO DATE   MM                        MM     MM       MM
  SINCE SEP 1     MM                        MM     MM       MM
  SINCE JUL 1     MM                        MM     MM       MM
  SNOW DEPTH      MM

DEGREE DAYS
 HEATING
  YESTERDAY       13                        23    -10       12
  MONTH TO DATE  393                       481    -88      371
  SINCE SEP 1    506                       757   -251      567
  SINCE JUL 1    506                       757   -251      567

 COOLING
  YESTERDAY        0                         0      0        0
  MONTH TO DATE   12                         0     12        5
  SINCE SEP 1    408                       203    205      277
  SINCE JAN 1   1882                      1442    440     1574
..................................................................


WIND (MPH)
  HIGHEST WIND SPEED    20   HIGHEST WIND DIRECTION    SE (130)
  HIGHEST GUST SPEED    32   HIGHEST GUST DIRECTION    SE (140)
  AVERAGE WIND SPEED     7.9


SKY COVER
  POSSIBLE SUNSHINE  MM
  AVERAGE SKY COVER 0.8


WEATHER CONDITIONS
 THE FOLLOWING WEATHER WAS RECORDED YESTERDAY.
  RAIN
  LIGHT RAIN
  FOG


RELATIVE HUMIDITY (PERCENT)
 HIGHEST    89           600 PM
 LOWEST     41           600 AM
 AVERAGE    65

..........................................................


THE LOUISVILLE BOWMAN KY CLIMATE NORMALS FOR TODAY
                         NORMAL
 MAXIMUM TEMPERATURE (F)   50
 MINIMUM TEMPERATURE (F)   34


SUNRISE AND SUNSET
NOVEMBER 29 2016......SUNRISE   739 AM EST   SUNSET   523 PM EST
NOVEMBER 30 2016......SUNRISE   740 AM EST   SUNSET   523 PM EST


-  INDICATES NEGATIVE NUMBERS.
R  INDICATES RECORD WAS SET OR TIED.
MM INDICATES DATA IS MISSING.
T  INDICATES TRACE AMOUNT.




$$
