733
CDUS43 KLMK 220629
CLILOU


CLIMATE REPORT
NATIONAL WEATHER SERVICE LOUISVILLE KY
229 AM EDT SAT APR 22 2017


...................................

...THE LOUISVILLE BOWMAN KY CLIMATE SUMMARY FOR APRIL 21 2017...

CLIMATE NORMAL PERIOD 1981 TO 2010
CLIMATE RECORD PERIOD 9999 TO 9999


WEATHER ITEM   OBSERVED TIME   RECORD YEAR NORMAL DEPARTURE LAST
                VALUE   (LST)  VALUE       VALUE  FROM      YEAR
                                                  NORMAL
..................................................................
TEMPERATURE (F)
 YESTERDAY
  MAXIMUM         72   1239 AM  MM      MM  69      3       73
  MINIMUM         52   1145 PM  MM      MM  49      3       58
  AVERAGE         62                        59      3       66

PRECIPITATION (IN)
  YESTERDAY        0.30         MM      MM   0.14   0.16     0.30
  MONTH TO DATE    3.02                      2.61   0.41     1.30
  SINCE MAR 1      6.47                      6.77  -0.30     6.85
  SINCE JAN 1     12.49                     13.33  -0.84    12.74

SNOWFALL (IN)
  YESTERDAY       MM            MM      MM  MM     MM       MM
  MONTH TO DATE   MM                        MM     MM       MM
  SINCE MAR 1     MM                        MM     MM       MM
  SINCE JUL 1     MM                        MM     MM       MM
  SNOW DEPTH      MM

DEGREE DAYS
 HEATING
  YESTERDAY        3                         7     -4        0
  MONTH TO DATE   75                       216   -141      217
  SINCE MAR 1    555                       778   -223      582
  SINCE JUL 1   3117                      4139  -1022     3369

 COOLING
  YESTERDAY        0                         1     -1        1
  MONTH TO DATE   58                        21     37       15
  SINCE MAR 1     67                        25     42       19
  SINCE JAN 1     70                        25     45       19
..................................................................


WIND (MPH)
  HIGHEST WIND SPEED    18   HIGHEST WIND DIRECTION    NW (310)
  HIGHEST GUST SPEED    22   HIGHEST GUST DIRECTION    NW (310)
  AVERAGE WIND SPEED     5.5


SKY COVER
  POSSIBLE SUNSHINE  MM
  AVERAGE SKY COVER 0.6


WEATHER CONDITIONS
 THE FOLLOWING WEATHER WAS RECORDED YESTERDAY.
  RAIN
  LIGHT RAIN
  FOG


RELATIVE HUMIDITY (PERCENT)
 HIGHEST    93          1000 PM
 LOWEST     52           300 PM
 AVERAGE    73

..........................................................


THE LOUISVILLE BOWMAN KY CLIMATE NORMALS FOR TODAY
                         NORMAL
 MAXIMUM TEMPERATURE (F)   69
 MINIMUM TEMPERATURE (F)   49


SUNRISE AND SUNSET
APRIL 22 2017.........SUNRISE   657 AM EDT   SUNSET   826 PM EDT
APRIL 23 2017.........SUNRISE   656 AM EDT   SUNSET   827 PM EDT


-  INDICATES NEGATIVE NUMBERS.
R  INDICATES RECORD WAS SET OR TIED.
MM INDICATES DATA IS MISSING.
T  INDICATES TRACE AMOUNT.




$$
