742
CDUS43 KLMK 280627
CLILOU


CLIMATE REPORT
NATIONAL WEATHER SERVICE LOUISVILLE KY
227 AM EDT THU APR 28 2016


...................................

...THE LOUISVILLE BOWMAN KY CLIMATE SUMMARY FOR APRIL 27 2016...

CLIMATE NORMAL PERIOD 1981 TO 2010
CLIMATE RECORD PERIOD 9999 TO 9999


WEATHER ITEM   OBSERVED TIME   RECORD YEAR NORMAL DEPARTURE LAST
                VALUE   (LST)  VALUE       VALUE  FROM      YEAR
                                                  NORMAL
..................................................................
TEMPERATURE (F)
 YESTERDAY
  MAXIMUM         72   1125 AM  MM      MM  71      1       66
  MINIMUM         60    633 AM  MM      MM  51      9       39
  AVERAGE         66                        61      5       53

PRECIPITATION (IN)
  YESTERDAY        0.79         MM      MM   0.17   0.62     0.00
  MONTH TO DATE    2.60                      3.58  -0.98     9.83
  SINCE MAR 1      8.15                      7.74   0.41    16.57
  SINCE JAN 1     14.04                     14.30  -0.26    19.35

SNOWFALL (IN)
  YESTERDAY       MM            MM      MM  MM     MM       MM
  MONTH TO DATE   MM                        MM     MM       MM
  SINCE MAR 1     MM                        MM     MM       MM
  SINCE JUL 1     MM                        MM     MM       MM
  SNOW DEPTH      MM

DEGREE DAYS
 HEATING
  YESTERDAY        0                         6     -6       12
  MONTH TO DATE  226                       254    -28      174
  SINCE MAR 1    591                       816   -225      766
  SINCE JUL 1   3378                      4177   -799     4550

 COOLING
  YESTERDAY        1                         1      0        0
  MONTH TO DATE   29                        27      2       21
  SINCE MAR 1     33                        31      2       21
  SINCE JAN 1     33                        31      2       21
..................................................................


WIND (MPH)
  HIGHEST WIND SPEED    22   HIGHEST WIND DIRECTION    SW (220)
  HIGHEST GUST SPEED    32   HIGHEST GUST DIRECTION    SW (230)
  AVERAGE WIND SPEED     3.9


SKY COVER
  POSSIBLE SUNSHINE  MM
  AVERAGE SKY COVER 0.8


WEATHER CONDITIONS
 THE FOLLOWING WEATHER WAS RECORDED YESTERDAY.
  THUNDERSTORM
  HEAVY RAIN
  RAIN
  LIGHT RAIN
  FOG


RELATIVE HUMIDITY (PERCENT)
 HIGHEST    97           600 AM
 LOWEST     79          1100 AM
 AVERAGE    88

..........................................................


THE LOUISVILLE BOWMAN KY CLIMATE NORMALS FOR TODAY
                         NORMAL
 MAXIMUM TEMPERATURE (F)   71
 MINIMUM TEMPERATURE (F)   51


SUNRISE AND SUNSET
APRIL 28 2016.........SUNRISE   649 AM EDT   SUNSET   832 PM EDT
APRIL 29 2016.........SUNRISE   648 AM EDT   SUNSET   833 PM EDT


-  INDICATES NEGATIVE NUMBERS.
R  INDICATES RECORD WAS SET OR TIED.
MM INDICATES DATA IS MISSING.
T  INDICATES TRACE AMOUNT.




$$
