000
CDUS43 KLMK 220633
CLILOU


CLIMATE REPORT
NATIONAL WEATHER SERVICE LOUISVILLE KY
232 AM EDT MON JUN 22 2015


...................................

...THE LOUISVILLE BOWMAN KY CLIMATE SUMMARY FOR JUNE 21 2015...

CLIMATE NORMAL PERIOD 1981 TO 2010
CLIMATE RECORD PERIOD 9999 TO 9999


WEATHER ITEM   OBSERVED TIME   RECORD YEAR NORMAL DEPARTURE LAST
                VALUE   (LST)  VALUE       VALUE  FROM      YEAR
                                                  NORMAL
..................................................................
TEMPERATURE (F)
 YESTERDAY
  MAXIMUM         89    439 PM  MM      MM  86      3       90
  MINIMUM         71   1154 PM  MM      MM  67      4       70
  AVERAGE         80                        77      3       80

PRECIPITATION (IN)
  YESTERDAY        0.11         MM      MM   0.11   0.00     0.00
  MONTH TO DATE    4.71                      3.12   1.59     1.06
  SINCE JUN 1      4.71                      3.12   1.59     1.06
  SINCE JAN 1     26.33                     23.04   3.29    20.60

SNOWFALL (IN)
  YESTERDAY       MM            MM      MM  MM     MM       MM
  MONTH TO DATE   MM                        MM     MM       MM
  SINCE JUN 1     MM                        MM     MM       MM
  SINCE JUL 1     MM                        MM     MM       MM
  SNOW DEPTH      MM

DEGREE DAYS
 HEATING
  YESTERDAY        0                         0      0        0
  MONTH TO DATE    9                         2      7        0
  SINCE JUN 1      9                         2      7        0
  SINCE JUL 1   4623                      4267    356     4706

 COOLING
  YESTERDAY       15                        12      3       15
  MONTH TO DATE  253                       196     57      265
  SINCE JUN 1    253                       196     57      265
  SINCE JAN 1    452                       343    109      520
..................................................................


WIND (MPH)
  HIGHEST WIND SPEED    16   HIGHEST WIND DIRECTION     W (290)
  HIGHEST GUST SPEED    22   HIGHEST GUST DIRECTION     W (290)
  AVERAGE WIND SPEED     6.8


SKY COVER
  POSSIBLE SUNSHINE  MM
  AVERAGE SKY COVER 0.2


WEATHER CONDITIONS
 THE FOLLOWING WEATHER WAS RECORDED YESTERDAY.
  THUNDERSTORM
  RAIN
  LIGHT RAIN
  FOG


RELATIVE HUMIDITY (PERCENT)
 HIGHEST    93           200 AM
 LOWEST     46           400 PM
 AVERAGE    70

..........................................................


THE LOUISVILLE BOWMAN KY CLIMATE NORMALS FOR TODAY
                         NORMAL
 MAXIMUM TEMPERATURE (F)   86
 MINIMUM TEMPERATURE (F)   67


SUNRISE AND SUNSET
JUNE 22 2015..........SUNRISE   620 AM EDT   SUNSET   909 PM EDT
JUNE 23 2015..........SUNRISE   620 AM EDT   SUNSET   910 PM EDT


-  INDICATES NEGATIVE NUMBERS.
R  INDICATES RECORD WAS SET OR TIED.
MM INDICATES DATA IS MISSING.
T  INDICATES TRACE AMOUNT.




$$
