000
CDUS43 KLMK 180633
CLILOU


CLIMATE REPORT
NATIONAL WEATHER SERVICE LOUISVILLE KY
131 AM EST TUE NOV 18 2014


...................................

...THE LOUISVILLE BOWMAN KY CLIMATE SUMMARY FOR NOVEMBER 17 2014...

CLIMATE NORMAL PERIOD 1981 TO 2010
CLIMATE RECORD PERIOD 9999 TO 9999


WEATHER ITEM   OBSERVED TIME   RECORD YEAR NORMAL DEPARTURE LAST
                VALUE   (LST)  VALUE       VALUE  FROM      YEAR
                                                  NORMAL
..................................................................
TEMPERATURE (F)
 YESTERDAY
  MAXIMUM         33    348 AM  MM      MM  56    -23       69
  MINIMUM         19   1159 PM  MM      MM  38    -19       49
  AVERAGE         26                        47    -21       59

PRECIPITATION (IN)
  YESTERDAY        0.20         MM      MM   0.13   0.07     2.63
  MONTH TO DATE    0.73                      2.01  -1.28     3.12
  SINCE SEP 1      8.15                      8.39  -0.24    16.46
  SINCE JAN 1     38.61                     39.93  -1.32    53.52

SNOWFALL (IN)
  YESTERDAY       MM            MM      MM  MM     MM       MM
  MONTH TO DATE   MM                        MM     MM       MM
  SINCE SEP 1     MM                        MM     MM       MM
  SINCE JUL 1     MM                        MM     MM       MM
  SNOW DEPTH      MM

DEGREE DAYS
 HEATING
  YESTERDAY       39                        18     21        6
  MONTH TO DATE  390                       253    137      284
  SINCE SEP 1    651                       529    122      557
  SINCE JUL 1    651                       529    122      557

 COOLING
  YESTERDAY        0                         0      0        0
  MONTH TO DATE    0                         0      0        0
  SINCE SEP 1    191                       203    -12      243
  SINCE JAN 1   1536                      1442     94     1446
..................................................................


WIND (MPH)
  HIGHEST WIND SPEED    21   HIGHEST WIND DIRECTION     W (260)
  HIGHEST GUST SPEED    29   HIGHEST GUST DIRECTION     W (260)
  AVERAGE WIND SPEED    11.3


SKY COVER
  POSSIBLE SUNSHINE  MM
  AVERAGE SKY COVER 0.9


WEATHER CONDITIONS
 THE FOLLOWING WEATHER WAS RECORDED YESTERDAY.
  RAIN
  LIGHT RAIN
  SNOW
  LIGHT SNOW
  FOG
  HAZE


RELATIVE HUMIDITY (PERCENT)
 HIGHEST    96          1200 AM
 LOWEST     68           200 PM
 AVERAGE    82

..........................................................


THE LOUISVILLE BOWMAN KY CLIMATE NORMALS FOR TODAY
                         NORMAL
 MAXIMUM TEMPERATURE (F)   55
 MINIMUM TEMPERATURE (F)   38


SUNRISE AND SUNSET
NOVEMBER 18 2014......SUNRISE   727 AM EST   SUNSET   528 PM EST
NOVEMBER 19 2014......SUNRISE   728 AM EST   SUNSET   528 PM EST


-  INDICATES NEGATIVE NUMBERS.
R  INDICATES RECORD WAS SET OR TIED.
MM INDICATES DATA IS MISSING.
T  INDICATES TRACE AMOUNT.




$$
