000
CDUS43 KLMK 212136
CLILOU


CLIMATE REPORT
NATIONAL WEATHER SERVICE LOUISVILLE KY
436 PM EST MON NOV 21 2016


...................................

...THE LOUISVILLE BOWMAN KY CLIMATE SUMMARY FOR NOVEMBER 21 2016...
VALID TODAY AS OF 0400 PM LOCAL TIME.

CLIMATE NORMAL PERIOD 1981 TO 2010
CLIMATE RECORD PERIOD 9999 TO 9999


WEATHER ITEM   OBSERVED TIME   RECORD YEAR NORMAL DEPARTURE LAST
                VALUE   (LST)  VALUE       VALUE  FROM      YEAR
                                                  NORMAL
..................................................................
TEMPERATURE (F)
 TODAY
  MAXIMUM         47    349 PM  MM      MM  54     -7       57
  MINIMUM         24    640 AM  MM      MM  37    -13       34
  AVERAGE         36                        45     -9       46

PRECIPITATION (IN)
  TODAY            0.00         MM      MM   0.12  -0.12     0.09
  MONTH TO DATE    0.47                      2.49  -2.02     4.09
  SINCE SEP 1      3.32                      8.87  -5.55     9.99
  SINCE JAN 1     38.89                     40.41  -1.52    50.66

SNOWFALL (IN)
  TODAY           MM            MM      MM  MM     MM       MM
  MONTH TO DATE   MM                        MM     MM       MM
  SINCE SEP 1     MM                        MM     MM       MM
  SINCE JUL 1     MM                        MM     MM       MM
  SNOW DEPTH      MM

DEGREE DAYS
 HEATING
  TODAY           29                        20      9       19
  MONTH TO DATE  260                       330    -70      250
  SINCE SEP 1    373                       606   -233      446
  SINCE JUL 1    373                       606   -233      446

 COOLING
  TODAY            0                         0      0        0
  MONTH TO DATE   12                         0     12        5
  SINCE SEP 1    408                       203    205      277
  SINCE JAN 1   1882                      1442    440     1574
..................................................................


WIND (MPH)
  HIGHEST WIND SPEED     9   HIGHEST WIND DIRECTION    NW (310)
  HIGHEST GUST SPEED    12   HIGHEST GUST DIRECTION    NW (300)
  AVERAGE WIND SPEED     1.6


SKY COVER
  POSSIBLE SUNSHINE  MM
  AVERAGE SKY COVER 0.0


WEATHER CONDITIONS
 THE FOLLOWING WEATHER WAS RECORDED TODAY.
  NO SIGNIFICANT WEATHER WAS OBSERVED.


RELATIVE HUMIDITY (PERCENT)
 HIGHEST    81           800 AM
 LOWEST     37           400 PM
 AVERAGE    59

..........................................................




SUNRISE AND SUNSET
NOVEMBER 21 2016......SUNRISE   731 AM EST   SUNSET   526 PM EST
NOVEMBER 22 2016......SUNRISE   732 AM EST   SUNSET   526 PM EST


-  INDICATES NEGATIVE NUMBERS.
R  INDICATES RECORD WAS SET OR TIED.
MM INDICATES DATA IS MISSING.
T  INDICATES TRACE AMOUNT.




$$
