000
CDUS43 KLMK 090637
CLILOU


CLIMATE REPORT
NATIONAL WEATHER SERVICE LOUISVILLE KY
137 AM EST MON JAN 9 2017


...................................

...THE LOUISVILLE BOWMAN KY CLIMATE SUMMARY FOR JANUARY 8 2017...

CLIMATE NORMAL PERIOD 1981 TO 2010
CLIMATE RECORD PERIOD 9999 TO 9999


WEATHER ITEM   OBSERVED TIME   RECORD YEAR NORMAL DEPARTURE LAST
                VALUE   (LST)  VALUE       VALUE  FROM      YEAR
                                                  NORMAL
..................................................................
TEMPERATURE (F)
 YESTERDAY
  MAXIMUM         25    324 PM  MM      MM  42    -17       55
  MINIMUM         10    801 AM  MM      MM  27    -17       44
  AVERAGE         18                        34    -16       50

PRECIPITATION (IN)
  YESTERDAY        0.00         MM      MM   0.11  -0.11     0.27
  MONTH TO DATE    0.49                      0.98  -0.49     0.27
  SINCE DEC 1      5.53                      4.99   0.54     6.39
  SINCE JAN 1      0.49                      0.98  -0.49     0.27

SNOWFALL (IN)
  YESTERDAY       MM            MM      MM  MM     MM       MM
  MONTH TO DATE   MM                        MM     MM       MM
  SINCE DEC 1     MM                        MM     MM       MM
  SINCE JUL 1     MM                        MM     MM       MM
  SNOW DEPTH      MM

DEGREE DAYS
 HEATING
  YESTERDAY       47                        31     16       15
  MONTH TO DATE  271                       242     29      224
  SINCE DEC 1   1111                      1102      9      720
  SINCE JUL 1   1639                      1906   -267     1323

 COOLING
  YESTERDAY        0                         0      0        0
  MONTH TO DATE    0                         0      0        0
  SINCE DEC 1      1                         0      1        3
  SINCE JAN 1      0                         0      0        0
..................................................................


WIND (MPH)
  HIGHEST WIND SPEED    13   HIGHEST WIND DIRECTION     W (270)
  HIGHEST GUST SPEED    16   HIGHEST GUST DIRECTION     W (260)
  AVERAGE WIND SPEED     4.4


SKY COVER
  POSSIBLE SUNSHINE  MM
  AVERAGE SKY COVER 0.2


WEATHER CONDITIONS
 THE FOLLOWING WEATHER WAS RECORDED YESTERDAY.
  NO SIGNIFICANT WEATHER WAS OBSERVED.


RELATIVE HUMIDITY (PERCENT)
 HIGHEST    76           900 AM
 LOWEST     35           400 PM
 AVERAGE    56

..........................................................


THE LOUISVILLE BOWMAN KY CLIMATE NORMALS FOR TODAY
                         NORMAL
 MAXIMUM TEMPERATURE (F)   42
 MINIMUM TEMPERATURE (F)   26


SUNRISE AND SUNSET
JANUARY  9 2017.......SUNRISE   759 AM EST   SUNSET   541 PM EST
JANUARY 10 2017.......SUNRISE   759 AM EST   SUNSET   542 PM EST


-  INDICATES NEGATIVE NUMBERS.
R  INDICATES RECORD WAS SET OR TIED.
MM INDICATES DATA IS MISSING.
T  INDICATES TRACE AMOUNT.




$$
