000
CDUS43 KLMK 172029
CLILOU


CLIMATE REPORT
NATIONAL WEATHER SERVICE LOUISVILLE KY
429 PM EDT SUN APR 17 2016


...................................

...THE LOUISVILLE BOWMAN KY CLIMATE SUMMARY FOR APRIL 17 2016...
VALID TODAY AS OF 0400 PM LOCAL TIME.

CLIMATE NORMAL PERIOD 1981 TO 2010
CLIMATE RECORD PERIOD 9999 TO 9999


WEATHER ITEM   OBSERVED TIME   RECORD YEAR NORMAL DEPARTURE LAST
                VALUE   (LST)  VALUE       VALUE  FROM      YEAR
                                                  NORMAL
..................................................................
TEMPERATURE (F)
 TODAY
  MAXIMUM         82    259 PM  MM      MM  68     14       76
  MINIMUM         48    644 AM  MM      MM  48      0       59
  AVERAGE         65                        58      7       68

PRECIPITATION (IN)
  TODAY            0.00         MM      MM   0.14  -0.14     0.00
  MONTH TO DATE    1.00                      2.04  -1.04     8.64
  SINCE MAR 1      6.55                      6.20   0.35    15.38
  SINCE JAN 1     12.44                     12.76  -0.32    18.16

SNOWFALL (IN)
  TODAY           MM            MM      MM  MM     MM       MM
  MONTH TO DATE   MM                        MM     MM       MM
  SINCE MAR 1     MM                        MM     MM       MM
  SINCE JUL 1     MM                        MM     MM       MM
  SNOW DEPTH      MM

DEGREE DAYS
 HEATING
  TODAY            0                         8     -8        0
  MONTH TO DATE  217                       185     32       78
  SINCE MAR 1    582                       747   -165      670
  SINCE JUL 1   3369                      4108   -739     4454

 COOLING
  TODAY            0                         1     -1        3
  MONTH TO DATE    0                        17    -17       20
  SINCE MAR 1      4                        21    -17       20
  SINCE JAN 1      4                        21    -17       20
..................................................................


WIND (MPH)
  HIGHEST WIND SPEED    10   HIGHEST WIND DIRECTION    NE (60)
  HIGHEST GUST SPEED    13   HIGHEST GUST DIRECTION    NE (50)
  AVERAGE WIND SPEED     1.0


SKY COVER
  POSSIBLE SUNSHINE  MM
  AVERAGE SKY COVER 0.0


WEATHER CONDITIONS
 THE FOLLOWING WEATHER WAS RECORDED TODAY.
  NO SIGNIFICANT WEATHER WAS OBSERVED.


RELATIVE HUMIDITY (PERCENT)
 HIGHEST    80           600 AM
 LOWEST     18           200 PM
 AVERAGE    49

..........................................................




SUNRISE AND SUNSET
APRIL 17 2016.........SUNRISE   703 AM EDT   SUNSET   821 PM EDT
APRIL 18 2016.........SUNRISE   702 AM EDT   SUNSET   822 PM EDT


-  INDICATES NEGATIVE NUMBERS.
R  INDICATES RECORD WAS SET OR TIED.
MM INDICATES DATA IS MISSING.
T  INDICATES TRACE AMOUNT.




$$
