000
CDUS43 KLMK 152029
CLILOU


CLIMATE REPORT
NATIONAL WEATHER SERVICE LOUISVILLE KY
429 PM EDT SUN OCT 15 2017


...................................

...THE LOUISVILLE BOWMAN KY CLIMATE SUMMARY FOR OCTOBER 15 2017...
VALID TODAY AS OF 0400 PM LOCAL TIME.

CLIMATE NORMAL PERIOD 1981 TO 2010
CLIMATE RECORD PERIOD 9999 TO 9999


WEATHER ITEM   OBSERVED TIME   RECORD YEAR NORMAL DEPARTURE LAST
                VALUE   (LST)  VALUE       VALUE  FROM      YEAR
                                                  NORMAL
..................................................................
TEMPERATURE (F)
 TODAY
  MAXIMUM         79   1239 PM  MM      MM  69     10       81
  MINIMUM         62    259 PM  MM      MM  48     14       61
  AVERAGE         71                        58     13       71

PRECIPITATION (IN)
  TODAY            0.02         MM      MM   0.12  -0.10     0.00
  MONTH TO DATE    3.03                      1.55   1.48     0.01
  SINCE SEP 1      8.13                      4.71   3.42     2.22
  SINCE JAN 1     37.86                     36.25   1.61    37.79

SNOWFALL (IN)
  TODAY           MM            MM      MM  MM     MM       MM
  MONTH TO DATE   MM                        MM     MM       MM
  SINCE SEP 1     MM                        MM     MM       MM
  SINCE JUL 1     MM                        MM     MM       MM
  SNOW DEPTH      MM

DEGREE DAYS
 HEATING
  TODAY            0                         7     -7        0
  MONTH TO DATE    7                        87    -80       28
  SINCE SEP 1     31                       123    -92       44
  SINCE JUL 1     31                       123    -92       44

 COOLING
  TODAY            6                         1      5        6
  MONTH TO DATE   60                        22     38       44
  SINCE SEP 1    229                       196     33      344
  SINCE JAN 1   1563                      1435    128     1818
..................................................................


WIND (MPH)
  HIGHEST WIND SPEED    32   HIGHEST WIND DIRECTION     W (290)
  HIGHEST GUST SPEED    42   HIGHEST GUST DIRECTION     W (280)
  AVERAGE WIND SPEED    12.2


SKY COVER
  POSSIBLE SUNSHINE  MM
  AVERAGE SKY COVER 0.5


WEATHER CONDITIONS
 THE FOLLOWING WEATHER WAS RECORDED TODAY.
  LIGHT RAIN
  FOG


RELATIVE HUMIDITY (PERCENT)
 HIGHEST    90           200 AM
 LOWEST     60           100 PM
 AVERAGE    75

..........................................................




SUNRISE AND SUNSET
OCTOBER 15 2017.......SUNRISE   752 AM EDT   SUNSET   704 PM EDT
OCTOBER 16 2017.......SUNRISE   753 AM EDT   SUNSET   703 PM EDT


-  INDICATES NEGATIVE NUMBERS.
R  INDICATES RECORD WAS SET OR TIED.
MM INDICATES DATA IS MISSING.
T  INDICATES TRACE AMOUNT.




$$
