000
CDUS43 KLMK 092030
CLILOU

CLIMATE REPORT
NATIONAL WEATHER SERVICE LOUISVILLE KY
429 PM EDT WED APR 9 2014


...................................

...THE LOUISVILLE BOWMAN KY CLIMATE SUMMARY FOR APRIL 9 2014...
VALID TODAY AS OF 0400 PM LOCAL TIME.

CLIMATE NORMAL PERIOD 1981 TO 2010
CLIMATE RECORD PERIOD 9999 TO 9999


WEATHER ITEM   OBSERVED TIME   RECORD YEAR NORMAL DEPARTURE LAST
                VALUE   (LST)  VALUE       VALUE  FROM      YEAR
                                                  NORMAL
..................................................................
TEMPERATURE (F)
 TODAY
  MAXIMUM         65    300 PM  MM      MM  65      0       82
  MINIMUM         41        MM  MM      MM  45     -4       59
  AVERAGE         53                        55     -2       71

PRECIPITATION (IN)
  TODAY            0.00         MM      MM   0.12  -0.12     0.00
  MONTH TO DATE    3.81                      1.04   2.77      T
  SINCE MAR 1      5.99                      5.20   0.79     4.13
  SINCE JAN 1     11.76                     11.76   0.00    10.84

SNOWFALL (IN)
  TODAY           MM            MM      MM  MM     MM       MM
  MONTH TO DATE   MM                        MM     MM       MM
  SINCE MAR 1     MM                        MM     MM       MM
  SINCE JUL 1     MM                        MM     MM       MM
  SNOW DEPTH      MM

DEGREE DAYS
 HEATING
  TODAY           12                        11      1        0
  MONTH TO DATE   76                       109    -33      112
  SINCE MAR 1    753                       671     82      875
  SINCE JUL 1   4562                      4032    530     4105

 COOLING
  TODAY            0                         1     -1        6
  MONTH TO DATE    4                         9     -5        7
  SINCE MAR 1      4                        13     -9        7
  SINCE JAN 1      4                        13     -9        7
..................................................................


WIND (MPH)
  HIGHEST WIND SPEED    15   HIGHEST WIND DIRECTION     W (290)
  HIGHEST GUST SPEED    20   HIGHEST GUST DIRECTION     W (290)
  AVERAGE WIND SPEED     4.8


SKY COVER
  POSSIBLE SUNSHINE  MM
  AVERAGE SKY COVER 0.1


WEATHER CONDITIONS
 THE FOLLOWING WEATHER WAS RECORDED TODAY.
  FOG
  HAZE


RELATIVE HUMIDITY (PERCENT)
 HIGHEST    89           700 AM
 LOWEST     30           200 PM
 AVERAGE    60

..........................................................




SUNRISE AND SUNSET
APRIL  9 2014.........SUNRISE   716 AM EDT   SUNSET   813 PM EDT
APRIL 10 2014.........SUNRISE   714 AM EDT   SUNSET   814 PM EDT


-  INDICATES NEGATIVE NUMBERS.
R  INDICATES RECORD WAS SET OR TIED.
MM INDICATES DATA IS MISSING.
T  INDICATES TRACE AMOUNT.




$$
