000
CDUS43 KLMK 230631
CLILOU


CLIMATE REPORT
NATIONAL WEATHER SERVICE LOUISVILLE KY
231 AM EDT SAT APR 23 2016


...................................

...THE LOUISVILLE BOWMAN KY CLIMATE SUMMARY FOR APRIL 22 2016...

CLIMATE NORMAL PERIOD 1981 TO 2010
CLIMATE RECORD PERIOD 9999 TO 9999


WEATHER ITEM   OBSERVED TIME   RECORD YEAR NORMAL DEPARTURE LAST
                VALUE   (LST)  VALUE       VALUE  FROM      YEAR
                                                  NORMAL
..................................................................
TEMPERATURE (F)
 YESTERDAY
  MAXIMUM         70    543 PM  MM      MM  69      1       61
  MINIMUM         55    649 AM  MM      MM  49      6       45
  AVERAGE         63                        59      4       53

PRECIPITATION (IN)
  YESTERDAY        0.16         MM      MM   0.14   0.02     0.03
  MONTH TO DATE    1.46                      2.75  -1.29     9.52
  SINCE MAR 1      7.01                      6.91   0.10    16.26
  SINCE JAN 1     12.90                     13.47  -0.57    19.04

SNOWFALL (IN)
  YESTERDAY       MM            MM      MM  MM     MM       MM
  MONTH TO DATE   MM                        MM     MM       MM
  SINCE MAR 1     MM                        MM     MM       MM
  SINCE JUL 1     MM                        MM     MM       MM
  SNOW DEPTH      MM

DEGREE DAYS
 HEATING
  YESTERDAY        2                         7     -5       12
  MONTH TO DATE  219                       223     -4      110
  SINCE MAR 1    584                       785   -201      702
  SINCE JUL 1   3371                      4146   -775     4486

 COOLING
  YESTERDAY        0                         1     -1        0
  MONTH TO DATE   15                        22     -7       21
  SINCE MAR 1     19                        26     -7       21
  SINCE JAN 1     19                        26     -7       21
..................................................................


WIND (MPH)
  HIGHEST WIND SPEED    17   HIGHEST WIND DIRECTION    NW (310)
  HIGHEST GUST SPEED    22   HIGHEST GUST DIRECTION    NW (320)
  AVERAGE WIND SPEED     5.3


SKY COVER
  POSSIBLE SUNSHINE  MM
  AVERAGE SKY COVER 0.5


WEATHER CONDITIONS
 THE FOLLOWING WEATHER WAS RECORDED YESTERDAY.
  THUNDERSTORM
  HEAVY RAIN
  LIGHT RAIN
  FOG


RELATIVE HUMIDITY (PERCENT)
 HIGHEST    93           700 AM
 LOWEST     49           600 PM
 AVERAGE    71

..........................................................


THE LOUISVILLE BOWMAN KY CLIMATE NORMALS FOR TODAY
                         NORMAL
 MAXIMUM TEMPERATURE (F)   70
 MINIMUM TEMPERATURE (F)   49


SUNRISE AND SUNSET
APRIL 23 2016.........SUNRISE   655 AM EDT   SUNSET   827 PM EDT
APRIL 24 2016.........SUNRISE   654 AM EDT   SUNSET   828 PM EDT


-  INDICATES NEGATIVE NUMBERS.
R  INDICATES RECORD WAS SET OR TIED.
MM INDICATES DATA IS MISSING.
T  INDICATES TRACE AMOUNT.




$$
