000
CDUS43 KLMK 070627
CLILOU


CLIMATE REPORT
NATIONAL WEATHER SERVICE LOUISVILLE KY
127 AM EST TUE NOV 7 2017


...................................

...THE LOUISVILLE BOWMAN KY CLIMATE SUMMARY FOR NOVEMBER 6 2017...

CLIMATE NORMAL PERIOD 1981 TO 2010
CLIMATE RECORD PERIOD 9999 TO 9999


WEATHER ITEM   OBSERVED TIME   RECORD YEAR NORMAL DEPARTURE LAST
                VALUE   (LST)  VALUE       VALUE  FROM      YEAR
                                                  NORMAL
..................................................................
TEMPERATURE (F)
 YESTERDAY
  MAXIMUM         74   1212 AM  MM      MM  61     13       70
  MINIMUM         50   1159 PM  MM      MM  42      8       41
  AVERAGE         62                        52     10       56

PRECIPITATION (IN)
  YESTERDAY        0.35         MM      MM   0.12   0.23     0.00
  MONTH TO DATE    1.81                      0.81   0.00     0.03
  SINCE SEP 1     12.04                      7.19   4.85     2.88
  SINCE JAN 1     41.77                     38.73   3.04    38.45

SNOWFALL (IN)
  YESTERDAY       MM            MM      MM  MM     MM       MM
  MONTH TO DATE   MM                        MM     MM       MM
  SINCE SEP 1     MM                        MM     MM       MM
  SINCE JUL 1     MM                        MM     MM       MM
  SNOW DEPTH      MM

DEGREE DAYS
 HEATING
  YESTERDAY        3                        14    -11        9
  MONTH TO DATE   25                        77    -52       31
  SINCE SEP 1    261                       353    -92      144
  SINCE JUL 1    261                       353    -92      144

 COOLING
  YESTERDAY        0                         0      0        0
  MONTH TO DATE    7                         0      7       12
  SINCE SEP 1    235                       203     32      408
  SINCE JAN 1   1569                      1442    127     1882
..................................................................


WIND (MPH)
  HIGHEST WIND SPEED    18   HIGHEST WIND DIRECTION     W (250)
  HIGHEST GUST SPEED    26   HIGHEST GUST DIRECTION     N (350)
  AVERAGE WIND SPEED     7.9


SKY COVER
  POSSIBLE SUNSHINE  MM
  AVERAGE SKY COVER 1.0


WEATHER CONDITIONS
 THE FOLLOWING WEATHER WAS RECORDED YESTERDAY.
  HEAVY RAIN
  RAIN
  LIGHT RAIN
  FOG


RELATIVE HUMIDITY (PERCENT)
 HIGHEST   100           400 AM
 LOWEST     71           700 PM
 AVERAGE    86

..........................................................


THE LOUISVILLE BOWMAN KY CLIMATE NORMALS FOR TODAY
                         NORMAL
 MAXIMUM TEMPERATURE (F)   61
 MINIMUM TEMPERATURE (F)   42


SUNRISE AND SUNSET
NOVEMBER  7 2017......SUNRISE   715 AM EST   SUNSET   537 PM EST
NOVEMBER  8 2017......SUNRISE   716 AM EST   SUNSET   536 PM EST


-  INDICATES NEGATIVE NUMBERS.
R  INDICATES RECORD WAS SET OR TIED.
MM INDICATES DATA IS MISSING.
T  INDICATES TRACE AMOUNT.




$$
