000
CDUS43 KLMK 130627
CLILOU


CLIMATE REPORT
NATIONAL WEATHER SERVICE LOUISVILLE KY
227 AM EDT MON OCT 13 2014


...................................

...THE LOUISVILLE BOWMAN KY CLIMATE SUMMARY FOR OCTOBER 12 2014...

CLIMATE NORMAL PERIOD 1981 TO 2010
CLIMATE RECORD PERIOD 9999 TO 9999


WEATHER ITEM   OBSERVED TIME   RECORD YEAR NORMAL DEPARTURE LAST
                VALUE   (LST)  VALUE       VALUE  FROM      YEAR
                                                  NORMAL
..................................................................
TEMPERATURE (F)
 YESTERDAY
  MAXIMUM         71    501 PM  MM      MM  70      1       79
  MINIMUM         53    723 AM  MM      MM  49      4       51
  AVERAGE         62                        59      3       65

PRECIPITATION (IN)
  YESTERDAY        T            MM      MM   0.10  -0.10     0.00
  MONTH TO DATE    1.43                      1.21   0.22     7.38
  SINCE SEP 1      4.57                      4.37   0.20    10.77
  SINCE JAN 1     35.03                     35.91  -0.88    47.83

SNOWFALL (IN)
  YESTERDAY       MM            MM      MM  MM     MM       MM
  MONTH TO DATE   MM                        MM     MM       MM
  SINCE SEP 1     MM                        MM     MM       MM
  SINCE JUL 1     MM                        MM     MM       MM
  SNOW DEPTH      MM

DEGREE DAYS
 HEATING
  YESTERDAY        3                         7     -4        0
  MONTH TO DATE   67                        66      1       29
  SINCE SEP 1     99                       102     -3       39
  SINCE JUL 1     99                       102     -3       39

 COOLING
  YESTERDAY        0                         1     -1        0
  MONTH TO DATE   15                        19     -4       40
  SINCE SEP 1    182                       193    -11      241
  SINCE JAN 1   1527                      1432     95     1444
..................................................................


WIND (MPH)
  HIGHEST WIND SPEED    10   HIGHEST WIND DIRECTION    SE (150)
  HIGHEST GUST SPEED    16   HIGHEST GUST DIRECTION    SE (140)
  AVERAGE WIND SPEED     4.7


SKY COVER
  POSSIBLE SUNSHINE  MM
  AVERAGE SKY COVER 0.8


WEATHER CONDITIONS
 THE FOLLOWING WEATHER WAS RECORDED YESTERDAY.
  LIGHT RAIN


RELATIVE HUMIDITY (PERCENT)
 HIGHEST    83           800 AM
 LOWEST     68           300 PM
 AVERAGE    76

..........................................................


THE LOUISVILLE BOWMAN KY CLIMATE NORMALS FOR TODAY
                         NORMAL
 MAXIMUM TEMPERATURE (F)   70
 MINIMUM TEMPERATURE (F)   48


SUNRISE AND SUNSET
OCTOBER 13 2014.......SUNRISE   749 AM EDT   SUNSET   708 PM EDT
OCTOBER 14 2014.......SUNRISE   750 AM EDT   SUNSET   706 PM EDT


-  INDICATES NEGATIVE NUMBERS.
R  INDICATES RECORD WAS SET OR TIED.
MM INDICATES DATA IS MISSING.
T  INDICATES TRACE AMOUNT.




$$
