000
CDUS43 KLMK 230627
CLILOU


CLIMATE REPORT
NATIONAL WEATHER SERVICE LOUISVILLE KY
226 AM EDT TUE JUN 23 2015


...................................

...THE LOUISVILLE BOWMAN KY CLIMATE SUMMARY FOR JUNE 22 2015...

CLIMATE NORMAL PERIOD 1981 TO 2010
CLIMATE RECORD PERIOD 9999 TO 9999


WEATHER ITEM   OBSERVED TIME   RECORD YEAR NORMAL DEPARTURE LAST
                VALUE   (LST)  VALUE       VALUE  FROM      YEAR
                                                  NORMAL
..................................................................
TEMPERATURE (F)
 YESTERDAY
  MAXIMUM         88    334 PM  MM      MM  86      2       90
  MINIMUM         69    252 AM  MM      MM  67      2       68
  AVERAGE         79                        77      2       79

PRECIPITATION (IN)
  YESTERDAY        0.13         MM      MM   0.12   0.01      T
  MONTH TO DATE    4.84                      3.24   1.60     1.06
  SINCE JUN 1      4.84                      3.24   1.60     1.06
  SINCE JAN 1     26.46                     23.16   3.30    20.60

SNOWFALL (IN)
  YESTERDAY       MM            MM      MM  MM     MM       MM
  MONTH TO DATE   MM                        MM     MM       MM
  SINCE JUN 1     MM                        MM     MM       MM
  SINCE JUL 1     MM                        MM     MM       MM
  SNOW DEPTH      MM

DEGREE DAYS
 HEATING
  YESTERDAY        0                         0      0        0
  MONTH TO DATE    9                         2      7        0
  SINCE JUN 1      9                         2      7        0
  SINCE JUL 1   4623                      4267    356     4706

 COOLING
  YESTERDAY       14                        12      2       14
  MONTH TO DATE  267                       208     59      279
  SINCE JUN 1    267                       208     59      279
  SINCE JAN 1    466                       355    111      534
..................................................................


WIND (MPH)
  HIGHEST WIND SPEED    16   HIGHEST WIND DIRECTION    SW (230)
  HIGHEST GUST SPEED    23   HIGHEST GUST DIRECTION    SW (220)
  AVERAGE WIND SPEED     6.9


SKY COVER
  POSSIBLE SUNSHINE  MM
  AVERAGE SKY COVER 0.2


WEATHER CONDITIONS
 THE FOLLOWING WEATHER WAS RECORDED YESTERDAY.
  THUNDERSTORM
  RAIN
  LIGHT RAIN
  FOG


RELATIVE HUMIDITY (PERCENT)
 HIGHEST   100           200 AM
 LOWEST     55           400 PM
 AVERAGE    78

..........................................................


THE LOUISVILLE BOWMAN KY CLIMATE NORMALS FOR TODAY
                         NORMAL
 MAXIMUM TEMPERATURE (F)   86
 MINIMUM TEMPERATURE (F)   68


SUNRISE AND SUNSET
JUNE 23 2015..........SUNRISE   620 AM EDT   SUNSET   910 PM EDT
JUNE 24 2015..........SUNRISE   620 AM EDT   SUNSET   910 PM EDT


-  INDICATES NEGATIVE NUMBERS.
R  INDICATES RECORD WAS SET OR TIED.
MM INDICATES DATA IS MISSING.
T  INDICATES TRACE AMOUNT.




$$
