000
CDUS43 KLMK 060626
CLILOU


CLIMATE REPORT
NATIONAL WEATHER SERVICE LOUISVILLE KY
226 AM EDT SUN AUG 6 2017


...................................

...THE LOUISVILLE BOWMAN KY CLIMATE SUMMARY FOR AUGUST 5 2017...

CLIMATE NORMAL PERIOD 1981 TO 2010
CLIMATE RECORD PERIOD 9999 TO 9999


WEATHER ITEM   OBSERVED TIME   RECORD YEAR NORMAL DEPARTURE LAST
                VALUE   (LST)  VALUE       VALUE  FROM      YEAR
                                                  NORMAL
..................................................................
TEMPERATURE (F)
 YESTERDAY
  MAXIMUM         81    317 PM  MM      MM  87     -6       90
  MINIMUM         55    603 AM  MM      MM  69    -14       73
  AVERAGE         68                        78    -10       82

PRECIPITATION (IN)
  YESTERDAY        0.00         MM      MM   0.11  -0.11     0.02
  MONTH TO DATE    0.49                      0.63  -0.14     1.62
  SINCE JUN 1      7.24                      8.94  -1.70    10.69
  SINCE JAN 1     26.80                     28.86  -2.06    30.30

SNOWFALL (IN)
  YESTERDAY       MM            MM      MM  MM     MM       MM
  MONTH TO DATE   MM                        MM     MM       MM
  SINCE JUN 1     MM                        MM     MM       MM
  SINCE JUL 1     MM                        MM     MM       MM
  SNOW DEPTH      MM

DEGREE DAYS
 HEATING
  YESTERDAY        0                         0      0        0
  MONTH TO DATE    0                         0      0        0
  SINCE JUN 1      0                         3     -3        0
  SINCE JUL 1      0                         0      0        0

 COOLING
  YESTERDAY        3                        13    -10       17
  MONTH TO DATE   46                        65    -19       81
  SINCE JUN 1    807                       768     39      926
  SINCE JAN 1   1060                       915    145     1073
..................................................................


WIND (MPH)
  HIGHEST WIND SPEED     8   HIGHEST WIND DIRECTION    NW (310)
  HIGHEST GUST SPEED    13   HIGHEST GUST DIRECTION     E (90)
  AVERAGE WIND SPEED     1.5


SKY COVER
  POSSIBLE SUNSHINE  MM
  AVERAGE SKY COVER 0.1


WEATHER CONDITIONS
 THE FOLLOWING WEATHER WAS RECORDED YESTERDAY.
  NO SIGNIFICANT WEATHER WAS OBSERVED.


RELATIVE HUMIDITY (PERCENT)
 HIGHEST   100           500 AM
 LOWEST     36           300 PM
 AVERAGE    68

..........................................................


THE LOUISVILLE BOWMAN KY CLIMATE NORMALS FOR TODAY
                         NORMAL
 MAXIMUM TEMPERATURE (F)   87
 MINIMUM TEMPERATURE (F)   69


SUNRISE AND SUNSET
AUGUST  6 2017........SUNRISE   650 AM EDT   SUNSET   847 PM EDT
AUGUST  7 2017........SUNRISE   651 AM EDT   SUNSET   846 PM EDT


-  INDICATES NEGATIVE NUMBERS.
R  INDICATES RECORD WAS SET OR TIED.
MM INDICATES DATA IS MISSING.
T  INDICATES TRACE AMOUNT.




$$
