000
CDUS43 KLMK 010630
CLILOU


CLIMATE REPORT
NATIONAL WEATHER SERVICE LOUISVILLE KY
128 AM EST FRI DEC 1 2017


...................................

...THE LOUISVILLE BOWMAN KY CLIMATE SUMMARY FOR NOVEMBER 30 2017...

CLIMATE NORMAL PERIOD 1981 TO 2010
CLIMATE RECORD PERIOD 9999 TO 9999


WEATHER ITEM   OBSERVED TIME   RECORD YEAR NORMAL DEPARTURE LAST
                VALUE   (LST)  VALUE       VALUE  FROM      YEAR
                                                  NORMAL
..................................................................
TEMPERATURE (F)
 YESTERDAY
  MAXIMUM         56    431 PM  MM      MM  50      6       61
  MINIMUM         36   1153 PM  MM      MM  33      3       43
  AVERAGE         46                        41      5       52

PRECIPITATION (IN)
  YESTERDAY        0.02         MM      MM   0.12  -0.10      T
  MONTH TO DATE    2.82                      3.61  -0.79     1.80
  SINCE SEP 1     13.05                      9.99   3.06     4.65
  SINCE JAN 1     42.78                     41.53   1.25    40.22

SNOWFALL (IN)
  YESTERDAY       MM            MM      MM  MM     MM       MM
  MONTH TO DATE   MM                        MM     MM       MM
  SINCE SEP 1     MM                        MM     MM       MM
  SINCE JUL 1     MM                        MM     MM       MM
  SNOW DEPTH      MM

DEGREE DAYS
 HEATING
  YESTERDAY       19                        24     -5       13
  MONTH TO DATE  516                       528    -12      415
  SINCE SEP 1    752                       804    -52      528
  SINCE JUL 1    752                       804    -52      528

 COOLING
  YESTERDAY        0                         0      0        0
  MONTH TO DATE    7                         2      5       12
  SINCE SEP 1    235                       205     30      408
  SINCE JAN 1   1569                      1444    125     1882
..................................................................


WIND (MPH)
  HIGHEST WIND SPEED    10   HIGHEST WIND DIRECTION     W (290)
  HIGHEST GUST SPEED    15   HIGHEST GUST DIRECTION    NW (330)
  AVERAGE WIND SPEED     3.5


SKY COVER
  POSSIBLE SUNSHINE  MM
  AVERAGE SKY COVER 0.5


WEATHER CONDITIONS
 THE FOLLOWING WEATHER WAS RECORDED YESTERDAY.
  LIGHT RAIN
  FOG


RELATIVE HUMIDITY (PERCENT)
 HIGHEST   100          1000 PM
 LOWEST     71           600 PM
 AVERAGE    86

..........................................................


THE LOUISVILLE BOWMAN KY CLIMATE NORMALS FOR TODAY
                         NORMAL
 MAXIMUM TEMPERATURE (F)   49
 MINIMUM TEMPERATURE (F)   33


SUNRISE AND SUNSET
DECEMBER  1 2017......SUNRISE   741 AM EST   SUNSET   523 PM EST
DECEMBER  2 2017......SUNRISE   742 AM EST   SUNSET   523 PM EST


-  INDICATES NEGATIVE NUMBERS.
R  INDICATES RECORD WAS SET OR TIED.
MM INDICATES DATA IS MISSING.
T  INDICATES TRACE AMOUNT.

$$

SCHOETTMER
