000
CDUS43 KLMK 040630
CLILOU

CLIMATE REPORT
NATIONAL WEATHER SERVICE LOUISVILLE KY
228 AM EDT FRI APR 4 2014


...................................

...THE LOUISVILLE BOWMAN KY CLIMATE SUMMARY FOR APRIL 3 2014...

CLIMATE NORMAL PERIOD 1981 TO 2010
CLIMATE RECORD PERIOD 9999 TO 9999


WEATHER ITEM   OBSERVED TIME   RECORD YEAR NORMAL DEPARTURE LAST
                VALUE   (LST)  VALUE       VALUE  FROM      YEAR
                                                  NORMAL
..................................................................
TEMPERATURE (F)
 YESTERDAY
  MAXIMUM         70   1252 PM  MM      MM  63      7       52
  MINIMUM         54    257 AM  MM      MM  43     11       26
  AVERAGE         62                        53      9       39

PRECIPITATION (IN)
  YESTERDAY        1.56         MM      MM   0.11   1.45     0.00
  MONTH TO DATE    1.69                      0.35   1.34     0.00
  SINCE MAR 1      3.87                      4.51  -0.64     4.13
  SINCE JAN 1      9.64                     11.07  -1.43    10.84

SNOWFALL (IN)
  YESTERDAY       MM            MM      MM  MM     MM       MM
  MONTH TO DATE    0.0                      MM     MM       MM
  SINCE MAR 1      0.0                      MM     MM       MM
  SINCE JUL 1      0.0                      MM     MM       MM
  SNOW DEPTH      MM

DEGREE DAYS
 HEATING
  YESTERDAY        3                        13    -10       26
  MONTH TO DATE    5                        39    -34       71
  SINCE MAR 1    682                       601     81      834
  SINCE JUL 1   4491                      3962    529     4064

 COOLING
  YESTERDAY        0                         1     -1        0
  MONTH TO DATE    4                         3      1        0
  SINCE MAR 1      4                         7     -3        0
  SINCE JAN 1      4                         7     -3        0
..................................................................


WIND (MPH)
  HIGHEST WIND SPEED    17   HIGHEST WIND DIRECTION    SW (240)
  HIGHEST GUST SPEED    24   HIGHEST GUST DIRECTION     W (250)
  AVERAGE WIND SPEED     5.9


SKY COVER
  POSSIBLE SUNSHINE  MM
  AVERAGE SKY COVER 0.6


WEATHER CONDITIONS
 THE FOLLOWING WEATHER WAS RECORDED YESTERDAY.
  THUNDERSTORM
  HEAVY RAIN
  RAIN
  LIGHT RAIN
  FOG
  HAZE


RELATIVE HUMIDITY (PERCENT)
 HIGHEST    90           900 PM
 LOWEST     66          1100 AM
 AVERAGE    78

..........................................................


THE LOUISVILLE BOWMAN KY CLIMATE NORMALS FOR TODAY
                         NORMAL
 MAXIMUM TEMPERATURE (F)   63
 MINIMUM TEMPERATURE (F)   43


SUNRISE AND SUNSET
APRIL  4 2014.........SUNRISE   723 AM EDT   SUNSET   809 PM EDT
APRIL  5 2014.........SUNRISE   722 AM EDT   SUNSET   810 PM EDT


-  INDICATES NEGATIVE NUMBERS.
R  INDICATES RECORD WAS SET OR TIED.
MM INDICATES DATA IS MISSING.
T  INDICATES TRACE AMOUNT.




$$
