544
CDUS43 KLMK 280632
CLILOU


CLIMATE REPORT
NATIONAL WEATHER SERVICE LOUISVILLE KY
131 AM EST MON NOV 28 2016


...................................

...THE LOUISVILLE BOWMAN KY CLIMATE SUMMARY FOR NOVEMBER 27 2016...

CLIMATE NORMAL PERIOD 1981 TO 2010
CLIMATE RECORD PERIOD 9999 TO 9999


WEATHER ITEM   OBSERVED TIME   RECORD YEAR NORMAL DEPARTURE LAST
                VALUE   (LST)  VALUE       VALUE  FROM      YEAR
                                                  NORMAL
..................................................................
TEMPERATURE (F)
 YESTERDAY
  MAXIMUM         52    351 PM  MM      MM  51      1       67
  MINIMUM         28    802 AM  MM      MM  34     -6       57
  AVERAGE         40                        43     -3       62

PRECIPITATION (IN)
  YESTERDAY        0.00         MM      MM   0.12  -0.12     0.09
  MONTH TO DATE    0.85                      3.23  -2.38     4.18
  SINCE SEP 1      3.70                      9.61  -5.91    10.08
  SINCE JAN 1     39.27                     41.15  -1.88    50.75

SNOWFALL (IN)
  YESTERDAY       MM            MM      MM  MM     MM       MM
  MONTH TO DATE   MM                        MM     MM       MM
  SINCE SEP 1     MM                        MM     MM       MM
  SINCE JUL 1     MM                        MM     MM       MM
  SNOW DEPTH      MM

DEGREE DAYS
 HEATING
  YESTERDAY       25                        22      3        3
  MONTH TO DATE  380                       458    -78      359
  SINCE SEP 1    493                       734   -241      555
  SINCE JUL 1    493                       734   -241      555

 COOLING
  YESTERDAY        0                         0      0        0
  MONTH TO DATE   12                         0     12        5
  SINCE SEP 1    408                       203    205      277
  SINCE JAN 1   1882                      1442    440     1574
..................................................................


WIND (MPH)
  HIGHEST WIND SPEED    10   HIGHEST WIND DIRECTION     S (200)
  HIGHEST GUST SPEED    14   HIGHEST GUST DIRECTION     S (190)
  AVERAGE WIND SPEED     2.4


SKY COVER
  POSSIBLE SUNSHINE  MM
  AVERAGE SKY COVER 0.0


WEATHER CONDITIONS
 THE FOLLOWING WEATHER WAS RECORDED YESTERDAY.
  FOG
  HAZE


RELATIVE HUMIDITY (PERCENT)
 HIGHEST    92           700 AM
 LOWEST     41           400 PM
 AVERAGE    67

..........................................................


THE LOUISVILLE BOWMAN KY CLIMATE NORMALS FOR TODAY
                         NORMAL
 MAXIMUM TEMPERATURE (F)   50
 MINIMUM TEMPERATURE (F)   34


SUNRISE AND SUNSET
NOVEMBER 28 2016......SUNRISE   738 AM EST   SUNSET   523 PM EST
NOVEMBER 29 2016......SUNRISE   739 AM EST   SUNSET   523 PM EST


-  INDICATES NEGATIVE NUMBERS.
R  INDICATES RECORD WAS SET OR TIED.
MM INDICATES DATA IS MISSING.
T  INDICATES TRACE AMOUNT.




$$
