000
CDUS43 KLMK 150629
CLILOU


CLIMATE REPORT
NATIONAL WEATHER SERVICE LOUISVILLE KY
228 AM EDT WED OCT 15 2014


...................................

...THE LOUISVILLE BOWMAN KY CLIMATE SUMMARY FOR OCTOBER 14 2014...

CLIMATE NORMAL PERIOD 1981 TO 2010
CLIMATE RECORD PERIOD 9999 TO 9999


WEATHER ITEM   OBSERVED TIME   RECORD YEAR NORMAL DEPARTURE LAST
                VALUE   (LST)  VALUE       VALUE  FROM      YEAR
                                                  NORMAL
..................................................................
TEMPERATURE (F)
 YESTERDAY
  MAXIMUM         68    159 PM  MM      MM  69     -1       74
  MINIMUM         58   1159 PM  MM      MM  48     10       49
  AVERAGE         63                        59      4       62

PRECIPITATION (IN)
  YESTERDAY        0.93         MM      MM   0.11   0.82     0.00
  MONTH TO DATE    3.30                      1.43   1.87     7.38
  SINCE SEP 1      6.44                      4.59   1.85    10.77
  SINCE JAN 1     36.90                     36.13   0.77    47.83

SNOWFALL (IN)
  YESTERDAY       MM            MM      MM  MM     MM       MM
  MONTH TO DATE   MM                        MM     MM       MM
  SINCE SEP 1     MM                        MM     MM       MM
  SINCE JUL 1     MM                        MM     MM       MM
  SNOW DEPTH      MM

DEGREE DAYS
 HEATING
  YESTERDAY        2                         7     -5        3
  MONTH TO DATE   69                        80    -11       32
  SINCE SEP 1    101                       116    -15       42
  SINCE JUL 1    101                       116    -15       42

 COOLING
  YESTERDAY        0                         1     -1        0
  MONTH TO DATE   22                        21      1       42
  SINCE SEP 1    189                       195     -6      243
  SINCE JAN 1   1534                      1434    100     1446
..................................................................


WIND (MPH)
  HIGHEST WIND SPEED    21   HIGHEST WIND DIRECTION     E (110)
  HIGHEST GUST SPEED    32   HIGHEST GUST DIRECTION    SW (230)
  AVERAGE WIND SPEED     9.8


SKY COVER
  POSSIBLE SUNSHINE  MM
  AVERAGE SKY COVER 0.9


WEATHER CONDITIONS
 THE FOLLOWING WEATHER WAS RECORDED YESTERDAY.
  HEAVY RAIN
  RAIN
  LIGHT RAIN
  FOG


RELATIVE HUMIDITY (PERCENT)
 HIGHEST    97           900 AM
 LOWEST     68           200 PM
 AVERAGE    83

..........................................................


THE LOUISVILLE BOWMAN KY CLIMATE NORMALS FOR TODAY
                         NORMAL
 MAXIMUM TEMPERATURE (F)   69
 MINIMUM TEMPERATURE (F)   48


SUNRISE AND SUNSET
OCTOBER 15 2014.......SUNRISE   751 AM EDT   SUNSET   705 PM EDT
OCTOBER 16 2014.......SUNRISE   752 AM EDT   SUNSET   703 PM EDT


-  INDICATES NEGATIVE NUMBERS.
R  INDICATES RECORD WAS SET OR TIED.
MM INDICATES DATA IS MISSING.
T  INDICATES TRACE AMOUNT.

$$

SCHOETTMER
