000
CDUS43 KLMK 300626
CLILOU


CLIMATE REPORT
NATIONAL WEATHER SERVICE LOUISVILLE KY
226 AM EDT SAT SEP 30 2017


...................................

...THE LOUISVILLE BOWMAN KY CLIMATE SUMMARY FOR SEPTEMBER 29 2017...

CLIMATE NORMAL PERIOD 1981 TO 2010
CLIMATE RECORD PERIOD 9999 TO 9999


WEATHER ITEM   OBSERVED TIME   RECORD YEAR NORMAL DEPARTURE LAST
                VALUE   (LST)  VALUE       VALUE  FROM      YEAR
                                                  NORMAL
..................................................................
TEMPERATURE (F)
 YESTERDAY
  MAXIMUM         79    448 PM  MM      MM  75      4       67
  MINIMUM         50    546 AM  MM      MM  53     -3       54
  AVERAGE         65                        64      1       61

PRECIPITATION (IN)
  YESTERDAY        0.00         MM      MM   0.12  -0.12     0.04
  MONTH TO DATE    5.10                      3.02   2.08     1.80
  SINCE SEP 1      5.10                      3.02   2.08     1.80
  SINCE JAN 1     34.83                     34.56   0.27    37.37

SNOWFALL (IN)
  YESTERDAY       MM            MM      MM  MM     MM       MM
  MONTH TO DATE   MM                        MM     MM       MM
  SINCE SEP 1     MM                        MM     MM       MM
  SINCE JUL 1     MM                        MM     MM       MM
  SNOW DEPTH      MM

DEGREE DAYS
 HEATING
  YESTERDAY        0                         4     -4        4
  MONTH TO DATE   21                        32    -11       11
  SINCE SEP 1     21                        32    -11       11
  SINCE JUL 1     21                        32    -11       11

 COOLING
  YESTERDAY        0                         2     -2        0
  MONTH TO DATE  169                       171     -2      300
  SINCE SEP 1    169                       171     -2      300
  SINCE JAN 1   1503                      1410     93     1774
..................................................................


WIND (MPH)
  HIGHEST WIND SPEED    13   HIGHEST WIND DIRECTION     N (10)
  HIGHEST GUST SPEED    17   HIGHEST GUST DIRECTION     N (360)
  AVERAGE WIND SPEED     3.5


SKY COVER
  POSSIBLE SUNSHINE  MM
  AVERAGE SKY COVER 0.0


WEATHER CONDITIONS
 THE FOLLOWING WEATHER WAS RECORDED YESTERDAY.
  NO SIGNIFICANT WEATHER WAS OBSERVED.


RELATIVE HUMIDITY (PERCENT)
 HIGHEST   100           500 AM
 LOWEST     35           300 PM
 AVERAGE    68

..........................................................


THE LOUISVILLE BOWMAN KY CLIMATE NORMALS FOR TODAY
                         NORMAL
 MAXIMUM TEMPERATURE (F)   74
 MINIMUM TEMPERATURE (F)   53


SUNRISE AND SUNSET
SEPTEMBER 30 2017.....SUNRISE   738 AM EDT   SUNSET   727 PM EDT
OCTOBER  1 2017.......SUNRISE   739 AM EDT   SUNSET   725 PM EDT


-  INDICATES NEGATIVE NUMBERS.
R  INDICATES RECORD WAS SET OR TIED.
MM INDICATES DATA IS MISSING.
T  INDICATES TRACE AMOUNT.




$$
