000
CDUS43 KLMK 010627
CLILOU


CLIMATE REPORT
NATIONAL WEATHER SERVICE LOUISVILLE KY
226 AM EDT SUN MAY 1 2016


...................................

...THE LOUISVILLE BOWMAN KY CLIMATE SUMMARY FOR APRIL 30 2016...

CLIMATE NORMAL PERIOD 1981 TO 2010
CLIMATE RECORD PERIOD 9999 TO 9999


WEATHER ITEM   OBSERVED TIME   RECORD YEAR NORMAL DEPARTURE LAST
                VALUE   (LST)  VALUE       VALUE  FROM      YEAR
                                                  NORMAL
..................................................................
TEMPERATURE (F)
 YESTERDAY
  MAXIMUM         67    620 PM  MM      MM  72     -5       64
  MINIMUM         58    947 AM  MM      MM  52      6       47
  AVERAGE         63                        62      1       56

PRECIPITATION (IN)
  YESTERDAY        0.53         MM      MM   0.18   0.35      T
  MONTH TO DATE    3.13                      4.08  -0.95     9.83
  SINCE MAR 1      8.68                      8.24   0.44    16.57
  SINCE JAN 1     14.57                     14.80  -0.23    19.35

SNOWFALL (IN)
  YESTERDAY       MM            MM      MM  MM     MM       MM
  MONTH TO DATE   MM                        MM     MM       MM
  SINCE MAR 1     MM                        MM     MM       MM
  SINCE JUL 1     MM                        MM     MM       MM
  SNOW DEPTH      MM

DEGREE DAYS
 HEATING
  YESTERDAY        2                         5     -3        9
  MONTH TO DATE  230                       269    -39      202
  SINCE MAR 1    595                       830   -235      794
  SINCE JUL 1   3382                      4191   -809     4578

 COOLING
  YESTERDAY        0                         1     -1        0
  MONTH TO DATE   34                        30      4       21
  SINCE MAR 1     38                        34      4       21
  SINCE JAN 1     38                        34      4       21
..................................................................


WIND (MPH)
  HIGHEST WIND SPEED    13   HIGHEST WIND DIRECTION     E (70)
  HIGHEST GUST SPEED    17   HIGHEST GUST DIRECTION     E (70)
  AVERAGE WIND SPEED     5.4


SKY COVER
  POSSIBLE SUNSHINE  MM
  AVERAGE SKY COVER 1.0


WEATHER CONDITIONS
 THE FOLLOWING WEATHER WAS RECORDED YESTERDAY.
  RAIN
  LIGHT RAIN
  FOG


RELATIVE HUMIDITY (PERCENT)
 HIGHEST    93           900 AM
 LOWEST     56          1200 AM
 AVERAGE    75

..........................................................


THE LOUISVILLE BOWMAN KY CLIMATE NORMALS FOR TODAY
                         NORMAL
 MAXIMUM TEMPERATURE (F)   72
 MINIMUM TEMPERATURE (F)   52


SUNRISE AND SUNSET
MAY  1 2016...........SUNRISE   646 AM EDT   SUNSET   834 PM EDT
MAY  2 2016...........SUNRISE   644 AM EDT   SUNSET   835 PM EDT


-  INDICATES NEGATIVE NUMBERS.
R  INDICATES RECORD WAS SET OR TIED.
MM INDICATES DATA IS MISSING.
T  INDICATES TRACE AMOUNT.




$$
