000
CDUS43 KLMK 220633
CLILOU


CLIMATE REPORT
NATIONAL WEATHER SERVICE LOUISVILLE KY
231 AM EDT TUE APR 22 2014


...................................

...THE LOUISVILLE BOWMAN KY CLIMATE SUMMARY FOR APRIL 21 2014...

CLIMATE NORMAL PERIOD 1981 TO 2010
CLIMATE RECORD PERIOD 9999 TO 9999


WEATHER ITEM   OBSERVED TIME   RECORD YEAR NORMAL DEPARTURE LAST
                VALUE   (LST)  VALUE       VALUE  FROM      YEAR
                                                  NORMAL
..................................................................
TEMPERATURE (F)
 YESTERDAY
  MAXIMUM         81    229 PM  MM      MM  69     12       61
  MINIMUM         52    256 AM  MM      MM  49      3       39
  AVERAGE         67                        59      8       50

PRECIPITATION (IN)
  YESTERDAY        T            MM      MM   0.14  -0.14     0.00
  MONTH TO DATE    4.74                      2.61   2.13     2.76
  SINCE MAR 1      6.92                      6.77   0.15     6.89
  SINCE JAN 1     12.69                     13.33  -0.64    13.60

SNOWFALL (IN)
  YESTERDAY       MM            MM      MM  MM     MM       MM
  MONTH TO DATE   MM                        MM     MM       MM
  SINCE MAR 1     MM                        MM     MM       MM
  SINCE JUL 1     MM                        MM     MM       MM
  SNOW DEPTH      MM

DEGREE DAYS
 HEATING
  YESTERDAY        0                         7     -7       15
  MONTH TO DATE  142                       216    -74      193
  SINCE MAR 1    819                       778     41      956
  SINCE JUL 1   4628                      4139    489     4186

 COOLING
  YESTERDAY        2                         1      1        0
  MONTH TO DATE   23                        21      2       37
  SINCE MAR 1     23                        25     -2       37
  SINCE JAN 1     23                        25     -2       37
..................................................................


WIND (MPH)
  HIGHEST WIND SPEED    15   HIGHEST WIND DIRECTION     W (280)
  HIGHEST GUST SPEED    21   HIGHEST GUST DIRECTION     W (270)
  AVERAGE WIND SPEED     4.1


SKY COVER
  POSSIBLE SUNSHINE  MM
  AVERAGE SKY COVER 0.2


WEATHER CONDITIONS
 THE FOLLOWING WEATHER WAS RECORDED YESTERDAY.
  LIGHT RAIN
  HAZE


RELATIVE HUMIDITY (PERCENT)
 HIGHEST    77           300 AM
 LOWEST     30           100 PM
 AVERAGE    54

..........................................................


THE LOUISVILLE BOWMAN KY CLIMATE NORMALS FOR TODAY
                         NORMAL
 MAXIMUM TEMPERATURE (F)   69
 MINIMUM TEMPERATURE (F)   49


SUNRISE AND SUNSET
APRIL 22 2014.........SUNRISE   657 AM EDT   SUNSET   825 PM EDT
APRIL 23 2014.........SUNRISE   656 AM EDT   SUNSET   826 PM EDT


-  INDICATES NEGATIVE NUMBERS.
R  INDICATES RECORD WAS SET OR TIED.
MM INDICATES DATA IS MISSING.
T  INDICATES TRACE AMOUNT.




$$
