000
CDUS43 KLMK 100634
CLILOU


CLIMATE REPORT
NATIONAL WEATHER SERVICE LOUISVILLE KY
233 AM EDT SUN JUL 10 2016


...................................

...THE LOUISVILLE BOWMAN KY CLIMATE SUMMARY FOR JULY 9 2016...

CLIMATE NORMAL PERIOD 1981 TO 2010
CLIMATE RECORD PERIOD 9999 TO 9999


WEATHER ITEM   OBSERVED TIME   RECORD YEAR NORMAL DEPARTURE LAST
                VALUE   (LST)  VALUE       VALUE  FROM      YEAR
                                                  NORMAL
..................................................................
TEMPERATURE (F)
 YESTERDAY
  MAXIMUM         85    147 PM  MM      MM  87     -2       82
  MINIMUM         70    634 AM  MM      MM  69      1       73
  AVERAGE         78                        78      0       78

PRECIPITATION (IN)
  YESTERDAY        0.00         MM      MM   0.13  -0.13     0.25
  MONTH TO DATE    1.92                      0.98   0.94     2.40
  SINCE JUN 1      6.26                      5.12   1.14     9.96
  SINCE JAN 1     25.87                     25.04   0.83    31.58

SNOWFALL (IN)
  YESTERDAY       MM            MM      MM  MM     MM       MM
  MONTH TO DATE   MM                        MM     MM       MM
  SINCE JUN 1     MM                        MM     MM       MM
  SINCE JUL 1     MM                        MM     MM       MM
  SNOW DEPTH      MM

DEGREE DAYS
 HEATING
  YESTERDAY        0                         0      0        0
  MONTH TO DATE    0                         0      0        0
  SINCE JUN 1      0                         3     -3        9
  SINCE JUL 1      0                         0      0        0

 COOLING
  YESTERDAY       13                        13      0       13
  MONTH TO DATE  107                       117    -10       94
  SINCE JUN 1    483                       422     61      449
  SINCE JAN 1    630                       569     61      648
..................................................................


WIND (MPH)
  HIGHEST WIND SPEED    15   HIGHEST WIND DIRECTION     W (290)
  HIGHEST GUST SPEED    19   HIGHEST GUST DIRECTION    NW (330)
  AVERAGE WIND SPEED     6.2


SKY COVER
  POSSIBLE SUNSHINE  MM
  AVERAGE SKY COVER 0.1


WEATHER CONDITIONS
 THE FOLLOWING WEATHER WAS RECORDED YESTERDAY.
  NO SIGNIFICANT WEATHER WAS OBSERVED.


RELATIVE HUMIDITY (PERCENT)
 HIGHEST    90           400 AM
 LOWEST     44           100 PM
 AVERAGE    67

..........................................................


THE LOUISVILLE BOWMAN KY CLIMATE NORMALS FOR TODAY
                         NORMAL
 MAXIMUM TEMPERATURE (F)   87
 MINIMUM TEMPERATURE (F)   69


SUNRISE AND SUNSET
JULY 10 2016..........SUNRISE   628 AM EDT   SUNSET   907 PM EDT
JULY 11 2016..........SUNRISE   629 AM EDT   SUNSET   907 PM EDT


-  INDICATES NEGATIVE NUMBERS.
R  INDICATES RECORD WAS SET OR TIED.
MM INDICATES DATA IS MISSING.
T  INDICATES TRACE AMOUNT.




$$
