000
CDUS43 KLMK 160627
CLILOU


CLIMATE REPORT
NATIONAL WEATHER SERVICE LOUISVILLE KY
227 AM EDT THU OCT 16 2014


...................................

...THE LOUISVILLE BOWMAN KY CLIMATE SUMMARY FOR OCTOBER 15 2014...

CLIMATE NORMAL PERIOD 1981 TO 2010
CLIMATE RECORD PERIOD 9999 TO 9999


WEATHER ITEM   OBSERVED TIME   RECORD YEAR NORMAL DEPARTURE LAST
                VALUE   (LST)  VALUE       VALUE  FROM      YEAR
                                                  NORMAL
..................................................................
TEMPERATURE (F)
 YESTERDAY
  MAXIMUM         58    105 AM  MM      MM  69    -11       73
  MINIMUM         54   1159 PM  MM      MM  48      6       55
  AVERAGE         56                        58     -2       64

PRECIPITATION (IN)
  YESTERDAY        0.25         MM      MM   0.12   0.13     0.01
  MONTH TO DATE    3.55                      1.55   2.00     7.39
  SINCE SEP 1      6.69                      4.71   1.98    10.78
  SINCE JAN 1     37.15                     36.25   0.90    47.84

SNOWFALL (IN)
  YESTERDAY       MM            MM      MM  MM     MM       MM
  MONTH TO DATE   MM                        MM     MM       MM
  SINCE SEP 1     MM                        MM     MM       MM
  SINCE JUL 1     MM                        MM     MM       MM
  SNOW DEPTH      MM

DEGREE DAYS
 HEATING
  YESTERDAY        9                         7      2        1
  MONTH TO DATE   78                        87     -9       33
  SINCE SEP 1    110                       123    -13       43
  SINCE JUL 1    110                       123    -13       43

 COOLING
  YESTERDAY        0                         1     -1        0
  MONTH TO DATE   22                        22      0       42
  SINCE SEP 1    189                       196     -7      243
  SINCE JAN 1   1534                      1435     99     1446
..................................................................


WIND (MPH)
  HIGHEST WIND SPEED    13   HIGHEST WIND DIRECTION     W (270)
  HIGHEST GUST SPEED    17   HIGHEST GUST DIRECTION     S (200)
  AVERAGE WIND SPEED     6.4


SKY COVER
  POSSIBLE SUNSHINE  MM
  AVERAGE SKY COVER 1.0


WEATHER CONDITIONS
 THE FOLLOWING WEATHER WAS RECORDED YESTERDAY.
  RAIN
  LIGHT RAIN
  FOG


RELATIVE HUMIDITY (PERCENT)
 HIGHEST   100           500 PM
 LOWEST     77           200 AM
 AVERAGE    89

..........................................................


THE LOUISVILLE BOWMAN KY CLIMATE NORMALS FOR TODAY
                         NORMAL
 MAXIMUM TEMPERATURE (F)   69
 MINIMUM TEMPERATURE (F)   48


SUNRISE AND SUNSET
OCTOBER 16 2014.......SUNRISE   752 AM EDT   SUNSET   703 PM EDT
OCTOBER 17 2014.......SUNRISE   753 AM EDT   SUNSET   702 PM EDT


-  INDICATES NEGATIVE NUMBERS.
R  INDICATES RECORD WAS SET OR TIED.
MM INDICATES DATA IS MISSING.
T  INDICATES TRACE AMOUNT.




$$
