000
CDUS43 KLMK 230627
CLILOU


CLIMATE REPORT
NATIONAL WEATHER SERVICE LOUISVILLE KY
127 AM EST FRI JAN 23 2015


...................................

...THE LOUISVILLE BOWMAN KY CLIMATE SUMMARY FOR JANUARY 22 2015...

CLIMATE NORMAL PERIOD 1981 TO 2010
CLIMATE RECORD PERIOD 9999 TO 9999


WEATHER ITEM   OBSERVED TIME   RECORD YEAR NORMAL DEPARTURE LAST
                VALUE   (LST)  VALUE       VALUE  FROM      YEAR
                                                  NORMAL
..................................................................
TEMPERATURE (F)
 YESTERDAY
  MAXIMUM         40    515 PM  MM      MM  42     -2       22
  MINIMUM         29    353 AM  MM      MM  26      3        2
  AVERAGE         35                        34      1       12

PRECIPITATION (IN)
  YESTERDAY        0.00         MM      MM   0.09  -0.09      T
  MONTH TO DATE    0.62                      2.51  -1.89     2.21
  SINCE DEC 1      3.80                      6.52  -2.72     7.73
  SINCE JAN 1      0.62                      2.51  -1.89     2.21

SNOWFALL (IN)
  YESTERDAY       MM            MM      MM  MM     MM       MM
  MONTH TO DATE   MM                        MM     MM       MM
  SINCE DEC 1     MM                        MM     MM       MM
  SINCE JUL 1     MM                        MM     MM       MM
  SNOW DEPTH      MM

DEGREE DAYS
 HEATING
  YESTERDAY       30                        31     -1       53
  MONTH TO DATE  715                       676     39      764
  SINCE DEC 1   1480                      1536    -56     1604
  SINCE JUL 1   2459                      2340    119     2512

 COOLING
  YESTERDAY        0                         0      0        0
  MONTH TO DATE    0                         0      0        0
  SINCE DEC 1      0                         0      0        0
  SINCE JAN 1      0                         0      0        0
..................................................................


WIND (MPH)
  HIGHEST WIND SPEED     9   HIGHEST WIND DIRECTION    NE (30)
  HIGHEST GUST SPEED    13   HIGHEST GUST DIRECTION    NE (30)
  AVERAGE WIND SPEED     2.8


SKY COVER
  POSSIBLE SUNSHINE  MM
  AVERAGE SKY COVER 0.8


WEATHER CONDITIONS
 THE FOLLOWING WEATHER WAS RECORDED YESTERDAY.
  NO SIGNIFICANT WEATHER WAS OBSERVED.


RELATIVE HUMIDITY (PERCENT)
 HIGHEST    85           400 AM
 LOWEST     59           700 PM
 AVERAGE    72

..........................................................


THE LOUISVILLE BOWMAN KY CLIMATE NORMALS FOR TODAY
                         NORMAL
 MAXIMUM TEMPERATURE (F)   43
 MINIMUM TEMPERATURE (F)   26


SUNRISE AND SUNSET
JANUARY 23 2015.......SUNRISE   754 AM EST   SUNSET   555 PM EST
JANUARY 24 2015.......SUNRISE   754 AM EST   SUNSET   556 PM EST


-  INDICATES NEGATIVE NUMBERS.
R  INDICATES RECORD WAS SET OR TIED.
MM INDICATES DATA IS MISSING.
T  INDICATES TRACE AMOUNT.




$$
