000
CDUS43 KLMK 110626
CLILOU


CLIMATE REPORT
NATIONAL WEATHER SERVICE LOUISVILLE KY
226 AM EDT TUE APR 11 2017


...................................

...THE LOUISVILLE BOWMAN KY CLIMATE SUMMARY FOR APRIL 10 2017...

CLIMATE NORMAL PERIOD 1981 TO 2010
CLIMATE RECORD PERIOD 9999 TO 9999


WEATHER ITEM   OBSERVED TIME   RECORD YEAR NORMAL DEPARTURE LAST
                VALUE   (LST)  VALUE       VALUE  FROM      YEAR
                                                  NORMAL
..................................................................
TEMPERATURE (F)
 YESTERDAY
  MAXIMUM         82    448 PM  MM      MM  65     17       62
  MINIMUM         66    706 AM  MM      MM  45     21       35
  AVERAGE         74                        55     19       49

PRECIPITATION (IN)
  YESTERDAY        0.00         MM      MM   0.13  -0.13     0.02
  MONTH TO DATE    0.46                      1.17  -0.71     0.15
  SINCE MAR 1      3.91                      5.33  -1.42     5.70
  SINCE JAN 1      9.93                     11.89  -1.96    11.59

SNOWFALL (IN)
  YESTERDAY       MM            MM      MM  MM     MM       MM
  MONTH TO DATE   MM                        MM     MM       MM
  SINCE MAR 1     MM                        MM     MM       MM
  SINCE JUL 1     MM                        MM     MM       MM
  SNOW DEPTH      MM

DEGREE DAYS
 HEATING
  YESTERDAY        0                        11    -11       16
  MONTH TO DATE   68                       120    -52      169
  SINCE MAR 1    548                       682   -134      534
  SINCE JUL 1   3110                      4043   -933     3321

 COOLING
  YESTERDAY        9                         1      8        0
  MONTH TO DATE   14                        10      4        0
  SINCE MAR 1     23                        14      9        4
  SINCE JAN 1     26                        14     12        4
..................................................................


WIND (MPH)
  HIGHEST WIND SPEED    23   HIGHEST WIND DIRECTION     S (180)
  HIGHEST GUST SPEED    34   HIGHEST GUST DIRECTION    SW (240)
  AVERAGE WIND SPEED    11.5


SKY COVER
  POSSIBLE SUNSHINE  MM
  AVERAGE SKY COVER 0.1


WEATHER CONDITIONS
 THE FOLLOWING WEATHER WAS RECORDED YESTERDAY.
  NO SIGNIFICANT WEATHER WAS OBSERVED.


RELATIVE HUMIDITY (PERCENT)
 HIGHEST    40           700 AM
 LOWEST     20           300 PM
 AVERAGE    30

..........................................................


THE LOUISVILLE BOWMAN KY CLIMATE NORMALS FOR TODAY
                         NORMAL
 MAXIMUM TEMPERATURE (F)   66
 MINIMUM TEMPERATURE (F)   46


SUNRISE AND SUNSET
APRIL 11 2017.........SUNRISE   712 AM EDT   SUNSET   815 PM EDT
APRIL 12 2017.........SUNRISE   711 AM EDT   SUNSET   816 PM EDT


-  INDICATES NEGATIVE NUMBERS.
R  INDICATES RECORD WAS SET OR TIED.
MM INDICATES DATA IS MISSING.
T  INDICATES TRACE AMOUNT.




$$
