377
CDUS43 KLMK 220627
CLILOU


CLIMATE REPORT
NATIONAL WEATHER SERVICE LOUISVILLE KY
227 AM EDT FRI APR 22 2016


...................................

...THE LOUISVILLE BOWMAN KY CLIMATE SUMMARY FOR APRIL 21 2016...

CLIMATE NORMAL PERIOD 1981 TO 2010
CLIMATE RECORD PERIOD 9999 TO 9999


WEATHER ITEM   OBSERVED TIME   RECORD YEAR NORMAL DEPARTURE LAST
                VALUE   (LST)  VALUE       VALUE  FROM      YEAR
                                                  NORMAL
..................................................................
TEMPERATURE (F)
 YESTERDAY
  MAXIMUM         73    129 PM  MM      MM  69      4       66
  MINIMUM         58   1117 PM  MM      MM  49      9       43
  AVERAGE         66                        59      7       55

PRECIPITATION (IN)
  YESTERDAY        0.30         MM      MM   0.14   0.16     0.00
  MONTH TO DATE    1.30                      2.61  -1.31     9.49
  SINCE MAR 1      6.85                      6.77   0.08    16.23
  SINCE JAN 1     12.74                     13.33  -0.59    19.01

SNOWFALL (IN)
  YESTERDAY       MM            MM      MM  MM     MM       MM
  MONTH TO DATE   MM                        MM     MM       MM
  SINCE MAR 1     MM                        MM     MM       MM
  SINCE JUL 1     MM                        MM     MM       MM
  SNOW DEPTH      MM

DEGREE DAYS
 HEATING
  YESTERDAY        0                         7     -7       10
  MONTH TO DATE  217                       216      1       98
  SINCE MAR 1    582                       778   -196      690
  SINCE JUL 1   3369                      4139   -770     4474

 COOLING
  YESTERDAY        1                         1      0        0
  MONTH TO DATE   15                        21     -6       21
  SINCE MAR 1     19                        25     -6       21
  SINCE JAN 1     19                        25     -6       21
..................................................................


WIND (MPH)
  HIGHEST WIND SPEED    22   HIGHEST WIND DIRECTION     W (280)
  HIGHEST GUST SPEED    26   HIGHEST GUST DIRECTION     W (270)
  AVERAGE WIND SPEED     5.8


SKY COVER
  POSSIBLE SUNSHINE  MM
  AVERAGE SKY COVER 0.6


WEATHER CONDITIONS
 THE FOLLOWING WEATHER WAS RECORDED YESTERDAY.
  HEAVY RAIN
  RAIN
  LIGHT RAIN
  FOG


RELATIVE HUMIDITY (PERCENT)
 HIGHEST    84           400 PM
 LOWEST     57          1200 PM
 AVERAGE    71

..........................................................


THE LOUISVILLE BOWMAN KY CLIMATE NORMALS FOR TODAY
                         NORMAL
 MAXIMUM TEMPERATURE (F)   69
 MINIMUM TEMPERATURE (F)   49


SUNRISE AND SUNSET
APRIL 22 2016.........SUNRISE   657 AM EDT   SUNSET   826 PM EDT
APRIL 23 2016.........SUNRISE   655 AM EDT   SUNSET   827 PM EDT


-  INDICATES NEGATIVE NUMBERS.
R  INDICATES RECORD WAS SET OR TIED.
MM INDICATES DATA IS MISSING.
T  INDICATES TRACE AMOUNT.




$$
