000
CDUS43 KLMK 252130
CLILOU


CLIMATE REPORT
NATIONAL WEATHER SERVICE LOUISVILLE KY
429 PM EST FRI NOV 25 2016


...................................

...THE LOUISVILLE BOWMAN KY CLIMATE SUMMARY FOR NOVEMBER 25 2016...
VALID TODAY AS OF 0400 PM LOCAL TIME.

CLIMATE NORMAL PERIOD 1981 TO 2010
CLIMATE RECORD PERIOD 9999 TO 9999


WEATHER ITEM   OBSERVED TIME   RECORD YEAR NORMAL DEPARTURE LAST
                VALUE   (LST)  VALUE       VALUE  FROM      YEAR
                                                  NORMAL
..................................................................
TEMPERATURE (F)
 TODAY
  MAXIMUM         47   1203 AM  MM      MM  52     -5       60
  MINIMUM         41    831 AM  MM      MM  35      6       37
  AVERAGE         44                        43      1       49

PRECIPITATION (IN)
  TODAY            0.00         MM      MM   0.13  -0.13     0.00
  MONTH TO DATE    0.85                      2.99  -2.14     4.09
  SINCE SEP 1      3.70                      9.37  -5.67     9.99
  SINCE JAN 1     39.27                     40.91  -1.64    50.66

SNOWFALL (IN)
  TODAY           MM            MM      MM  MM     MM       MM
  MONTH TO DATE   MM                        MM     MM       MM
  SINCE SEP 1     MM                        MM     MM       MM
  SINCE JUL 1     MM                        MM     MM       MM
  SNOW DEPTH      MM

DEGREE DAYS
 HEATING
  TODAY           21                        22     -1       16
  MONTH TO DATE  331                       414    -83      347
  SINCE SEP 1    444                       690   -246      543
  SINCE JUL 1    444                       690   -246      543

 COOLING
  TODAY            0                         0      0        0
  MONTH TO DATE   12                         0     12        5
  SINCE SEP 1    408                       203    205      277
  SINCE JAN 1   1882                      1442    440     1574
..................................................................


WIND (MPH)
  HIGHEST WIND SPEED    13   HIGHEST WIND DIRECTION     W (270)
  HIGHEST GUST SPEED    14   HIGHEST GUST DIRECTION     W (280)
  AVERAGE WIND SPEED     6.4


SKY COVER
  POSSIBLE SUNSHINE  MM
  AVERAGE SKY COVER 1.0


WEATHER CONDITIONS
 THE FOLLOWING WEATHER WAS RECORDED TODAY.
  NO SIGNIFICANT WEATHER WAS OBSERVED.


RELATIVE HUMIDITY (PERCENT)
 HIGHEST    83           100 AM
 LOWEST     67           400 PM
 AVERAGE    75

..........................................................




SUNRISE AND SUNSET
NOVEMBER 25 2016......SUNRISE   735 AM EST   SUNSET   524 PM EST
NOVEMBER 26 2016......SUNRISE   736 AM EST   SUNSET   524 PM EST


-  INDICATES NEGATIVE NUMBERS.
R  INDICATES RECORD WAS SET OR TIED.
MM INDICATES DATA IS MISSING.
T  INDICATES TRACE AMOUNT.




$$
