000
CDUS43 KLMK 082026
CLILOU


CLIMATE REPORT
NATIONAL WEATHER SERVICE LOUISVILLE KY
426 PM EDT TUE APR 8 2014


...................................

...THE LOUISVILLE BOWMAN KY CLIMATE SUMMARY FOR APRIL 8 2014...
VALID TODAY AS OF 0400 PM LOCAL TIME.

CLIMATE NORMAL PERIOD 1981 TO 2010
CLIMATE RECORD PERIOD 9999 TO 9999


WEATHER ITEM   OBSERVED TIME   RECORD YEAR NORMAL DEPARTURE LAST
                VALUE   (LST)  VALUE       VALUE  FROM      YEAR
                                                  NORMAL
..................................................................
TEMPERATURE (F)
 TODAY
  MAXIMUM         61    300 PM  MM      MM  65     -4       74
  MINIMUM         45        MM  MM      MM  45      0       54
  AVERAGE         53                        55     -2       64

PRECIPITATION (IN)
  TODAY            0.00         MM      MM   0.12  -0.12     0.00
  MONTH TO DATE    3.79                      0.92   2.87      T
  SINCE MAR 1      5.97                      5.08   0.89     4.13
  SINCE JAN 1     11.74                     11.64   0.10    10.84

SNOWFALL (IN)
  TODAY           MM            MM      MM  MM     MM       MM
  MONTH TO DATE   MM                        MM     MM       MM
  SINCE MAR 1     MM                        MM     MM       MM
  SINCE JUL 1     MM                        MM     MM       MM
  SNOW DEPTH      MM

DEGREE DAYS
 HEATING
  TODAY           12                        11      1        1
  MONTH TO DATE   65                        98    -33      112
  SINCE MAR 1    742                       660     82      875
  SINCE JUL 1   4551                      4021    530     4105

 COOLING
  TODAY            0                         1     -1        0
  MONTH TO DATE    4                         8     -4        1
  SINCE MAR 1      4                        12     -8        1
  SINCE JAN 1      4                        12     -8        1
..................................................................


WIND (MPH)
  HIGHEST WIND SPEED    13   HIGHEST WIND DIRECTION     W (260)
  HIGHEST GUST SPEED    MM   HIGHEST GUST DIRECTION    MM
  AVERAGE WIND SPEED     6.0


SKY COVER
  POSSIBLE SUNSHINE  MM
  AVERAGE SKY COVER 0.8


WEATHER CONDITIONS
 THE FOLLOWING WEATHER WAS RECORDED TODAY.
  FOG
  HAZE


RELATIVE HUMIDITY (PERCENT)
 HIGHEST    89           700 AM
 LOWEST     55           200 PM
 AVERAGE    72

..........................................................




SUNRISE AND SUNSET
APRIL  8 2014.........SUNRISE   717 AM EDT   SUNSET   812 PM EDT
APRIL  9 2014.........SUNRISE   716 AM EDT   SUNSET   813 PM EDT


-  INDICATES NEGATIVE NUMBERS.
R  INDICATES RECORD WAS SET OR TIED.
MM INDICATES DATA IS MISSING.
T  INDICATES TRACE AMOUNT.




$$
