000
CDUS43 KLMK 112026
CLILOU


CLIMATE REPORT
NATIONAL WEATHER SERVICE LOUISVILLE KY
426 PM EDT TUE APR 11 2017


...................................

...THE LOUISVILLE BOWMAN KY CLIMATE SUMMARY FOR APRIL 11 2017...
VALID TODAY AS OF 0400 PM LOCAL TIME.

CLIMATE NORMAL PERIOD 1981 TO 2010
CLIMATE RECORD PERIOD 9999 TO 9999


WEATHER ITEM   OBSERVED TIME   RECORD YEAR NORMAL DEPARTURE LAST
                VALUE   (LST)  VALUE       VALUE  FROM      YEAR
                                                  NORMAL
..................................................................
TEMPERATURE (F)
 TODAY
  MAXIMUM         72   1244 AM  MM      MM  66      6       66
  MINIMUM         59    259 PM  MM      MM  46     13       45
  AVERAGE         66                        56     10       56

PRECIPITATION (IN)
  TODAY            0.49         MM      MM   0.12   0.37     0.85
  MONTH TO DATE    0.95                      1.29  -0.34     1.00
  SINCE MAR 1      4.40                      5.45  -1.05     6.55
  SINCE JAN 1     10.42                     12.01  -1.59    12.44

SNOWFALL (IN)
  TODAY           MM            MM      MM  MM     MM       MM
  MONTH TO DATE   MM                        MM     MM       MM
  SINCE MAR 1     MM                        MM     MM       MM
  SINCE JUL 1     MM                        MM     MM       MM
  SNOW DEPTH      MM

DEGREE DAYS
 HEATING
  TODAY            0                        10    -10        9
  MONTH TO DATE   68                       130    -62      178
  SINCE MAR 1    548                       692   -144      543
  SINCE JUL 1   3110                      4053   -943     3330

 COOLING
  TODAY            1                         1      0        0
  MONTH TO DATE   15                        11      4        0
  SINCE MAR 1     24                        15      9        4
  SINCE JAN 1     27                        15     12        4
..................................................................


WIND (MPH)
  HIGHEST WIND SPEED    13   HIGHEST WIND DIRECTION    NW (310)
  HIGHEST GUST SPEED    17   HIGHEST GUST DIRECTION     S (200)
  AVERAGE WIND SPEED     5.9


SKY COVER
  POSSIBLE SUNSHINE  MM
  AVERAGE SKY COVER 1.0


WEATHER CONDITIONS
 THE FOLLOWING WEATHER WAS RECORDED TODAY.
  HEAVY RAIN
  RAIN
  LIGHT RAIN
  FOG


RELATIVE HUMIDITY (PERCENT)
 HIGHEST    87          1200 PM
 LOWEST     35          1200 AM
 AVERAGE    61

..........................................................




SUNRISE AND SUNSET
APRIL 11 2017.........SUNRISE   712 AM EDT   SUNSET   815 PM EDT
APRIL 12 2017.........SUNRISE   711 AM EDT   SUNSET   816 PM EDT


-  INDICATES NEGATIVE NUMBERS.
R  INDICATES RECORD WAS SET OR TIED.
MM INDICATES DATA IS MISSING.
T  INDICATES TRACE AMOUNT.




$$
