000
CDUS43 KLMK 122030
CLILOU


CLIMATE REPORT
NATIONAL WEATHER SERVICE LOUISVILLE KY
429 PM EDT FRI SEP 12 2014


...................................

...THE LOUISVILLE BOWMAN KY CLIMATE SUMMARY FOR SEPTEMBER 12 2014...
VALID TODAY AS OF 0400 PM LOCAL TIME.

CLIMATE NORMAL PERIOD 1981 TO 2010
CLIMATE RECORD PERIOD 9999 TO 9999


WEATHER ITEM   OBSERVED TIME   RECORD YEAR NORMAL DEPARTURE LAST
                VALUE   (LST)  VALUE       VALUE  FROM      YEAR
                                                  NORMAL
..................................................................
TEMPERATURE (F)
 TODAY
  MAXIMUM         67    303 PM  MM      MM  82    -15       82
  MINIMUM         59    705 AM  MM      MM  61     -2       71
  AVERAGE         63                        71     -8       77

PRECIPITATION (IN)
  TODAY            0.00         MM      MM   0.10  -0.10     0.04
  MONTH TO DATE    3.01                      1.17   1.84     1.51
  SINCE SEP 1      3.01                      1.17   1.84     1.51
  SINCE JAN 1     33.47                     32.71   0.76    38.57

SNOWFALL (IN)
  TODAY           MM            MM      MM  MM     MM       MM
  MONTH TO DATE   MM                        MM     MM       MM
  SINCE SEP 1     MM                        MM     MM       MM
  SINCE JUL 1     MM                        MM     MM       MM
  SNOW DEPTH      MM

DEGREE DAYS
 HEATING
  TODAY            2                         0      2        0
  MONTH TO DATE    2                         0      2        0
  SINCE SEP 1      2                         0      2        0
  SINCE JUL 1      2                         0      2        0

 COOLING
  TODAY            0                         7     -7       12
  MONTH TO DATE  117                       102     15      146
  SINCE SEP 1    117                       102     15      146
  SINCE JAN 1   1462                      1341    121     1349
..................................................................


WIND (MPH)
  HIGHEST WIND SPEED    12   HIGHEST WIND DIRECTION    NE (40)
  HIGHEST GUST SPEED    16   HIGHEST GUST DIRECTION    NE (40)
  AVERAGE WIND SPEED     7.8


SKY COVER
  POSSIBLE SUNSHINE  MM
  AVERAGE SKY COVER 1.0


WEATHER CONDITIONS
 THE FOLLOWING WEATHER WAS RECORDED TODAY.
  NO SIGNIFICANT WEATHER WAS OBSERVED.


RELATIVE HUMIDITY (PERCENT)
 HIGHEST    80           700 AM
 LOWEST     63           300 PM
 AVERAGE    72

..........................................................




SUNRISE AND SUNSET
SEPTEMBER 12 2014.....SUNRISE   722 AM EDT   SUNSET   755 PM EDT
SEPTEMBER 13 2014.....SUNRISE   723 AM EDT   SUNSET   754 PM EDT


-  INDICATES NEGATIVE NUMBERS.
R  INDICATES RECORD WAS SET OR TIED.
MM INDICATES DATA IS MISSING.
T  INDICATES TRACE AMOUNT.




$$
