000
CDUS43 KLMK 200628
CLILOU

CLIMATE REPORT
NATIONAL WEATHER SERVICE LOUISVILLE KY
126 AM EST TUE JAN 20 2015

...................................

...THE LOUISVILLE BOWMAN KY CLIMATE SUMMARY FOR JANUARY 19 2015...

CLIMATE NORMAL PERIOD 1981 TO 2010
CLIMATE RECORD PERIOD 9999 TO 9999


WEATHER ITEM   OBSERVED TIME   RECORD YEAR NORMAL DEPARTURE LAST
                VALUE   (LST)  VALUE       VALUE  FROM      YEAR
                                                  NORMAL
..................................................................
TEMPERATURE (F)
 YESTERDAY
  MAXIMUM         57    416 PM  MM      MM  42     15       40
  MINIMUM         27    552 AM  MM      MM  26      1       26
  AVERAGE         42                        34      8       33

PRECIPITATION (IN)
  YESTERDAY        0.00         MM      MM   0.10  -0.10     0.00
  MONTH TO DATE    0.62                      2.24  -1.62     2.05
  SINCE DEC 1      3.80                      6.25  -2.45     7.57
  SINCE JAN 1      0.62                      2.24  -1.62     2.05

SNOWFALL (IN)
  YESTERDAY       MM            MM      MM  MM     MM       MM
  MONTH TO DATE   MM                        MM     MM       MM
  SINCE DEC 1     MM                        MM     MM       MM
  SINCE JUL 1     MM                        MM     MM       MM
  SNOW DEPTH      MM

DEGREE DAYS
 HEATING
  YESTERDAY       23                        31     -8       32
  MONTH TO DATE  642                       583     59      647
  SINCE DEC 1   1407                      1443    -36     1487
  SINCE JUL 1   2386                      2247    139     2395

 COOLING
  YESTERDAY        0                         0      0        0
  MONTH TO DATE    0                         0      0        0
  SINCE DEC 1      0                         0      0        0
  SINCE JAN 1      0                         0      0        0
..................................................................


WIND (MPH)
  HIGHEST WIND SPEED     7   HIGHEST WIND DIRECTION    NE (50)
  HIGHEST GUST SPEED     9   HIGHEST GUST DIRECTION    NE (60)
  AVERAGE WIND SPEED     0.5


SKY COVER
  POSSIBLE SUNSHINE  MM
  AVERAGE SKY COVER 0.0


WEATHER CONDITIONS
 THE FOLLOWING WEATHER WAS RECORDED YESTERDAY.
  NO SIGNIFICANT WEATHER WAS OBSERVED.


RELATIVE HUMIDITY (PERCENT)
 HIGHEST    85           300 AM
 LOWEST     32           300 PM
 AVERAGE    59

..........................................................


THE LOUISVILLE BOWMAN KY CLIMATE NORMALS FOR TODAY
                         NORMAL
 MAXIMUM TEMPERATURE (F)   42
 MINIMUM TEMPERATURE (F)   26


SUNRISE AND SUNSET
JANUARY 20 2015.......SUNRISE   756 AM EST   SUNSET   552 PM EST
JANUARY 21 2015.......SUNRISE   755 AM EST   SUNSET   553 PM EST


-  INDICATES NEGATIVE NUMBERS.
R  INDICATES RECORD WAS SET OR TIED.
MM INDICATES DATA IS MISSING.
T  INDICATES TRACE AMOUNT.

$$
04
