000
CDUS43 KLMK 140628
CLILOU


CLIMATE REPORT
NATIONAL WEATHER SERVICE LOUISVILLE KY
226 AM EDT TUE OCT 14 2014


...................................

...THE LOUISVILLE BOWMAN KY CLIMATE SUMMARY FOR OCTOBER 13 2014...

CLIMATE NORMAL PERIOD 1981 TO 2010
CLIMATE RECORD PERIOD 9999 TO 9999


WEATHER ITEM   OBSERVED TIME   RECORD YEAR NORMAL DEPARTURE LAST
                VALUE   (LST)  VALUE       VALUE  FROM      YEAR
                                                  NORMAL
..................................................................
TEMPERATURE (F)
 YESTERDAY
  MAXIMUM         78    253 PM  MM      MM  70      8       76
  MINIMUM         65   1159 PM  MM      MM  48     17       57
  AVERAGE         72                        59     13       67

PRECIPITATION (IN)
  YESTERDAY        0.94         MM      MM   0.11   0.83     0.00
  MONTH TO DATE    2.37                      1.32   1.05     7.38
  SINCE SEP 1      5.51                      4.48   1.03    10.77
  SINCE JAN 1     35.97                     36.02  -0.05    47.83

SNOWFALL (IN)
  YESTERDAY       MM            MM      MM  MM     MM       MM
  MONTH TO DATE   MM                        MM     MM       MM
  SINCE SEP 1     MM                        MM     MM       MM
  SINCE JUL 1     MM                        MM     MM       MM
  SNOW DEPTH      MM

DEGREE DAYS
 HEATING
  YESTERDAY        0                         7     -7        0
  MONTH TO DATE   67                        73     -6       29
  SINCE SEP 1     99                       109    -10       39
  SINCE JUL 1     99                       109    -10       39

 COOLING
  YESTERDAY        7                         1      6        2
  MONTH TO DATE   22                        20      2       42
  SINCE SEP 1    189                       194     -5      243
  SINCE JAN 1   1534                      1433    101     1446
..................................................................


WIND (MPH)
  HIGHEST WIND SPEED    21   HIGHEST WIND DIRECTION     W (250)
  HIGHEST GUST SPEED    27   HIGHEST GUST DIRECTION     S (170)
  AVERAGE WIND SPEED     7.8


SKY COVER
  POSSIBLE SUNSHINE  MM
  AVERAGE SKY COVER 0.7


WEATHER CONDITIONS
 THE FOLLOWING WEATHER WAS RECORDED YESTERDAY.
  THUNDERSTORM
  HEAVY RAIN
  RAIN
  LIGHT RAIN
  FOG


RELATIVE HUMIDITY (PERCENT)
 HIGHEST   100           500 AM
 LOWEST     60           500 PM
 AVERAGE    80

..........................................................


THE LOUISVILLE BOWMAN KY CLIMATE NORMALS FOR TODAY
                         NORMAL
 MAXIMUM TEMPERATURE (F)   69
 MINIMUM TEMPERATURE (F)   48


SUNRISE AND SUNSET
OCTOBER 14 2014.......SUNRISE   750 AM EDT   SUNSET   706 PM EDT
OCTOBER 15 2014.......SUNRISE   751 AM EDT   SUNSET   705 PM EDT


-  INDICATES NEGATIVE NUMBERS.
R  INDICATES RECORD WAS SET OR TIED.
MM INDICATES DATA IS MISSING.
T  INDICATES TRACE AMOUNT.




$$
