000
CDUS43 KLMK 070629
CLILOU


CLIMATE REPORT
NATIONAL WEATHER SERVICE LOUISVILLE KY
229 AM EDT MON APR 7 2014


...................................

...THE LOUISVILLE BOWMAN KY CLIMATE SUMMARY FOR APRIL 6 2014...

CLIMATE NORMAL PERIOD 1981 TO 2010
CLIMATE RECORD PERIOD 9999 TO 9999


WEATHER ITEM   OBSERVED TIME   RECORD YEAR NORMAL DEPARTURE LAST
                VALUE   (LST)  VALUE       VALUE  FROM      YEAR
                                                  NORMAL
..................................................................
TEMPERATURE (F)
 YESTERDAY
  MAXIMUM         64    438 PM  MM      MM  64      0       72
  MINIMUM         40    632 AM  MM      MM  44     -4       46
  AVERAGE         52                        54     -2       59

PRECIPITATION (IN)
  YESTERDAY        0.00         MM      MM   0.12  -0.12     0.00
  MONTH TO DATE    2.84                      0.68   2.16     0.00
  SINCE MAR 1      5.02                      4.84   0.18     4.13
  SINCE JAN 1     10.79                     11.40  -0.61    10.84

SNOWFALL (IN)
  YESTERDAY       MM            MM      MM  MM     MM       MM
  MONTH TO DATE   MM                        MM     MM       MM
  SINCE MAR 1     MM                        MM     MM       MM
  SINCE JUL 1     MM                        MM     MM       MM
  SNOW DEPTH      MM

DEGREE DAYS
 HEATING
  YESTERDAY       13                        12      1        6
  MONTH TO DATE   43                        75    -32      111
  SINCE MAR 1    720                       637     83      874
  SINCE JUL 1   4529                      3998    531     4104

 COOLING
  YESTERDAY        0                         1     -1        0
  MONTH TO DATE    4                         6     -2        0
  SINCE MAR 1      4                        10     -6        0
  SINCE JAN 1      4                        10     -6        0
..................................................................


WIND (MPH)
  HIGHEST WIND SPEED    13   HIGHEST WIND DIRECTION     E (80)
  HIGHEST GUST SPEED    17   HIGHEST GUST DIRECTION     E (80)
  AVERAGE WIND SPEED     5.0


SKY COVER
  POSSIBLE SUNSHINE  MM
  AVERAGE SKY COVER 0.0


WEATHER CONDITIONS
 THE FOLLOWING WEATHER WAS RECORDED YESTERDAY.
  NO SIGNIFICANT WEATHER WAS OBSERVED.


RELATIVE HUMIDITY (PERCENT)
 HIGHEST    65           700 AM
 LOWEST     28           400 PM
 AVERAGE    47

..........................................................


THE LOUISVILLE BOWMAN KY CLIMATE NORMALS FOR TODAY
                         NORMAL
 MAXIMUM TEMPERATURE (F)   64
 MINIMUM TEMPERATURE (F)   44


SUNRISE AND SUNSET
APRIL  7 2014.........SUNRISE   719 AM EDT   SUNSET   811 PM EDT
APRIL  8 2014.........SUNRISE   717 AM EDT   SUNSET   812 PM EDT


-  INDICATES NEGATIVE NUMBERS.
R  INDICATES RECORD WAS SET OR TIED.
MM INDICATES DATA IS MISSING.
T  INDICATES TRACE AMOUNT.




$$
