000
CDUS43 KLMK 302027
CLILOU


CLIMATE REPORT
NATIONAL WEATHER SERVICE LOUISVILLE KY
427 PM EDT MON OCT 30 2017


...................................

...THE LOUISVILLE BOWMAN KY CLIMATE SUMMARY FOR OCTOBER 30 2017...
VALID TODAY AS OF 0400 PM LOCAL TIME.

CLIMATE NORMAL PERIOD 1981 TO 2010
CLIMATE RECORD PERIOD 9999 TO 9999


WEATHER ITEM   OBSERVED TIME   RECORD YEAR NORMAL DEPARTURE LAST
                VALUE   (LST)  VALUE       VALUE  FROM      YEAR
                                                  NORMAL
..................................................................
TEMPERATURE (F)
 TODAY
  MAXIMUM         57    222 PM  MM      MM  64     -7       82
  MINIMUM         30    213 AM  MM      MM  44    -14       57
  AVERAGE         44                        54    -10       70

PRECIPITATION (IN)
  TODAY            0.00         MM      MM   0.09  -0.09     0.00
  MONTH TO DATE    5.13                      3.12   2.01     0.64
  SINCE SEP 1     10.23                      6.28   3.95     2.85
  SINCE JAN 1     39.96                     37.82   2.14    38.42

SNOWFALL (IN)
  TODAY           MM            MM      MM  MM     MM       MM
  MONTH TO DATE   MM                        MM     MM       MM
  SINCE SEP 1     MM                        MM     MM       MM
  SINCE JUL 1     MM                        MM     MM       MM
  SNOW DEPTH      MM

DEGREE DAYS
 HEATING
  TODAY           21                        11     10        0
  MONTH TO DATE  189                       228    -39       96
  SINCE SEP 1    213                       264    -51      112
  SINCE JUL 1    213                       264    -51      112

 COOLING
  TODAY            0                         0      0        5
  MONTH TO DATE   59                        30     29       96
  SINCE SEP 1    228                       204     24      396
  SINCE JAN 1   1562                      1443    119     1870
..................................................................


WIND (MPH)
  HIGHEST WIND SPEED    18   HIGHEST WIND DIRECTION    NW (310)
  HIGHEST GUST SPEED    26   HIGHEST GUST DIRECTION     W (260)
  AVERAGE WIND SPEED     9.1


SKY COVER
  POSSIBLE SUNSHINE  MM
  AVERAGE SKY COVER 0.7


WEATHER CONDITIONS
 THE FOLLOWING WEATHER WAS RECORDED TODAY.
  NO SIGNIFICANT WEATHER WAS OBSERVED.


RELATIVE HUMIDITY (PERCENT)
 HIGHEST   100          1200 AM
 LOWEST     47           200 PM
 AVERAGE    74

..........................................................




SUNRISE AND SUNSET
OCTOBER 30 2017.......SUNRISE   807 AM EDT   SUNSET   645 PM EDT
OCTOBER 31 2017.......SUNRISE   808 AM EDT   SUNSET   644 PM EDT


-  INDICATES NEGATIVE NUMBERS.
R  INDICATES RECORD WAS SET OR TIED.
MM INDICATES DATA IS MISSING.
T  INDICATES TRACE AMOUNT.




$$
