000
CDUS43 KLMK 082028
CLILOU


CLIMATE REPORT
NATIONAL WEATHER SERVICE LOUISVILLE KY
428 PM EDT SUN MAY 8 2016


...................................

...THE LOUISVILLE BOWMAN KY CLIMATE SUMMARY FOR MAY 8 2016...
VALID TODAY AS OF 0400 PM LOCAL TIME.

CLIMATE NORMAL PERIOD 1981 TO 2010
CLIMATE RECORD PERIOD 9999 TO 9999


WEATHER ITEM   OBSERVED TIME   RECORD YEAR NORMAL DEPARTURE LAST
                VALUE   (LST)  VALUE       VALUE  FROM      YEAR
                                                  NORMAL
..................................................................
TEMPERATURE (F)
 TODAY
  MAXIMUM         65    252 PM  MM      MM  74     -9       87
  MINIMUM         55    737 AM  MM      MM  54      1       60
  AVERAGE         60                        64     -4       74

PRECIPITATION (IN)
  TODAY            0.02         MM      MM   0.18  -0.16     0.00
  MONTH TO DATE    1.69                      1.47   0.22     0.00
  SINCE MAR 1     10.37                      9.71   0.66    16.57
  SINCE JAN 1     16.26                     16.27  -0.01    19.35

SNOWFALL (IN)
  TODAY           MM            MM      MM  MM     MM       MM
  MONTH TO DATE   MM                        MM     MM       MM
  SINCE MAR 1     MM                        MM     MM       MM
  SINCE JUL 1     MM                        MM     MM       MM
  SNOW DEPTH      MM

DEGREE DAYS
 HEATING
  TODAY            5                         3      2        0
  MONTH TO DATE   42                        31     11        9
  SINCE MAR 1    637                       861   -224      803
  SINCE JUL 1   3424                      4222   -798     4587

 COOLING
  TODAY            0                         2     -2        9
  MONTH TO DATE   12                        15     -3       38
  SINCE MAR 1     50                        49      1       59
  SINCE JAN 1     50                        49      1       59
..................................................................


WIND (MPH)
  HIGHEST WIND SPEED    10   HIGHEST WIND DIRECTION    NE (60)
  HIGHEST GUST SPEED    14   HIGHEST GUST DIRECTION     N (20)
  AVERAGE WIND SPEED     3.8


SKY COVER
  POSSIBLE SUNSHINE  MM
  AVERAGE SKY COVER 0.7


WEATHER CONDITIONS
 THE FOLLOWING WEATHER WAS RECORDED TODAY.
  LIGHT RAIN


RELATIVE HUMIDITY (PERCENT)
 HIGHEST    93          1200 AM
 LOWEST     44           300 PM
 AVERAGE    69

..........................................................




SUNRISE AND SUNSET
MAY  8 2016...........SUNRISE   638 AM EDT   SUNSET   841 PM EDT
MAY  9 2016...........SUNRISE   637 AM EDT   SUNSET   842 PM EDT


-  INDICATES NEGATIVE NUMBERS.
R  INDICATES RECORD WAS SET OR TIED.
MM INDICATES DATA IS MISSING.
T  INDICATES TRACE AMOUNT.




$$
