000
CDUS43 KLMK 022032
CLILOU


CLIMATE REPORT
NATIONAL WEATHER SERVICE LOUISVILLE KY
431 PM EDT TUE MAY 2 2017


...................................

...THE LOUISVILLE BOWMAN KY CLIMATE SUMMARY FOR MAY 2 2017...
VALID TODAY AS OF 0400 PM LOCAL TIME.

CLIMATE NORMAL PERIOD 1981 TO 2010
CLIMATE RECORD PERIOD 9999 TO 9999


WEATHER ITEM   OBSERVED TIME   RECORD YEAR NORMAL DEPARTURE LAST
                VALUE   (LST)  VALUE       VALUE  FROM      YEAR
                                                  NORMAL
..................................................................
TEMPERATURE (F)
 TODAY
  MAXIMUM         73    241 PM  MM      MM  72      1       68
  MINIMUM         51    142 AM  MM      MM  52     -1       58
  AVERAGE         62                        62      0       63

PRECIPITATION (IN)
  TODAY            T            MM      MM   0.19  -0.19      T
  MONTH TO DATE    0.28                      0.38  -0.10     1.04
  SINCE MAR 1      8.97                      8.62   0.35     9.72
  SINCE JAN 1     14.99                     15.18  -0.19    15.61

SNOWFALL (IN)
  TODAY           MM            MM      MM  MM     MM       MM
  MONTH TO DATE   MM                        MM     MM       MM
  SINCE MAR 1     MM                        MM     MM       MM
  SINCE JUL 1     MM                        MM     MM       MM
  SNOW DEPTH      MM

DEGREE DAYS
 HEATING
  TODAY            3                         4     -1        2
  MONTH TO DATE    7                         9     -2        2
  SINCE MAR 1    589                       839   -250      597
  SINCE JUL 1   3151                      4200  -1049     3384

 COOLING
  TODAY            0                         2     -2        0
  MONTH TO DATE    0                         3     -3        8
  SINCE MAR 1     97                        37     60       46
  SINCE JAN 1    100                        37     63       46
..................................................................


WIND (MPH)
  HIGHEST WIND SPEED    29   HIGHEST WIND DIRECTION     W (270)
  HIGHEST GUST SPEED    39   HIGHEST GUST DIRECTION     W (280)
  AVERAGE WIND SPEED    13.4


SKY COVER
  POSSIBLE SUNSHINE  MM
  AVERAGE SKY COVER 0.3


WEATHER CONDITIONS
 THE FOLLOWING WEATHER WAS RECORDED TODAY.
  NO SIGNIFICANT WEATHER WAS OBSERVED.


RELATIVE HUMIDITY (PERCENT)
 HIGHEST    71           100 AM
 LOWEST     31           300 PM
 AVERAGE    51

..........................................................




SUNRISE AND SUNSET
MAY  2 2017...........SUNRISE   645 AM EDT   SUNSET   835 PM EDT
MAY  3 2017...........SUNRISE   643 AM EDT   SUNSET   836 PM EDT


-  INDICATES NEGATIVE NUMBERS.
R  INDICATES RECORD WAS SET OR TIED.
MM INDICATES DATA IS MISSING.
T  INDICATES TRACE AMOUNT.




$$
