000
CDUS43 KLMK 060633
CLILOU


CLIMATE REPORT
NATIONAL WEATHER SERVICE LOUISVILLE KY
233 AM EDT SAT MAY 6 2017


...................................

...THE LOUISVILLE BOWMAN KY CLIMATE SUMMARY FOR MAY 5 2017...

CLIMATE NORMAL PERIOD 1981 TO 2010
CLIMATE RECORD PERIOD 9999 TO 9999


WEATHER ITEM   OBSERVED TIME   RECORD YEAR NORMAL DEPARTURE LAST
                VALUE   (LST)  VALUE       VALUE  FROM      YEAR
                                                  NORMAL
..................................................................
TEMPERATURE (F)
 YESTERDAY
  MAXIMUM         57   1217 AM  MM      MM  73    -16       60
  MINIMUM         46    936 PM  MM      MM  53     -7       45
  AVERAGE         52                        63    -11       53

PRECIPITATION (IN)
  YESTERDAY        0.91         MM      MM   0.19   0.72     0.06
  MONTH TO DATE    2.05                      0.93   1.12     1.29
  SINCE MAR 1     10.74                      9.17   1.57     9.97
  SINCE JAN 1     16.76                     15.73   1.03    15.86

SNOWFALL (IN)
  YESTERDAY       MM            MM      MM  MM     MM       MM
  MONTH TO DATE   MM                        MM     MM       MM
  SINCE MAR 1     MM                        MM     MM       MM
  SINCE JUL 1     MM                        MM     MM       MM
  SNOW DEPTH      MM

DEGREE DAYS
 HEATING
  YESTERDAY       13                         4      9       12
  MONTH TO DATE   34                        21     13       31
  SINCE MAR 1    616                       851   -235      626
  SINCE JUL 1   3178                      4212  -1034     3413

 COOLING
  YESTERDAY        0                         2     -2        0
  MONTH TO DATE    0                         9     -9        8
  SINCE MAR 1     97                        43     54       46
  SINCE JAN 1    100                        43     57       46
..................................................................


WIND (MPH)
  HIGHEST WIND SPEED    18   HIGHEST WIND DIRECTION    NW (330)
  HIGHEST GUST SPEED    27   HIGHEST GUST DIRECTION     N (350)
  AVERAGE WIND SPEED     9.7


SKY COVER
  POSSIBLE SUNSHINE  MM
  AVERAGE SKY COVER 0.9


WEATHER CONDITIONS
 THE FOLLOWING WEATHER WAS RECORDED YESTERDAY.
  HEAVY RAIN
  RAIN
  LIGHT RAIN
  FOG


RELATIVE HUMIDITY (PERCENT)
 HIGHEST   100           100 AM
 LOWEST     93          1000 AM
 AVERAGE    97

..........................................................


THE LOUISVILLE BOWMAN KY CLIMATE NORMALS FOR TODAY
                         NORMAL
 MAXIMUM TEMPERATURE (F)   73
 MINIMUM TEMPERATURE (F)   53


SUNRISE AND SUNSET
MAY  6 2017...........SUNRISE   640 AM EDT   SUNSET   839 PM EDT
MAY  7 2017...........SUNRISE   639 AM EDT   SUNSET   840 PM EDT


-  INDICATES NEGATIVE NUMBERS.
R  INDICATES RECORD WAS SET OR TIED.
MM INDICATES DATA IS MISSING.
T  INDICATES TRACE AMOUNT.




$$
