000
CDUS43 KLMK 142028
CLILOU

CLIMATE REPORT
NATIONAL WEATHER SERVICE LOUISVILLE KY
427 PM EDT THU SEP 14 2017


...................................

...THE LOUISVILLE BOWMAN KY CLIMATE SUMMARY FOR SEPTEMBER 14 2017...
VALID TODAY AS OF 0400 PM LOCAL TIME.

CLIMATE NORMAL PERIOD 1981 TO 2010
CLIMATE RECORD PERIOD 9999 TO 9999


WEATHER ITEM   OBSERVED TIME   RECORD YEAR NORMAL DEPARTURE LAST
                VALUE   (LST)  VALUE       VALUE  FROM      YEAR
                                                  NORMAL
..................................................................
TEMPERATURE (F)
 TODAY
  MAXIMUM         74    257 PM  MM      MM  81     -7       90
  MINIMUM         62    615 AM  MM      MM  60      2       63
  AVERAGE         68                        70     -2       77

PRECIPITATION (IN)
  TODAY            0.02         MM      MM   0.11  -0.09     0.00
  MONTH TO DATE    4.42                      1.39   3.03     0.67
  SINCE SEP 1      4.42                      1.39   3.03     0.67
  SINCE JAN 1     34.15                     32.93   1.22    36.24

SNOWFALL (IN)
  TODAY           MM            MM      MM  MM     MM       MM
  MONTH TO DATE   MM                        MM     MM       MM
  SINCE SEP 1     MM                        MM     MM       MM
  SINCE JUL 1     MM                        MM     MM       MM
  SNOW DEPTH      MM

DEGREE DAYS
 HEATING
  TODAY            0                         1     -1        0
  MONTH TO DATE   21                         1     20        0
  SINCE SEP 1     21                         1     20        0
  SINCE JUL 1     21                         1     20        0

 COOLING
  TODAY            3                         6     -3       12
  MONTH TO DATE   23                       114    -91      160
  SINCE SEP 1     23                       114    -91      160
  SINCE JAN 1   1357                      1353      4     1634
..................................................................


WIND (MPH)
  HIGHEST WIND SPEED     6   HIGHEST WIND DIRECTION    SW (240)
  HIGHEST GUST SPEED     7   HIGHEST GUST DIRECTION     W (260)
  AVERAGE WIND SPEED     2.1


SKY COVER
  POSSIBLE SUNSHINE  MM
  AVERAGE SKY COVER 0.9


WEATHER CONDITIONS
 THE FOLLOWING WEATHER WAS RECORDED TODAY.
  LIGHT RAIN
  FOG


RELATIVE HUMIDITY (PERCENT)
 HIGHEST   100           100 AM
 LOWEST     73           300 PM
 AVERAGE    87

..........................................................




SUNRISE AND SUNSET
SEPTEMBER 14 2017.....SUNRISE   724 AM EDT   SUNSET   752 PM EDT
SEPTEMBER 15 2017.....SUNRISE   724 AM EDT   SUNSET   750 PM EDT


-  INDICATES NEGATIVE NUMBERS.
R  INDICATES RECORD WAS SET OR TIED.
MM INDICATES DATA IS MISSING.
T  INDICATES TRACE AMOUNT.




$$
