000
CDUS43 KLMK 162137
CLILOU


CLIMATE REPORT
NATIONAL WEATHER SERVICE LOUISVILLE KY
435 PM EST MON FEB 16 2015


...................................

...THE LOUISVILLE BOWMAN KY CLIMATE SUMMARY FOR FEBRUARY 16 2015...
VALID TODAY AS OF 0400 PM LOCAL TIME.

CLIMATE NORMAL PERIOD 1981 TO 2010
CLIMATE RECORD PERIOD 9999 TO 9999


WEATHER ITEM   OBSERVED TIME   RECORD YEAR NORMAL DEPARTURE LAST
                VALUE   (LST)  VALUE       VALUE  FROM      YEAR
                                                  NORMAL
..................................................................
TEMPERATURE (F)
 TODAY
  MAXIMUM         20   1218 AM  MM      MM  47    -27       37
  MINIMUM         14    210 PM  MM      MM  30    -16       26
  AVERAGE         17                        38    -21       32

PRECIPITATION (IN)
  TODAY            0.46         MM      MM   0.10   0.36      T
  MONTH TO DATE    0.91                      1.82  -0.91     2.57
  SINCE DEC 1      5.00                      9.21  -4.21    10.35
  SINCE JAN 1      1.82                      5.20  -3.38     4.83

SNOWFALL (IN)
  TODAY           MM            MM      MM  MM     MM       MM
  MONTH TO DATE   MM                        MM     MM       MM
  SINCE DEC 1     MM                        MM     MM       MM
  SINCE JUL 1     MM                        MM     MM       MM
  SNOW DEPTH      MM

DEGREE DAYS
 HEATING
  TODAY           48                        27     21       33
  MONTH TO DATE  514                       454     60      598
  SINCE DEC 1   2266                      2259      7     2583
  SINCE JUL 1   3245                      3063    182     3491

 COOLING
  TODAY            0                         0      0        0
  MONTH TO DATE    0                         0      0        0
  SINCE DEC 1      0                         0      0        0
  SINCE JAN 1      0                         0      0        0
..................................................................


WIND (MPH)
  HIGHEST WIND SPEED    14   HIGHEST WIND DIRECTION    NE (60)
  HIGHEST GUST SPEED    18   HIGHEST GUST DIRECTION     E (70)
  AVERAGE WIND SPEED     7.6


SKY COVER
  POSSIBLE SUNSHINE  MM
  AVERAGE SKY COVER 1.0


WEATHER CONDITIONS
 THE FOLLOWING WEATHER WAS RECORDED TODAY.
  SNOW
  LIGHT SNOW
  FOG
  FOG W/VISIBILITY <= 1/4 MILE


RELATIVE HUMIDITY (PERCENT)
 HIGHEST    88           800 AM
 LOWEST     49          1200 AM
 AVERAGE    69

..........................................................




SUNRISE AND SUNSET
FEBRUARY 16 2015......SUNRISE   732 AM EST   SUNSET   622 PM EST
FEBRUARY 17 2015......SUNRISE   731 AM EST   SUNSET   623 PM EST


-  INDICATES NEGATIVE NUMBERS.
R  INDICATES RECORD WAS SET OR TIED.
MM INDICATES DATA IS MISSING.
T  INDICATES TRACE AMOUNT.




$$
