000
CDUS43 KLMK 122033
CLILOU


CLIMATE REPORT
NATIONAL WEATHER SERVICE LOUISVILLE KY
433 PM EDT WED JUL 12 2017


...................................

...THE LOUISVILLE BOWMAN KY CLIMATE SUMMARY FOR JULY 12 2017...
VALID TODAY AS OF 0400 PM LOCAL TIME.

CLIMATE NORMAL PERIOD 1981 TO 2010
CLIMATE RECORD PERIOD 9999 TO 9999


WEATHER ITEM   OBSERVED TIME   RECORD YEAR NORMAL DEPARTURE LAST
                VALUE   (LST)  VALUE       VALUE  FROM      YEAR
                                                  NORMAL
..................................................................
TEMPERATURE (F)
 TODAY
  MAXIMUM         91    403 AM  MM      MM  87      4       81
  MINIMUM         71    653 AM  MM      MM  69      2       73
  AVERAGE         81                        78      3       77

PRECIPITATION (IN)
  TODAY            T            MM      MM   0.13  -0.13     0.46
  MONTH TO DATE    1.43                      1.36   0.07     2.38
  SINCE JUN 1      5.13                      5.50  -0.37     6.72
  SINCE JAN 1     24.69                     25.42  -0.73    26.33

SNOWFALL (IN)
  TODAY           MM            MM      MM  MM     MM       MM
  MONTH TO DATE   MM                        MM     MM       MM
  SINCE JUN 1     MM                        MM     MM       MM
  SINCE JUL 1     MM                        MM     MM       MM
  SNOW DEPTH      MM

DEGREE DAYS
 HEATING
  TODAY            0                         0      0        0
  MONTH TO DATE    0                         0      0        0
  SINCE JUN 1      0                         3     -3        0
  SINCE JUL 1      0                         0      0        0

 COOLING
  TODAY           16                        13      3       12
  MONTH TO DATE  164                       156      8      144
  SINCE JUN 1    465                       461      4      520
  SINCE JAN 1    718                       608    110      667
..................................................................


WIND (MPH)
  HIGHEST WIND SPEED    15   HIGHEST WIND DIRECTION    SW (230)
  HIGHEST GUST SPEED    21   HIGHEST GUST DIRECTION    SW (240)
  AVERAGE WIND SPEED    MM


SKY COVER
  POSSIBLE SUNSHINE  MM
  AVERAGE SKY COVER 0.0


WEATHER CONDITIONS
 THE FOLLOWING WEATHER WAS RECORDED TODAY.
  NO SIGNIFICANT WEATHER WAS OBSERVED.


RELATIVE HUMIDITY (PERCENT)
 HIGHEST    93           300 AM
 LOWEST     79           100 AM
 AVERAGE    86

..........................................................




SUNRISE AND SUNSET
JULY 12 2017..........SUNRISE   630 AM EDT   SUNSET   907 PM EDT
JULY 13 2017..........SUNRISE   630 AM EDT   SUNSET   906 PM EDT


-  INDICATES NEGATIVE NUMBERS.
R  INDICATES RECORD WAS SET OR TIED.
MM INDICATES DATA IS MISSING.
T  INDICATES TRACE AMOUNT.




$$
