000
CDUS43 KLMK 032026
CLILOU


CLIMATE REPORT
NATIONAL WEATHER SERVICE LOUISVILLE KY
426 PM EDT FRI NOV 3 2017


...................................

...THE LOUISVILLE BOWMAN KY CLIMATE SUMMARY FOR NOVEMBER 3 2017...
VALID TODAY AS OF 0400 PM LOCAL TIME.

CLIMATE NORMAL PERIOD 1981 TO 2010
CLIMATE RECORD PERIOD 9999 TO 9999


WEATHER ITEM   OBSERVED TIME   RECORD YEAR NORMAL DEPARTURE LAST
                VALUE   (LST)  VALUE       VALUE  FROM      YEAR
                                                  NORMAL
..................................................................
TEMPERATURE (F)
 TODAY
  MAXIMUM         70    411 AM  MM      MM  62      8       71
  MINIMUM         57    122 PM  MM      MM  43     14       58
  AVERAGE         64                        53     11       65

PRECIPITATION (IN)
  TODAY            1.28         MM      MM   0.13   1.15     0.03
  MONTH TO DATE    1.45                      0.41   1.04     0.03
  SINCE SEP 1     11.68                      6.79   4.89     2.88
  SINCE JAN 1     41.41                     38.33   3.08    38.45

SNOWFALL (IN)
  TODAY           MM            MM      MM  MM     MM       MM
  MONTH TO DATE   MM                        MM     MM       MM
  SINCE SEP 1     MM                        MM     MM       MM
  SINCE JUL 1     MM                        MM     MM       MM
  SNOW DEPTH      MM

DEGREE DAYS
 HEATING
  TODAY            1                        13    -12        0
  MONTH TO DATE   15                        37    -22        0
  SINCE SEP 1    251                       313    -62      113
  SINCE JUL 1    251                       313    -62      113

 COOLING
  TODAY            0                         0      0        0
  MONTH TO DATE    1                         0      1       12
  SINCE SEP 1    229                       203     26      408
  SINCE JAN 1   1563                      1442    121     1882
..................................................................


WIND (MPH)
  HIGHEST WIND SPEED    14   HIGHEST WIND DIRECTION    NW (330)
  HIGHEST GUST SPEED    22   HIGHEST GUST DIRECTION    NW (330)
  AVERAGE WIND SPEED     8.1


SKY COVER
  POSSIBLE SUNSHINE  MM
  AVERAGE SKY COVER 1.0


WEATHER CONDITIONS
 THE FOLLOWING WEATHER WAS RECORDED TODAY.
  THUNDERSTORM
  HEAVY RAIN
  RAIN
  LIGHT RAIN
  FOG


RELATIVE HUMIDITY (PERCENT)
 HIGHEST   100           700 AM
 LOWEST     84          1200 AM
 AVERAGE    92

..........................................................




SUNRISE AND SUNSET
NOVEMBER  3 2017......SUNRISE   811 AM EDT   SUNSET   641 PM EDT
NOVEMBER  4 2017......SUNRISE   812 AM EDT   SUNSET   640 PM EDT


-  INDICATES NEGATIVE NUMBERS.
R  INDICATES RECORD WAS SET OR TIED.
MM INDICATES DATA IS MISSING.
T  INDICATES TRACE AMOUNT.




$$
