000
CDUS43 KLMK 102027
CLILOU


CLIMATE REPORT
NATIONAL WEATHER SERVICE LOUISVILLE KY
427 PM EDT TUE MAY 10 2016


...................................

...THE LOUISVILLE BOWMAN KY CLIMATE SUMMARY FOR MAY 10 2016...
VALID TODAY AS OF 0400 PM LOCAL TIME.

CLIMATE NORMAL PERIOD 1981 TO 2010
CLIMATE RECORD PERIOD 9999 TO 9999


WEATHER ITEM   OBSERVED TIME   RECORD YEAR NORMAL DEPARTURE LAST
                VALUE   (LST)  VALUE       VALUE  FROM      YEAR
                                                  NORMAL
..................................................................
TEMPERATURE (F)
 TODAY
  MAXIMUM         76   1245 PM  MM      MM  75      1       85
  MINIMUM         63    854 AM  MM      MM  54      9       67
  AVERAGE         70                        64      6       76

PRECIPITATION (IN)
  TODAY            0.24         MM      MM   0.16   0.08     0.00
  MONTH TO DATE    1.94                      1.80   0.14     0.46
  SINCE MAR 1     10.62                     10.04   0.58    17.03
  SINCE JAN 1     16.51                     16.60  -0.09    19.81

SNOWFALL (IN)
  TODAY           MM            MM      MM  MM     MM       MM
  MONTH TO DATE   MM                        MM     MM       MM
  SINCE MAR 1     MM                        MM     MM       MM
  SINCE JUL 1     MM                        MM     MM       MM
  SNOW DEPTH      MM

DEGREE DAYS
 HEATING
  TODAY            0                         3     -3        0
  MONTH TO DATE   39                        37      2        9
  SINCE MAR 1    634                       867   -233      803
  SINCE JUL 1   3421                      4228   -807     4587

 COOLING
  TODAY            5                         2      3       11
  MONTH TO DATE   18                        19     -1       61
  SINCE MAR 1     56                        53      3       82
  SINCE JAN 1     56                        53      3       82
..................................................................


WIND (MPH)
  HIGHEST WIND SPEED    25   HIGHEST WIND DIRECTION     W (280)
  HIGHEST GUST SPEED    31   HIGHEST GUST DIRECTION     W (280)
  AVERAGE WIND SPEED     7.2


SKY COVER
  POSSIBLE SUNSHINE  MM
  AVERAGE SKY COVER 0.7


WEATHER CONDITIONS
 THE FOLLOWING WEATHER WAS RECORDED TODAY.
  THUNDERSTORM
  RAIN
  LIGHT RAIN
  FOG


RELATIVE HUMIDITY (PERCENT)
 HIGHEST    84           300 PM
 LOWEST     60           100 PM
 AVERAGE    72

..........................................................




SUNRISE AND SUNSET
MAY 10 2016...........SUNRISE   636 AM EDT   SUNSET   843 PM EDT
MAY 11 2016...........SUNRISE   635 AM EDT   SUNSET   844 PM EDT


-  INDICATES NEGATIVE NUMBERS.
R  INDICATES RECORD WAS SET OR TIED.
MM INDICATES DATA IS MISSING.
T  INDICATES TRACE AMOUNT.




$$
