190
CDUS43 KLMK 122027 RRA
CLILOU

CLIMATE REPORT
NATIONAL WEATHER SERVICE LOUISVILLE KY
427 PM EDT WED APR 12 2017


...................................

...THE LOUISVILLE BOWMAN KY CLIMATE SUMMARY FOR APRIL 12 2017...
VALID TODAY AS OF 0400 PM LOCAL TIME.

CLIMATE NORMAL PERIOD 1981 TO 2010
CLIMATE RECORD PERIOD 9999 TO 9999


WEATHER ITEM   OBSERVED TIME   RECORD YEAR NORMAL DEPARTURE LAST
                VALUE   (LST)  VALUE       VALUE  FROM      YEAR
                                                  NORMAL
..................................................................
TEMPERATURE (F)
 TODAY
  MAXIMUM         72    259 PM  MM      MM  66      6       58
  MINIMUM         49    649 AM  MM      MM  46      3       35
  AVERAGE         61                        56      5       47

PRECIPITATION (IN)
  TODAY            0.00         MM      MM   0.12  -0.12     0.00
  MONTH TO DATE    0.95                      1.41  -0.46     1.00
  SINCE MAR 1      4.40                      5.57  -1.17     6.55
  SINCE JAN 1     10.42                     12.13  -1.71    12.44

SNOWFALL (IN)
  TODAY           MM            MM      MM  MM     MM       MM
  MONTH TO DATE   MM                        MM     MM       MM
  SINCE MAR 1     MM                        MM     MM       MM
  SINCE JUL 1     MM                        MM     MM       MM
  SNOW DEPTH      MM

DEGREE DAYS
 HEATING
  TODAY            4                        10     -6       18
  MONTH TO DATE   72                       140    -68      196
  SINCE MAR 1    552                       702   -150      561
  SINCE JUL 1   3114                      4063   -949     3348

 COOLING
  TODAY            0                         1     -1        0
  MONTH TO DATE   14                        12      2        0
  SINCE MAR 1     23                        16      7        4
  SINCE JAN 1     26                        16     10        4
..................................................................


WIND (MPH)
  HIGHEST WIND SPEED     9   HIGHEST WIND DIRECTION    NE (50)
  HIGHEST GUST SPEED    14   HIGHEST GUST DIRECTION    NW (330)
  AVERAGE WIND SPEED     3.2


SKY COVER
  POSSIBLE SUNSHINE  MM
  AVERAGE SKY COVER 0.0


WEATHER CONDITIONS
 THE FOLLOWING WEATHER WAS RECORDED TODAY.
  NO SIGNIFICANT WEATHER WAS OBSERVED.


RELATIVE HUMIDITY (PERCENT)
 HIGHEST    86           400 AM
 LOWEST     35           300 PM
 AVERAGE    61

..........................................................




SUNRISE AND SUNSET
APRIL 12 2017.........SUNRISE   711 AM EDT   SUNSET   816 PM EDT
APRIL 13 2017.........SUNRISE   709 AM EDT   SUNSET   817 PM EDT


-  INDICATES NEGATIVE NUMBERS.
R  INDICATES RECORD WAS SET OR TIED.
MM INDICATES DATA IS MISSING.
T  INDICATES TRACE AMOUNT.




$$
