000
CDUS43 KLMK 192031
CLILOU


CLIMATE REPORT
NATIONAL WEATHER SERVICE LOUISVILLE KY
430 PM EDT FRI MAY 19 2017


...................................

...THE LOUISVILLE BOWMAN KY CLIMATE SUMMARY FOR MAY 19 2017...
VALID TODAY AS OF 0400 PM LOCAL TIME.

CLIMATE NORMAL PERIOD 1981 TO 2010
CLIMATE RECORD PERIOD 9999 TO 9999


WEATHER ITEM   OBSERVED TIME   RECORD YEAR NORMAL DEPARTURE LAST
                VALUE   (LST)  VALUE       VALUE  FROM      YEAR
                                                  NORMAL
..................................................................
TEMPERATURE (F)
 TODAY
  MAXIMUM         86    143 PM  MM      MM  77      9       73
  MINIMUM         69    531 AM  MM      MM  57     12       46
  AVERAGE         78                        67     11       60

PRECIPITATION (IN)
  TODAY            0.00         MM      MM   0.16  -0.16     0.00
  MONTH TO DATE    2.74                      3.31  -0.57     3.76
  SINCE MAR 1     11.43                     11.55  -0.12    12.44
  SINCE JAN 1     17.45                     18.11  -0.66    18.33

SNOWFALL (IN)
  TODAY           MM            MM      MM  MM     MM       MM
  MONTH TO DATE   MM                        MM     MM       MM
  SINCE MAR 1     MM                        MM     MM       MM
  SINCE JUL 1     MM                        MM     MM       MM
  SNOW DEPTH      MM

DEGREE DAYS
 HEATING
  TODAY            0                         2     -2        5
  MONTH TO DATE   75                        59     16       98
  SINCE MAR 1    657                       889   -232      693
  SINCE JUL 1   3219                      4250  -1031     3480

 COOLING
  TODAY           13                         4      9        0
  MONTH TO DATE   86                        50     36       29
  SINCE MAR 1    183                        84     99       67
  SINCE JAN 1    186                        84    102       67
..................................................................


WIND (MPH)
  HIGHEST WIND SPEED    17   HIGHEST WIND DIRECTION     S (200)
  HIGHEST GUST SPEED    24   HIGHEST GUST DIRECTION     S (190)
  AVERAGE WIND SPEED     5.9


SKY COVER
  POSSIBLE SUNSHINE  MM
  AVERAGE SKY COVER 0.3


WEATHER CONDITIONS
 THE FOLLOWING WEATHER WAS RECORDED TODAY.
  NO SIGNIFICANT WEATHER WAS OBSERVED.


RELATIVE HUMIDITY (PERCENT)
 HIGHEST    90           500 AM
 LOWEST     61           100 PM
 AVERAGE    76

..........................................................




SUNRISE AND SUNSET
MAY 19 2017...........SUNRISE   628 AM EDT   SUNSET   850 PM EDT
MAY 20 2017...........SUNRISE   628 AM EDT   SUNSET   851 PM EDT


-  INDICATES NEGATIVE NUMBERS.
R  INDICATES RECORD WAS SET OR TIED.
MM INDICATES DATA IS MISSING.
T  INDICATES TRACE AMOUNT.




$$
