000
CDUS43 KLMK 070628
CLILOU


CLIMATE REPORT
NATIONAL WEATHER SERVICE LOUISVILLE KY
127 AM EST SAT JAN 7 2017


...................................

...THE LOUISVILLE BOWMAN KY CLIMATE SUMMARY FOR JANUARY 6 2017...

CLIMATE NORMAL PERIOD 1981 TO 2010
CLIMATE RECORD PERIOD 9999 TO 9999


WEATHER ITEM   OBSERVED TIME   RECORD YEAR NORMAL DEPARTURE LAST
                VALUE   (LST)  VALUE       VALUE  FROM      YEAR
                                                  NORMAL
..................................................................
TEMPERATURE (F)
 YESTERDAY
  MAXIMUM         19    326 PM  MM      MM  42    -23       45
  MINIMUM         12   1159 PM  MM      MM  27    -15       22
  AVERAGE         16                        34    -18       34

PRECIPITATION (IN)
  YESTERDAY        T            MM      MM   0.11  -0.11     0.00
  MONTH TO DATE    0.49                      0.76  -0.27      T
  SINCE DEC 1      5.53                      4.77   0.76     6.12
  SINCE JAN 1      0.49                      0.76  -0.27      T

SNOWFALL (IN)
  YESTERDAY       MM            MM      MM  MM     MM       MM
  MONTH TO DATE   MM                        MM     MM       MM
  SINCE DEC 1     MM                        MM     MM       MM
  SINCE JUL 1     MM                        MM     MM       MM
  SNOW DEPTH      MM

DEGREE DAYS
 HEATING
  YESTERDAY       49                        30     19       31
  MONTH TO DATE  173                       180     -7      182
  SINCE DEC 1   1013                      1040    -27      678
  SINCE JUL 1   1541                      1844   -303     1281

 COOLING
  YESTERDAY        0                         0      0        0
  MONTH TO DATE    0                         0      0        0
  SINCE DEC 1      1                         0      1        3
  SINCE JAN 1      0                         0      0        0
..................................................................


WIND (MPH)
  HIGHEST WIND SPEED    16   HIGHEST WIND DIRECTION    NW (320)
  HIGHEST GUST SPEED    20   HIGHEST GUST DIRECTION    NW (310)
  AVERAGE WIND SPEED     8.0


SKY COVER
  POSSIBLE SUNSHINE  MM
  AVERAGE SKY COVER 0.5


WEATHER CONDITIONS
 THE FOLLOWING WEATHER WAS RECORDED YESTERDAY.
  LIGHT SNOW


RELATIVE HUMIDITY (PERCENT)
 HIGHEST    74           100 AM
 LOWEST     47           400 PM
 AVERAGE    61

..........................................................


THE LOUISVILLE BOWMAN KY CLIMATE NORMALS FOR TODAY
                         NORMAL
 MAXIMUM TEMPERATURE (F)   42
 MINIMUM TEMPERATURE (F)   27


SUNRISE AND SUNSET
JANUARY  7 2017.......SUNRISE   800 AM EST   SUNSET   539 PM EST
JANUARY  8 2017.......SUNRISE   759 AM EST   SUNSET   540 PM EST


-  INDICATES NEGATIVE NUMBERS.
R  INDICATES RECORD WAS SET OR TIED.
MM INDICATES DATA IS MISSING.
T  INDICATES TRACE AMOUNT.




$$
