000
CDUS43 KLMK 202131
CLILOU


CLIMATE REPORT
NATIONAL WEATHER SERVICE LOUISVILLE KY
431 PM EST SAT JAN 20 2018


...................................

...THE LOUISVILLE BOWMAN KY CLIMATE SUMMARY FOR JANUARY 20 2018...
VALID TODAY AS OF 0400 PM LOCAL TIME.

CLIMATE NORMAL PERIOD 1981 TO 2010
CLIMATE RECORD PERIOD 9999 TO 9999


WEATHER ITEM   OBSERVED TIME   RECORD YEAR NORMAL DEPARTURE LAST
                VALUE   (LST)  VALUE       VALUE  FROM      YEAR
                                                  NORMAL
..................................................................
TEMPERATURE (F)
 TODAY
  MAXIMUM         51    255 PM  MM      MM  42      9       63
  MINIMUM         36    457 AM  MM      MM  26     10       53
  AVERAGE         44                        34     10       58

PRECIPITATION (IN)
  TODAY            0.00         MM      MM   0.09  -0.09     0.31
  MONTH TO DATE    1.13                      2.33  -1.20     4.23
  SINCE DEC 1      3.88                      6.34  -2.46     9.27
  SINCE JAN 1      1.13                      2.33  -1.20     4.23

SNOWFALL (IN)
  TODAY           MM            MM      MM  MM     MM       MM
  MONTH TO DATE   MM                        MM     MM       MM
  SINCE DEC 1     MM                        MM     MM       MM
  SINCE JUL 1     MM                        MM     MM       MM
  SNOW DEPTH      MM

DEGREE DAYS
 HEATING
  TODAY           21                        31    -10        7
  MONTH TO DATE  783                       614    169      499
  SINCE DEC 1   1686                      1474    212     1339
  SINCE JUL 1   2438                      2278    160     1867

 COOLING
  TODAY            0                         0      0        0
  MONTH TO DATE    0                         0      0        0
  SINCE DEC 1      0                         0      0        1
  SINCE JAN 1      0                         0      0        0
..................................................................


WIND (MPH)
  HIGHEST WIND SPEED    17   HIGHEST WIND DIRECTION    SW (210)
  HIGHEST GUST SPEED    23   HIGHEST GUST DIRECTION    SW (210)
  AVERAGE WIND SPEED     9.3


SKY COVER
  POSSIBLE SUNSHINE  MM
  AVERAGE SKY COVER 0.2


WEATHER CONDITIONS
 THE FOLLOWING WEATHER WAS RECORDED TODAY.
  NO SIGNIFICANT WEATHER WAS OBSERVED.


RELATIVE HUMIDITY (PERCENT)
 HIGHEST    71           400 PM
 LOWEST     41          1100 AM
 AVERAGE    56

..........................................................




SUNRISE AND SUNSET
JANUARY 20 2018.......SUNRISE   756 AM EST   SUNSET   552 PM EST
JANUARY 21 2018.......SUNRISE   755 AM EST   SUNSET   553 PM EST


-  INDICATES NEGATIVE NUMBERS.
R  INDICATES RECORD WAS SET OR TIED.
MM INDICATES DATA IS MISSING.
T  INDICATES TRACE AMOUNT.




$$
