000
CDUS43 KLMK 292027 RRA
CLILOU

CLIMATE REPORT
NATIONAL WEATHER SERVICE LOUISVILLE KY
427 PM EDT WED JUN 29 2016


...................................

...THE LOUISVILLE BOWMAN KY CLIMATE SUMMARY FOR JUNE 29 2016...
VALID TODAY AS OF 0400 PM LOCAL TIME.

CLIMATE NORMAL PERIOD 1981 TO 2010
CLIMATE RECORD PERIOD 9999 TO 9999


WEATHER ITEM   OBSERVED TIME   RECORD YEAR NORMAL DEPARTURE LAST
                VALUE   (LST)  VALUE       VALUE  FROM      YEAR
                                                  NORMAL
..................................................................
TEMPERATURE (F)
 TODAY
  MAXIMUM         80    259 PM  MM      MM  87     -7       84
  MINIMUM         60    544 AM  MM      MM  68     -8       67
  AVERAGE         70                        78     -8       76

PRECIPITATION (IN)
  TODAY            0.00         MM      MM   0.13  -0.13     0.97
  MONTH TO DATE    4.34                      4.03   0.31     7.56
  SINCE JUN 1      4.34                      4.03   0.31     7.56
  SINCE JAN 1     23.95                     23.95   0.00    29.18

SNOWFALL (IN)
  TODAY           MM            MM      MM  MM     MM       MM
  MONTH TO DATE   MM                        MM     MM       MM
  SINCE JUN 1     MM                        MM     MM       MM
  SINCE JUL 1     MM                        MM     MM       MM
  SNOW DEPTH      MM

DEGREE DAYS
 HEATING
  TODAY            0                         0      0        0
  MONTH TO DATE    0                         2     -2        9
  SINCE JUN 1      0                         2     -2        9
  SINCE JUL 1   3488                      4267   -779     4623

 COOLING
  TODAY            5                        13     -8       11
  MONTH TO DATE  368                       293     75      344
  SINCE JUN 1    368                       293     75      344
  SINCE JAN 1    515                       440     75      543
..................................................................


WIND (MPH)
  HIGHEST WIND SPEED    12   HIGHEST WIND DIRECTION    NW (330)
  HIGHEST GUST SPEED    22   HIGHEST GUST DIRECTION     N (340)
  AVERAGE WIND SPEED     5.8


SKY COVER
  POSSIBLE SUNSHINE  MM
  AVERAGE SKY COVER 0.1


WEATHER CONDITIONS
 THE FOLLOWING WEATHER WAS RECORDED TODAY.
  NO SIGNIFICANT WEATHER WAS OBSERVED.


RELATIVE HUMIDITY (PERCENT)
 HIGHEST    84           500 AM
 LOWEST     39           300 PM
 AVERAGE    62

..........................................................




SUNRISE AND SUNSET
JUNE 29 2016..........SUNRISE   622 AM EDT   SUNSET   910 PM EDT
JUNE 30 2016..........SUNRISE   623 AM EDT   SUNSET   910 PM EDT


-  INDICATES NEGATIVE NUMBERS.
R  INDICATES RECORD WAS SET OR TIED.
MM INDICATES DATA IS MISSING.
T  INDICATES TRACE AMOUNT.




$$
