000
CDUS43 KLMK 302134
CLILOU


CLIMATE REPORT
NATIONAL WEATHER SERVICE LOUISVILLE KY
434 PM EST TUE JAN 30 2018


...................................

...THE LOUISVILLE BOWMAN KY CLIMATE SUMMARY FOR JANUARY 30 2018...
VALID TODAY AS OF 0400 PM LOCAL TIME.

CLIMATE NORMAL PERIOD 1981 TO 2010
CLIMATE RECORD PERIOD 9999 TO 9999


WEATHER ITEM   OBSERVED TIME   RECORD YEAR NORMAL DEPARTURE LAST
                VALUE   (LST)  VALUE       VALUE  FROM      YEAR
                                                  NORMAL
..................................................................
TEMPERATURE (F)
 TODAY
  MAXIMUM         38    257 PM  MM      MM  43     -5       42
  MINIMUM         25    739 AM  MM      MM  27     -2       22
  AVERAGE         32                        35     -3       32

PRECIPITATION (IN)
  TODAY            0.00         MM      MM   0.10  -0.10      T
  MONTH TO DATE    1.73                      3.27  -1.54     4.24
  SINCE DEC 1      4.48                      7.28  -2.80     9.28
  SINCE JAN 1      1.73                      3.27  -1.54     4.24

SNOWFALL (IN)
  TODAY           MM            MM      MM  MM     MM       MM
  MONTH TO DATE   MM                        MM     MM       MM
  SINCE DEC 1     MM                        MM     MM       MM
  SINCE JUL 1     MM                        MM     MM       MM
  SNOW DEPTH      MM

DEGREE DAYS
 HEATING
  TODAY           33                        30      3       33
  MONTH TO DATE  997                       918     79      714
  SINCE DEC 1   1900                      1778    122     1554
  SINCE JUL 1   2652                      2582     70     2082

 COOLING
  TODAY            0                         0      0        0
  MONTH TO DATE    0                         0      0        0
  SINCE DEC 1      0                         0      0        1
  SINCE JAN 1      0                         0      0        0
..................................................................


WIND (MPH)
  HIGHEST WIND SPEED    14   HIGHEST WIND DIRECTION    NW (330)
  HIGHEST GUST SPEED    23   HIGHEST GUST DIRECTION     N (340)
  AVERAGE WIND SPEED     5.3


SKY COVER
  POSSIBLE SUNSHINE  MM
  AVERAGE SKY COVER 0.6


WEATHER CONDITIONS
 THE FOLLOWING WEATHER WAS RECORDED TODAY.
  NO SIGNIFICANT WEATHER WAS OBSERVED.


RELATIVE HUMIDITY (PERCENT)
 HIGHEST    63          1200 AM
 LOWEST     40           300 PM
 AVERAGE    52

..........................................................




SUNRISE AND SUNSET
JANUARY 30 2018.......SUNRISE   749 AM EST   SUNSET   603 PM EST
JANUARY 31 2018.......SUNRISE   748 AM EST   SUNSET   604 PM EST


-  INDICATES NEGATIVE NUMBERS.
R  INDICATES RECORD WAS SET OR TIED.
MM INDICATES DATA IS MISSING.
T  INDICATES TRACE AMOUNT.




$$
