000
CDUS43 KLMK 102036
CLILOU


CLIMATE REPORT
NATIONAL WEATHER SERVICE LOUISVILLE KY
436 PM EDT FRI OCT 10 2014


...................................

...THE LOUISVILLE BOWMAN KY CLIMATE SUMMARY FOR OCTOBER 10 2014...
VALID TODAY AS OF 0400 PM LOCAL TIME.

CLIMATE NORMAL PERIOD 1981 TO 2010
CLIMATE RECORD PERIOD 9999 TO 9999


WEATHER ITEM   OBSERVED TIME   RECORD YEAR NORMAL DEPARTURE LAST
                VALUE   (LST)  VALUE       VALUE  FROM      YEAR
                                                  NORMAL
..................................................................
TEMPERATURE (F)
 TODAY
  MAXIMUM         60    116 PM  MM      MM  71    -11       75
  MINIMUM         56    741 AM  MM      MM  49      7       49
  AVERAGE         58                        60     -2       62

PRECIPITATION (IN)
  TODAY            0.58         MM      MM   0.13   0.45     0.00
  MONTH TO DATE    1.20                      0.99   0.21     7.38
  SINCE SEP 1      4.34                      4.15   0.19    10.77
  SINCE JAN 1     34.80                     35.69  -0.89    47.83

SNOWFALL (IN)
  TODAY           MM            MM      MM  MM     MM       MM
  MONTH TO DATE   MM                        MM     MM       MM
  SINCE SEP 1     MM                        MM     MM       MM
  SINCE JUL 1     MM                        MM     MM       MM
  SNOW DEPTH      MM

DEGREE DAYS
 HEATING
  TODAY            7                         6      1        3
  MONTH TO DATE   54                        52      2       27
  SINCE SEP 1     86                        88     -2       37
  SINCE JUL 1     86                        88     -2       37

 COOLING
  TODAY            0                         1     -1        0
  MONTH TO DATE   15                        17     -2       40
  SINCE SEP 1    182                       191     -9      241
  SINCE JAN 1   1527                      1430     97     1444
..................................................................


WIND (MPH)
  HIGHEST WIND SPEED    20   HIGHEST WIND DIRECTION     W (290)
  HIGHEST GUST SPEED    24   HIGHEST GUST DIRECTION     W (280)
  AVERAGE WIND SPEED     5.1


SKY COVER
  POSSIBLE SUNSHINE  MM
  AVERAGE SKY COVER 0.9


WEATHER CONDITIONS
 THE FOLLOWING WEATHER WAS RECORDED TODAY.
  HEAVY RAIN
  RAIN
  LIGHT RAIN
  FOG


RELATIVE HUMIDITY (PERCENT)
 HIGHEST   100           300 AM
 LOWEST     78          1200 AM
 AVERAGE    89

..........................................................




SUNRISE AND SUNSET
OCTOBER 10 2014.......SUNRISE   747 AM EDT   SUNSET   712 PM EDT
OCTOBER 11 2014.......SUNRISE   748 AM EDT   SUNSET   711 PM EDT


-  INDICATES NEGATIVE NUMBERS.
R  INDICATES RECORD WAS SET OR TIED.
MM INDICATES DATA IS MISSING.
T  INDICATES TRACE AMOUNT.




$$
