000
CDUS43 KLMK 302027
CLILOU


CLIMATE REPORT
NATIONAL WEATHER SERVICE LOUISVILLE KY
426 PM EDT FRI JUN 30 2017


...................................

...THE LOUISVILLE BOWMAN KY CLIMATE SUMMARY FOR JUNE 30 2017...
VALID TODAY AS OF 0400 PM LOCAL TIME.

CLIMATE NORMAL PERIOD 1981 TO 2010
CLIMATE RECORD PERIOD 9999 TO 9999


WEATHER ITEM   OBSERVED TIME   RECORD YEAR NORMAL DEPARTURE LAST
                VALUE   (LST)  VALUE       VALUE  FROM      YEAR
                                                  NORMAL
..................................................................
TEMPERATURE (F)
 TODAY
  MAXIMUM         86    259 PM  MM      MM  87     -1       84
  MINIMUM         73    652 AM  MM      MM  68      5       59
  AVERAGE         80                        78      2       72

PRECIPITATION (IN)
  TODAY            T            MM      MM   0.11  -0.11     0.00
  MONTH TO DATE    3.02                      4.14  -1.12     4.34
  SINCE JUN 1      3.02                      4.14  -1.12     4.34
  SINCE JAN 1     22.58                     24.06  -1.48    23.95

SNOWFALL (IN)
  TODAY           MM            MM      MM  MM     MM       MM
  MONTH TO DATE   MM                        MM     MM       MM
  SINCE JUN 1     MM                        MM     MM       MM
  SINCE JUL 1     MM                        MM     MM       MM
  SNOW DEPTH      MM

DEGREE DAYS
 HEATING
  TODAY            0                         0      0        0
  MONTH TO DATE    0                         2     -2        0
  SINCE JUN 1      0                         3     -3        0
  SINCE JUL 1   3225                      4268  -1043     3488

 COOLING
  TODAY           15                        13      2        7
  MONTH TO DATE  301                       305     -4      376
  SINCE JUN 1    301                       305     -4      376
  SINCE JAN 1    554                       452    102      523
..................................................................


WIND (MPH)
  HIGHEST WIND SPEED    14   HIGHEST WIND DIRECTION     S (180)
  HIGHEST GUST SPEED    18   HIGHEST GUST DIRECTION    SW (210)
  AVERAGE WIND SPEED     7.5


SKY COVER
  POSSIBLE SUNSHINE  MM
  AVERAGE SKY COVER 0.6


WEATHER CONDITIONS
 THE FOLLOWING WEATHER WAS RECORDED TODAY.
  NO SIGNIFICANT WEATHER WAS OBSERVED.


RELATIVE HUMIDITY (PERCENT)
 HIGHEST    93           800 AM
 LOWEST     61           300 PM
 AVERAGE    77

..........................................................




SUNRISE AND SUNSET
JUNE 30 2017..........SUNRISE   623 AM EDT   SUNSET   910 PM EDT
JULY  1 2017..........SUNRISE   623 AM EDT   SUNSET   910 PM EDT


-  INDICATES NEGATIVE NUMBERS.
R  INDICATES RECORD WAS SET OR TIED.
MM INDICATES DATA IS MISSING.
T  INDICATES TRACE AMOUNT.




$$
