000
CDUS43 KLMK 062033
CLILOU


CLIMATE REPORT
NATIONAL WEATHER SERVICE LOUISVILLE KY
432 PM EDT SAT MAY 6 2017


...................................

...THE LOUISVILLE BOWMAN KY CLIMATE SUMMARY FOR MAY 6 2017...
VALID TODAY AS OF 0400 PM LOCAL TIME.

CLIMATE NORMAL PERIOD 1981 TO 2010
CLIMATE RECORD PERIOD 9999 TO 9999


WEATHER ITEM   OBSERVED TIME   RECORD YEAR NORMAL DEPARTURE LAST
                VALUE   (LST)  VALUE       VALUE  FROM      YEAR
                                                  NORMAL
..................................................................
TEMPERATURE (F)
 TODAY
  MAXIMUM         61    157 PM  MM      MM  73    -12       72
  MINIMUM         41    319 AM  MM      MM  53    -12       46
  AVERAGE         51                        63    -12       59

PRECIPITATION (IN)
  TODAY            0.15         MM      MM   0.18  -0.03     0.00
  MONTH TO DATE    2.20                      1.11   1.09     1.29
  SINCE MAR 1     10.89                      9.35   1.54     9.97
  SINCE JAN 1     16.91                     15.91   1.00    15.86

SNOWFALL (IN)
  TODAY           MM            MM      MM  MM     MM       MM
  MONTH TO DATE   MM                        MM     MM       MM
  SINCE MAR 1     MM                        MM     MM       MM
  SINCE JUL 1     MM                        MM     MM       MM
  SNOW DEPTH      MM

DEGREE DAYS
 HEATING
  TODAY           14                         4     10        6
  MONTH TO DATE   48                        25     23       37
  SINCE MAR 1    630                       855   -225      632
  SINCE JUL 1   3192                      4216  -1024     3419

 COOLING
  TODAY            0                         2     -2        0
  MONTH TO DATE    0                        11    -11        8
  SINCE MAR 1     97                        45     52       46
  SINCE JAN 1    100                        45     55       46
..................................................................


WIND (MPH)
  HIGHEST WIND SPEED    15   HIGHEST WIND DIRECTION    NE (30)
  HIGHEST GUST SPEED    19   HIGHEST GUST DIRECTION    NE (30)
  AVERAGE WIND SPEED     5.4


SKY COVER
  POSSIBLE SUNSHINE  MM
  AVERAGE SKY COVER 0.8


WEATHER CONDITIONS
 THE FOLLOWING WEATHER WAS RECORDED TODAY.
  THUNDERSTORM
  LIGHT RAIN
  FOG


RELATIVE HUMIDITY (PERCENT)
 HIGHEST    86          1000 AM
 LOWEST     51           200 PM
 AVERAGE    69

..........................................................




SUNRISE AND SUNSET
MAY  6 2017...........SUNRISE   640 AM EDT   SUNSET   839 PM EDT
MAY  7 2017...........SUNRISE   639 AM EDT   SUNSET   840 PM EDT


-  INDICATES NEGATIVE NUMBERS.
R  INDICATES RECORD WAS SET OR TIED.
MM INDICATES DATA IS MISSING.
T  INDICATES TRACE AMOUNT.




$$
