000
CDUS43 KLMK 312037
CLILOU


CLIMATE REPORT
NATIONAL WEATHER SERVICE LOUISVILLE KY
437 PM EDT SUN MAY 31 2015


...................................

...THE LOUISVILLE BOWMAN KY CLIMATE SUMMARY FOR MAY 31 2015...
VALID TODAY AS OF 0400 PM LOCAL TIME.

CLIMATE NORMAL PERIOD 1981 TO 2010
CLIMATE RECORD PERIOD 9999 TO 9999


WEATHER ITEM   OBSERVED TIME   RECORD YEAR NORMAL DEPARTURE LAST
                VALUE   (LST)  VALUE       VALUE  FROM      YEAR
                                                  NORMAL
..................................................................
TEMPERATURE (F)
 TODAY
  MAXIMUM         72   1230 AM  MM      MM  81     -9       88
  MINIMUM         63   1059 AM  MM      MM  61      2       70
  AVERAGE         68                        71     -3       79

PRECIPITATION (IN)
  TODAY            T            MM      MM   0.14  -0.14     0.00
  MONTH TO DATE    2.27                      5.12  -2.85     4.13
  SINCE MAR 1     18.84                     13.36   5.48    13.77
  SINCE JAN 1     21.62                     19.92   1.70    19.54

SNOWFALL (IN)
  TODAY           MM            MM      MM  MM     MM       MM
  MONTH TO DATE   MM                        MM     MM       MM
  SINCE MAR 1     MM                        MM     MM       MM
  SINCE JUL 1     MM                        MM     MM       MM
  SNOW DEPTH      MM

DEGREE DAYS
 HEATING
  TODAY            0                         1     -1        0
  MONTH TO DATE   36                        74    -38       65
  SINCE MAR 1    830                       904    -74      897
  SINCE JUL 1   4614                      4265    349     4706

 COOLING
  TODAY            3                         7     -4       14
  MONTH TO DATE  179                       113     66      221
  SINCE MAR 1    200                       147     53      255
  SINCE JAN 1    200                       147     53      255
..................................................................


WIND (MPH)
  HIGHEST WIND SPEED    15   HIGHEST WIND DIRECTION     W (260)
  HIGHEST GUST SPEED    21   HIGHEST GUST DIRECTION     S (200)
  AVERAGE WIND SPEED    10.2


SKY COVER
  POSSIBLE SUNSHINE  MM
  AVERAGE SKY COVER 0.8


WEATHER CONDITIONS
 THE FOLLOWING WEATHER WAS RECORDED TODAY.
  LIGHT RAIN
  FOG


RELATIVE HUMIDITY (PERCENT)
 HIGHEST    87           800 AM
 LOWEST     73           300 PM
 AVERAGE    80

..........................................................




SUNRISE AND SUNSET
MAY 31 2015...........SUNRISE   622 AM EDT   SUNSET   859 PM EDT
JUNE  1 2015..........SUNRISE   621 AM EDT   SUNSET   900 PM EDT


-  INDICATES NEGATIVE NUMBERS.
R  INDICATES RECORD WAS SET OR TIED.
MM INDICATES DATA IS MISSING.
T  INDICATES TRACE AMOUNT.




$$
