000
CDUS43 KLMK 250626
CLILOU


CLIMATE REPORT
NATIONAL WEATHER SERVICE LOUISVILLE KY
226 AM EDT WED MAY 25 2016


...................................

...THE LOUISVILLE BOWMAN KY CLIMATE SUMMARY FOR MAY 24 2016...

CLIMATE NORMAL PERIOD 1981 TO 2010
CLIMATE RECORD PERIOD 9999 TO 9999


WEATHER ITEM   OBSERVED TIME   RECORD YEAR NORMAL DEPARTURE LAST
                VALUE   (LST)  VALUE       VALUE  FROM      YEAR
                                                  NORMAL
..................................................................
TEMPERATURE (F)
 YESTERDAY
  MAXIMUM         83    605 PM  MM      MM  79      4       86
  MINIMUM         54    606 AM  MM      MM  59     -5       62
  AVERAGE         69                        69      0       74

PRECIPITATION (IN)
  YESTERDAY        0.00         MM      MM   0.15  -0.15     0.00
  MONTH TO DATE    4.65                      4.08   0.57     1.26
  SINCE MAR 1     13.33                     12.32   1.01    17.83
  SINCE JAN 1     19.22                     18.88   0.34    20.61

SNOWFALL (IN)
  YESTERDAY       MM            MM      MM  MM     MM       MM
  MONTH TO DATE   MM                        MM     MM       MM
  SINCE MAR 1     MM                        MM     MM       MM
  SINCE JUL 1     MM                        MM     MM       MM
  SNOW DEPTH      MM

DEGREE DAYS
 HEATING
  YESTERDAY        0                         1     -1        0
  MONTH TO DATE  106                        67     39       36
  SINCE MAR 1    701                       897   -196      830
  SINCE JUL 1   3488                      4258   -770     4614

 COOLING
  YESTERDAY        4                         5     -1        9
  MONTH TO DATE   34                        73    -39      121
  SINCE MAR 1     72                       107    -35      142
  SINCE JAN 1     72                       107    -35      142
..................................................................


WIND (MPH)
  HIGHEST WIND SPEED    12   HIGHEST WIND DIRECTION     S (200)
  HIGHEST GUST SPEED    15   HIGHEST GUST DIRECTION     S (200)
  AVERAGE WIND SPEED     2.6


SKY COVER
  POSSIBLE SUNSHINE  MM
  AVERAGE SKY COVER 0.1


WEATHER CONDITIONS
 THE FOLLOWING WEATHER WAS RECORDED YESTERDAY.
  NO SIGNIFICANT WEATHER WAS OBSERVED.


RELATIVE HUMIDITY (PERCENT)
 HIGHEST    89           600 AM
 LOWEST     31           300 PM
 AVERAGE    60

..........................................................


THE LOUISVILLE BOWMAN KY CLIMATE NORMALS FOR TODAY
                         NORMAL
 MAXIMUM TEMPERATURE (F)   79
 MINIMUM TEMPERATURE (F)   59


SUNRISE AND SUNSET
MAY 25 2016...........SUNRISE   624 AM EDT   SUNSET   855 PM EDT
MAY 26 2016...........SUNRISE   624 AM EDT   SUNSET   856 PM EDT


-  INDICATES NEGATIVE NUMBERS.
R  INDICATES RECORD WAS SET OR TIED.
MM INDICATES DATA IS MISSING.
T  INDICATES TRACE AMOUNT.




$$
