000
CDUS43 KLMK 260630
CLILOU


CLIMATE REPORT
NATIONAL WEATHER SERVICE LOUISVILLE KY
229 AM EDT TUE APR 26 2016


...................................

...THE LOUISVILLE BOWMAN KY CLIMATE SUMMARY FOR APRIL 25 2016...

CLIMATE NORMAL PERIOD 1981 TO 2010
CLIMATE RECORD PERIOD 9999 TO 9999


WEATHER ITEM   OBSERVED TIME   RECORD YEAR NORMAL DEPARTURE LAST
                VALUE   (LST)  VALUE       VALUE  FROM      YEAR
                                                  NORMAL
..................................................................
TEMPERATURE (F)
 YESTERDAY
  MAXIMUM         83    416 PM  MM      MM  70     13       61
  MINIMUM         55    522 AM  MM      MM  50      5       47
  AVERAGE         69                        60      9       54

PRECIPITATION (IN)
  YESTERDAY        0.00         MM      MM   0.16  -0.16     0.28
  MONTH TO DATE    1.46                      3.24  -1.78     9.80
  SINCE MAR 1      7.01                      7.40  -0.39    16.54
  SINCE JAN 1     12.90                     13.96  -1.06    19.32

SNOWFALL (IN)
  YESTERDAY       MM            MM      MM  MM     MM       MM
  MONTH TO DATE   MM                        MM     MM       MM
  SINCE MAR 1     MM                        MM     MM       MM
  SINCE JUL 1     MM                        MM     MM       MM
  SNOW DEPTH      MM

DEGREE DAYS
 HEATING
  YESTERDAY        0                         6     -6       11
  MONTH TO DATE  226                       242    -16      152
  SINCE MAR 1    591                       804   -213      744
  SINCE JUL 1   3378                      4165   -787     4528

 COOLING
  YESTERDAY        4                         1      3        0
  MONTH TO DATE   19                        25     -6       21
  SINCE MAR 1     23                        29     -6       21
  SINCE JAN 1     23                        29     -6       21
..................................................................


WIND (MPH)
  HIGHEST WIND SPEED    20   HIGHEST WIND DIRECTION    SW (230)
  HIGHEST GUST SPEED    27   HIGHEST GUST DIRECTION    SW (240)
  AVERAGE WIND SPEED     6.9


SKY COVER
  POSSIBLE SUNSHINE  MM
  AVERAGE SKY COVER 0.2


WEATHER CONDITIONS
 THE FOLLOWING WEATHER WAS RECORDED YESTERDAY.
  NO SIGNIFICANT WEATHER WAS OBSERVED.


RELATIVE HUMIDITY (PERCENT)
 HIGHEST    83           400 AM
 LOWEST     31           500 PM
 AVERAGE    57

..........................................................


THE LOUISVILLE BOWMAN KY CLIMATE NORMALS FOR TODAY
                         NORMAL
 MAXIMUM TEMPERATURE (F)   71
 MINIMUM TEMPERATURE (F)   50


SUNRISE AND SUNSET
APRIL 26 2016.........SUNRISE   652 AM EDT   SUNSET   830 PM EDT
APRIL 27 2016.........SUNRISE   650 AM EDT   SUNSET   831 PM EDT


-  INDICATES NEGATIVE NUMBERS.
R  INDICATES RECORD WAS SET OR TIED.
MM INDICATES DATA IS MISSING.
T  INDICATES TRACE AMOUNT.




$$
