000
CDUS43 KLMK 022027
CLILOU


CLIMATE REPORT
NATIONAL WEATHER SERVICE LOUISVILLE KY
427 PM EDT WED SEP 2 2015


...................................

...THE LOUISVILLE BOWMAN KY CLIMATE SUMMARY FOR SEPTEMBER 2 2015...
VALID TODAY AS OF 0400 PM LOCAL TIME.

CLIMATE NORMAL PERIOD 1981 TO 2010
CLIMATE RECORD PERIOD 9999 TO 9999


WEATHER ITEM   OBSERVED TIME   RECORD YEAR NORMAL DEPARTURE LAST
                VALUE   (LST)  VALUE       VALUE  FROM      YEAR
                                                  NORMAL
..................................................................
TEMPERATURE (F)
 TODAY
  MAXIMUM         91    259 PM  MM      MM  85      6       86
  MINIMUM         68    521 AM  MM      MM  65      3       69
  AVERAGE         80                        75      5       78

PRECIPITATION (IN)
  TODAY            0.00         MM      MM   0.10  -0.10     0.34
  MONTH TO DATE    0.16                      0.21  -0.05     0.34
  SINCE SEP 1      0.16                      0.21  -0.05     0.34
  SINCE JAN 1     40.83                     31.75   9.08    30.80

SNOWFALL (IN)
  TODAY            0.0          MM      MM  MM     MM       MM
  MONTH TO DATE    0.0                      MM     MM       MM
  SINCE SEP 1      0.0                      MM     MM       MM
  SINCE JUL 1      0.0                      MM     MM       MM
  SNOW DEPTH       0

DEGREE DAYS
 HEATING
  TODAY            0                         0      0        0
  MONTH TO DATE    0                         0      0        0
  SINCE SEP 1      0                         0      0        0
  SINCE JUL 1      0                         0      0        0

 COOLING
  TODAY           15                        10      5       13
  MONTH TO DATE   29                        20      9       28
  SINCE SEP 1     29                        20      9       28
  SINCE JAN 1   1327                      1259     68     1373
..................................................................


WIND (MPH)
  HIGHEST WIND SPEED     7   HIGHEST WIND DIRECTION    NW (320)
  HIGHEST GUST SPEED     9   HIGHEST GUST DIRECTION     N (340)
  AVERAGE WIND SPEED     1.0


SKY COVER
  POSSIBLE SUNSHINE  MM
  AVERAGE SKY COVER 0.0


WEATHER CONDITIONS
 THE FOLLOWING WEATHER WAS RECORDED TODAY.
  FOG


RELATIVE HUMIDITY (PERCENT)
 HIGHEST    97           400 AM
 LOWEST     44           100 PM
 AVERAGE    71

..........................................................




SUNRISE AND SUNSET
SEPTEMBER  2 2015.....SUNRISE   713 AM EDT   SUNSET   811 PM EDT
SEPTEMBER  3 2015.....SUNRISE   714 AM EDT   SUNSET   810 PM EDT


-  INDICATES NEGATIVE NUMBERS.
R  INDICATES RECORD WAS SET OR TIED.
MM INDICATES DATA IS MISSING.
T  INDICATES TRACE AMOUNT.




$$
