000
CDUS43 KLMK 230417
CLILOU


CLIMATE REPORT
NATIONAL WEATHER SERVICE LOUISVILLE KY
1207 AM EDT TUE AUG 23 2016


...................................

...THE LOUISVILLE BOWMAN KY CLIMATE SUMMARY FOR AUGUST 22 2016...
VALID TODAY AS OF 1200 AM LOCAL TIME.

CLIMATE NORMAL PERIOD 1981 TO 2010
CLIMATE RECORD PERIOD 9999 TO 9999


WEATHER ITEM   OBSERVED TIME   RECORD YEAR NORMAL DEPARTURE LAST
                VALUE   (LST)  VALUE       VALUE  FROM      YEAR
                                                  NORMAL
..................................................................
TEMPERATURE (F)
 TODAY
  MAXIMUM         81    237 PM  MM      MM  87     -6       84
  MINIMUM         60    400 AM  MM      MM  68     -8       59
  AVERAGE         71                        78     -7       72

PRECIPITATION (IN)
  TODAY            0.00         MM      MM   0.09  -0.09     0.00
  MONTH TO DATE    4.80                      2.37   2.43     2.20
  SINCE JUN 1     13.87                     10.68   3.19    19.00
  SINCE JAN 1     33.48                     30.60   2.88    40.62

SNOWFALL (IN)
  TODAY           MM            MM      MM  MM     MM       MM
  MONTH TO DATE    0.0                      MM     MM       MM
  SINCE JUN 1      0.0                      MM     MM       MM
  SINCE JUL 1      0.0                      MM     MM       MM
  SNOW DEPTH      MM

DEGREE DAYS
 HEATING
  TODAY            0                         0      0        0
  MONTH TO DATE    0                         0      0        0
  SINCE JUN 1      0                         3     -3        9
  SINCE JUL 1      0                         0      0        0

 COOLING
  TODAY            6                        12     -6        7
  MONTH TO DATE  330                       285     45      245
  SINCE JUN 1   1175                       988    187     1023
  SINCE JAN 1   1322                      1135    187     1222
..................................................................


WIND (MPH)
  HIGHEST WIND SPEED     8   HIGHEST WIND DIRECTION     S (160)
  HIGHEST GUST SPEED    14   HIGHEST GUST DIRECTION     E (70)
  AVERAGE WIND SPEED     1.4


SKY COVER
  POSSIBLE SUNSHINE  MM
  AVERAGE SKY COVER 0.2


WEATHER CONDITIONS
 THE FOLLOWING WEATHER WAS RECORDED TODAY.
  NO SIGNIFICANT WEATHER WAS OBSERVED.


RELATIVE HUMIDITY (PERCENT)
 HIGHEST    93           700 AM
 LOWEST     42           100 PM
 AVERAGE    68

..........................................................




SUNRISE AND SUNSET
AUGUST 22 2016........SUNRISE   704 AM EDT   SUNSET   826 PM EDT
AUGUST 23 2016........SUNRISE   705 AM EDT   SUNSET   825 PM EDT


-  INDICATES NEGATIVE NUMBERS.
R  INDICATES RECORD WAS SET OR TIED.
MM INDICATES DATA IS MISSING.
T  INDICATES TRACE AMOUNT.




$$
