000
CDUS43 KLMK 302032
CLILOU

CLIMATE REPORT
NATIONAL WEATHER SERVICE LOUISVILLE KY
429 PM EDT SAT MAY 30 2015
...................................

...THE LOUISVILLE BOWMAN KY CLIMATE SUMMARY FOR MAY 30 2015...
VALID TODAY AS OF 0400 PM LOCAL TIME.

CLIMATE NORMAL PERIOD 1981 TO 2010
CLIMATE RECORD PERIOD 9999 TO 9999


WEATHER ITEM   OBSERVED TIME   RECORD YEAR NORMAL DEPARTURE LAST
                VALUE   (LST)  VALUE       VALUE  FROM      YEAR
                                                  NORMAL
..................................................................
TEMPERATURE (F)
 TODAY
  MAXIMUM         85        MM  MM      MM  80      5       87
  MINIMUM         70        MM  MM      MM  61      9       71
  AVERAGE         78                        70      8       79

PRECIPITATION (IN)
  TODAY            0.02         MM      MM   0.14  -0.12      T
  MONTH TO DATE    2.10                      4.98  -2.88     4.13
  SINCE MAR 1     18.67                     13.22   5.45    13.77
  SINCE JAN 1     21.45                     19.78   1.67    19.54

SNOWFALL (IN)
  TODAY           MM            MM      MM  MM     MM       MM
  MONTH TO DATE   MM                        MM     MM       MM
  SINCE MAR 1     MM                        MM     MM       MM
  SINCE JUL 1     MM                        MM     MM       MM
  SNOW DEPTH      MM

DEGREE DAYS
 HEATING
  TODAY            0                         1     -1        0
  MONTH TO DATE   36                        73    -37       65
  SINCE MAR 1    830                       903    -73      897
  SINCE JUL 1   4614                      4264    350     4706

 COOLING
  TODAY           13                         6      7       14
  MONTH TO DATE  176                       107     69      207
  SINCE MAR 1    197                       141     56      241
  SINCE JAN 1    197                       141     56      241
..................................................................


WIND (MPH)
  HIGHEST WIND SPEED    15   HIGHEST WIND DIRECTION     S (200)
  HIGHEST GUST SPEED    31   HIGHEST GUST DIRECTION     S (170)
  AVERAGE WIND SPEED     7.8


SKY COVER
  POSSIBLE SUNSHINE   0 PERCENT
  AVERAGE SKY COVER 0.0


WEATHER CONDITIONS
 THE FOLLOWING WEATHER WAS RECORDED TODAY.
  NO SIGNIFICANT WEATHER WAS OBSERVED.


RELATIVE HUMIDITY (PERCENT)
 HIGHEST     0          1200 AM
 LOWEST      0          1200 AM
 AVERAGE     0

..........................................................




SUNRISE AND SUNSET
MAY 30 2015...........SUNRISE   622 AM EDT   SUNSET   859 PM EDT
MAY 31 2015...........SUNRISE   622 AM EDT   SUNSET   859 PM EDT


-  INDICATES NEGATIVE NUMBERS.
R  INDICATES RECORD WAS SET OR TIED.
MM INDICATES DATA IS MISSING.
T  INDICATES TRACE AMOUNT.

$$
04
