000
CDUS43 KLMK 212130
CLILOU


CLIMATE REPORT
NATIONAL WEATHER SERVICE LOUISVILLE KY
430 PM EST SUN JAN 21 2018


...................................

...THE LOUISVILLE BOWMAN KY CLIMATE SUMMARY FOR JANUARY 21 2018...
VALID TODAY AS OF 0400 PM LOCAL TIME.

CLIMATE NORMAL PERIOD 1981 TO 2010
CLIMATE RECORD PERIOD 9999 TO 9999


WEATHER ITEM   OBSERVED TIME   RECORD YEAR NORMAL DEPARTURE LAST
                VALUE   (LST)  VALUE       VALUE  FROM      YEAR
                                                  NORMAL
..................................................................
TEMPERATURE (F)
 TODAY
  MAXIMUM         57    359 PM  MM      MM  42     15       68
  MINIMUM         48    639 AM  MM      MM  26     22       47
  AVERAGE         53                        34     19       58

PRECIPITATION (IN)
  TODAY            T            MM      MM   0.09  -0.09     0.00
  MONTH TO DATE    1.13                      2.42  -1.29     4.23
  SINCE DEC 1      3.88                      6.43  -2.55     9.27
  SINCE JAN 1      1.13                      2.42  -1.29     4.23

SNOWFALL (IN)
  TODAY           MM            MM      MM  MM     MM       MM
  MONTH TO DATE   MM                        MM     MM       MM
  SINCE DEC 1     MM                        MM     MM       MM
  SINCE JUL 1     MM                        MM     MM       MM
  SNOW DEPTH      MM

DEGREE DAYS
 HEATING
  TODAY           12                        31    -19        7
  MONTH TO DATE  795                       645    150      506
  SINCE DEC 1   1698                      1505    193     1346
  SINCE JUL 1   2450                      2309    141     1874

 COOLING
  TODAY            0                         0      0        0
  MONTH TO DATE    0                         0      0        0
  SINCE DEC 1      0                         0      0        1
  SINCE JAN 1      0                         0      0        0
..................................................................


WIND (MPH)
  HIGHEST WIND SPEED    14   HIGHEST WIND DIRECTION     S (190)
  HIGHEST GUST SPEED    19   HIGHEST GUST DIRECTION     S (200)
  AVERAGE WIND SPEED     7.2


SKY COVER
  POSSIBLE SUNSHINE  MM
  AVERAGE SKY COVER 1.0


WEATHER CONDITIONS
 THE FOLLOWING WEATHER WAS RECORDED TODAY.
  LIGHT RAIN


RELATIVE HUMIDITY (PERCENT)
 HIGHEST    86           900 AM
 LOWEST     68           200 AM
 AVERAGE    77

..........................................................




SUNRISE AND SUNSET
JANUARY 21 2018.......SUNRISE   755 AM EST   SUNSET   553 PM EST
JANUARY 22 2018.......SUNRISE   755 AM EST   SUNSET   554 PM EST


-  INDICATES NEGATIVE NUMBERS.
R  INDICATES RECORD WAS SET OR TIED.
MM INDICATES DATA IS MISSING.
T  INDICATES TRACE AMOUNT.




$$
