000
CDUS43 KLMK 240630
CLILOU


CLIMATE REPORT
NATIONAL WEATHER SERVICE LOUISVILLE KY
229 AM EDT THU JUL 24 2014


...................................

...THE LOUISVILLE BOWMAN KY CLIMATE SUMMARY FOR JULY 23 2014...

CLIMATE NORMAL PERIOD 1981 TO 2010
CLIMATE RECORD PERIOD 9999 TO 9999


WEATHER ITEM   OBSERVED TIME   RECORD YEAR NORMAL DEPARTURE LAST
                VALUE   (LST)  VALUE       VALUE  FROM      YEAR
                                                  NORMAL
..................................................................
TEMPERATURE (F)
 YESTERDAY
  MAXIMUM         87    534 PM  MM      MM  87      0       89
  MINIMUM         72   1159 PM  MM      MM  68      4       71
  AVERAGE         80                        78      2       80

PRECIPITATION (IN)
  YESTERDAY        T            MM      MM   0.18  -0.18     0.00
  MONTH TO DATE    2.19                      3.09  -0.90     5.85
  SINCE JUN 1      3.70                      7.23  -3.53    14.45
  SINCE JAN 1     23.24                     27.15  -3.91    33.18

SNOWFALL (IN)
  YESTERDAY       MM            MM      MM  MM     MM       MM
  MONTH TO DATE   MM                        MM     MM       MM
  SINCE JUN 1     MM                        MM     MM       MM
  SINCE JUL 1     MM                        MM     MM       MM
  SNOW DEPTH      MM

DEGREE DAYS
 HEATING
  YESTERDAY        0                         0      0        0
  MONTH TO DATE    0                         0      0        0
  SINCE JUN 1      0                         3     -3        0
  SINCE JUL 1      0                         0      0        0

 COOLING
  YESTERDAY       15                        13      2       15
  MONTH TO DATE  240                       299    -59      299
  SINCE JUN 1    644                       604     40      596
  SINCE JAN 1    899                       751    148      782
..................................................................


WIND (MPH)
  HIGHEST WIND SPEED    15   HIGHEST WIND DIRECTION     N (350)
  HIGHEST GUST SPEED    19   HIGHEST GUST DIRECTION     N (350)
  AVERAGE WIND SPEED     5.0


SKY COVER
  POSSIBLE SUNSHINE  MM
  AVERAGE SKY COVER 0.4


WEATHER CONDITIONS
 THE FOLLOWING WEATHER WAS RECORDED YESTERDAY.
  LIGHT RAIN


RELATIVE HUMIDITY (PERCENT)
 HIGHEST    87           200 AM
 LOWEST     51           300 PM
 AVERAGE    69

..........................................................


THE LOUISVILLE BOWMAN KY CLIMATE NORMALS FOR TODAY
                         NORMAL
 MAXIMUM TEMPERATURE (F)   87
 MINIMUM TEMPERATURE (F)   68


SUNRISE AND SUNSET
JULY 24 2014..........SUNRISE   638 AM EDT   SUNSET   859 PM EDT
JULY 25 2014..........SUNRISE   639 AM EDT   SUNSET   859 PM EDT


-  INDICATES NEGATIVE NUMBERS.
R  INDICATES RECORD WAS SET OR TIED.
MM INDICATES DATA IS MISSING.
T  INDICATES TRACE AMOUNT.




$$
