000
CDUS43 KLMK 252134
CLILOU

CLIMATE REPORT
NATIONAL WEATHER SERVICE LOUISVILLE KY
433 PM EST SUN JAN 25 2015


...................................

...THE LOUISVILLE BOWMAN KY CLIMATE SUMMARY FOR JANUARY 25 2015...
VALID TODAY AS OF 0400 PM LOCAL TIME.

CLIMATE NORMAL PERIOD 1981 TO 2010
CLIMATE RECORD PERIOD 9999 TO 9999


WEATHER ITEM   OBSERVED TIME   RECORD YEAR NORMAL DEPARTURE LAST
                VALUE   (LST)  VALUE       VALUE  FROM      YEAR
                                                  NORMAL
..................................................................
TEMPERATURE (F)
 TODAY
  MAXIMUM         44    326 PM  MM      MM  43      1       39
  MINIMUM         36   1206 AM  MM      MM  27      9       17
  AVERAGE         40                        34      6       28

PRECIPITATION (IN)
  TODAY            0.03         MM      MM   0.09  -0.06     0.05
  MONTH TO DATE    0.76                      2.78  -2.02     2.26
  SINCE DEC 1      3.94                      6.79  -2.85     7.78
  SINCE JAN 1      0.76                      2.78  -2.02     2.26

SNOWFALL (IN)
  TODAY           MM            MM      MM  MM     MM       MM
  MONTH TO DATE   MM                        MM     MM       MM
  SINCE DEC 1     MM                        MM     MM       MM
  SINCE JUL 1     MM                        MM     MM       MM
  SNOW DEPTH       0

DEGREE DAYS
 HEATING
  TODAY           25                        30     -5       37
  MONTH TO DATE  799                       768     31      904
  SINCE DEC 1   1564                      1628    -64     1744
  SINCE JUL 1   2543                      2432    111     2652

 COOLING
  TODAY            0                         0      0        0
  MONTH TO DATE    0                         0      0        0
  SINCE DEC 1      0                         0      0        0
  SINCE JAN 1      0                         0      0        0
..................................................................


WIND (MPH)
  HIGHEST WIND SPEED    12   HIGHEST WIND DIRECTION     S (180)
  HIGHEST GUST SPEED    15   HIGHEST GUST DIRECTION     S (160)
  AVERAGE WIND SPEED     5.0


SKY COVER
  POSSIBLE SUNSHINE  MM
  AVERAGE SKY COVER 0.5


WEATHER CONDITIONS
 THE FOLLOWING WEATHER WAS RECORDED TODAY.
  LIGHT RAIN


RELATIVE HUMIDITY (PERCENT)
 HIGHEST    82          1200 AM
 LOWEST     65          1000 AM
 AVERAGE    74

..........................................................




SUNRISE AND SUNSET
JANUARY 25 2015.......SUNRISE   753 AM EST   SUNSET   557 PM EST
JANUARY 26 2015.......SUNRISE   752 AM EST   SUNSET   558 PM EST


-  INDICATES NEGATIVE NUMBERS.
R  INDICATES RECORD WAS SET OR TIED.
MM INDICATES DATA IS MISSING.
T  INDICATES TRACE AMOUNT.




$$
