000
CXUS55 KJKL 011310
CF6LOZ
PRELIMINARY LOCAL CLIMATOLOGICAL DATA (WS FORM: F-6)
STATION: LONDON KY
MONTH: JULY
YEAR: 2022
LATITUDE: 37 4 N
LONGITUDE: 84 5 W
TEMPERATURE IN F: :PCPN: SNOW: WIND :SUNSHINE: SKY :PK WND
================================================================================
1 2 3 4 5 6A 6B 7 8 9 10 11 12 13 14 15 16 17 18
12Z AVG MX 2MIN
DY MAX MIN AVG DEP HDD CDD WTR SNW DPTH SPD SPD DIR MIN PSBL S-S WX SPD DR
================================================================================
1 91 68 80 4 0 15 T M M 4.2 15 230 M M 1 3 21 230
2 91 68 80 4 0 15 0.05 M M 3.9 12 200 M M 3 13 16 160
3 89 68 79 3 0 14 0.01 M M 3.5 12 20 M M 5 12 16 30
4 92 68 80 4 0 15 0.00 M M 2.8 10 260 M M 2 17 220
5 94 71 83 7 0 18 0.15 M M 5.8 16 240 M M 2 13 28 80
6 97 70 84 8 0 19 0.05 M M 3.8 28 360 M M 2 13 41 350
7 89 70 80 4 0 15 0.30 M M 4.6 16 300 M M 5 13 23 290
8 91 69 80 4 0 15 0.03 M M 3.3 31 340 M M 5 123 44 350
9 81 69 75 -1 0 10 0.20 M M 4.6 16 10 M M 8 1 23 20
10 82 69 76 0 0 11 T M M 6.2 12 70 M M 8 1 17 50
11 87 64 76 0 0 11 0.00 M M 2.6 10 180 M M 2 12 13 180
12 91 69 80 4 0 15 0.26 M M 5.9 18 330 M M 2 13 29 330
13 85 65 75 -1 0 10 0.00 M M 3.3 13 280 M M 4 18 290
14 89 62 76 0 0 11 0.00 M M 3.6 15 270 M M 1 1 21 290
15 88 64 76 0 0 11 0.00 M M 2.5 12 280 M M 2 1 17 290
16 91 67 79 3 0 14 T M M 3.5 12 200 M M 1 17 210
17 89 72 81 5 0 16 0.76 M M 6.0 25 240 M M 5 1238 39 260
18 75 70 73 -3 0 8 1.03 M M 5.0 20 290 M M 8 13 27 300
19 88 66 77 1 0 12 0.00 M M 1.2 8 340 M M 6 12 11 240
20 91 70 81 5 0 16 0.01 M M 5.8 18 300 M M 5 3 28 290
21 87 70 79 3 0 14 0.02 M M 5.9 16 240 M M 4 3 24 250
22 91 66 79 3 0 14 0.00 M M 3.0 12 250 M M 0 1 15 240
23 93 67 80 4 0 15 T M M 3.8 17 100 M M 1 13 24 100
24 89 68 79 3 0 14 0.00 M M 6.0 16 240 M M 1 22 210
25 86 73 80 4 0 15 0.03 M M 5.5 15 250 M M 4 1 23 270
26 79 71 75 -1 0 10 0.94 M M 3.7 14 250 M M 6 13 21 280
27 88 73 81 5 0 16 0.96 M M 7.5 22 280 M M 6 13 34 290
28 85 71 78 2 0 13 2.18 M M 5.8 17 250 M M 7 13 24 190
29 83 71 77 1 0 12 0.19 M M 5.6 14 280 M M 7 1 19 270
30 82 67 75 -1 0 10 0.00 M M 2.6 9 100 M M 2 15 100
31 79 68 74 -2 0 9 0.49 M M 4.6 14 270 M M 8 13 21 250
================================================================================
SM 2713 2124 0 413 7.66 M 136.1 M 123
================================================================================
AV 87.5 68.5 4.4 FASTST M M 4 MAX(MPH)
MISC ----> 31 340 44 350
================================================================================
NOTES:
# LAST OF SEVERAL OCCURRENCES
COLUMN 17 PEAK WIND IN M.P.H.
PRELIMINARY LOCAL CLIMATOLOGICAL DATA (WS FORM: F-6) , PAGE 2
STATION: LONDON KY
MONTH: JULY
YEAR: 2022
LATITUDE: 37 4 N
LONGITUDE: 84 5 W
[TEMPERATURE DATA] [PRECIPITATION DATA] SYMBOLS USED IN COLUMN 16
AVERAGE MONTHLY: 78.0 TOTAL FOR MONTH: 7.66 1 = FOG OR MIST
DPTR FM NORMAL: 1.7 DPTR FM NORMAL: 2.50 2 = FOG REDUCING VISIBILITY
HIGHEST: 97 ON 6 GRTST 24HR 3.12 ON 27-28 TO 1/4 MILE OR LESS
LOWEST: 62 ON 14 3 = THUNDER
SNOW, ICE PELLETS, HAIL 4 = ICE PELLETS
TOTAL MONTH: M 5 = HAIL
GRTST 24HR M ON M 6 = FREEZING RAIN OR DRIZZLE
GRTST DEPTH: M ON M 7 = DUSTSTORM OR SANDSTORM:
VSBY 1/2 MILE OR LESS
8 = SMOKE OR HAZE
[NO. OF DAYS WITH] [WEATHER - DAYS WITH] 9 = BLOWING SNOW
X = TORNADO
MAX 32 OR BELOW: 0 0.01 INCH OR MORE: 18
MAX 90 OR ABOVE: 11 0.10 INCH OR MORE: 11
MIN 32 OR BELOW: 0 0.50 INCH OR MORE: 5
MIN 0 OR BELOW: 0 1.00 INCH OR MORE: 2
[HDD (BASE 65) ]
TOTAL THIS MO. 0 CLEAR (SCALE 0-3) 13
DPTR FM NORMAL 0 PTCLDY (SCALE 4-7) 18
TOTAL FM JUL 1 0 CLOUDY (SCALE 8-10) 0
DPTR FM NORMAL 0
[CDD (BASE 65) ]
TOTAL THIS MO. 413
DPTR FM NORMAL 63 [PRESSURE DATA]
TOTAL FM JAN 1 837 HIGHEST SLP 30.20 ON 30
DPTR FM NORMAL 114 LOWEST SLP 29.74 ON 20
[REMARKS]
#FINAL-07-22#