000
CXUS53 KJKL 011419
CLMLOZ
CLIMATE REPORT
NATIONAL WEATHER SERVICE JACKSON KY
1019 AM EDT SUN OCT 01 2023
...................................
...THE LONDON KY CLIMATE SUMMARY FOR THE MONTH OF SEPTEMBER 2023...
CLIMATE NORMAL PERIOD 1991 TO 2020
CLIMATE RECORD PERIOD 1954 TO 2023
WEATHER OBSERVED NORMAL DEPART LAST YEAR`S
VALUE DATE(S) VALUE FROM VALUE DATE(S)
NORMAL
................................................................
TEMPERATURE (F)
RECORD
HIGH 97 09/05/2007
LOW 32 09/24/1983
HIGHEST 89 09/04 MM MM 90 09/21
09/05
LOWEST 50 09/18 MM MM 38 09/28
AVG. MAXIMUM 81.4 80.0 1.4 78.0
AVG. MINIMUM 57.6 57.6 0.0 56.1
MEAN 69.5 68.8 0.7 67.0
DAYS MAX >= 90 0 3.0 -3.0 1
DAYS MAX <= 32 0 0.0 0.0 0
DAYS MIN <= 32 0 0.0 0.0 0
DAYS MIN <= 0 0 0.0 0.0 0
PRECIPITATION (INCHES)
RECORD
MAXIMUM 8.50 2004
MINIMUM 0.11 2019
TOTALS 1.70 3.55 -1.85 2.09
DAILY AVG. 0.06 0.12 -0.06 0.07
DAYS >= .01 7 8.3 -1.3 9
DAYS >= .10 4 5.5 -1.5 4
DAYS >= .50 1 2.1 -1.1 1
DAYS >= 1.00 1 1.0 0.0 1
GREATEST
24 HR. TOTAL 1.34 09/27 TO 09/28 1.06
SNOWFALL (INCHES)
RECORDS
TOTAL MM MM
TOTALS MM MM MM MM
SINCE 7/1 MM MM MM MM
SNOWDEPTH AVG. MM MM
DAYS >= 1.0 MM MM MM MM
GREATEST
SNOW DEPTH MM MM
24 HR TOTAL MM MM
DEGREE DAYS
HEATING TOTAL 3 38 -35 59
SINCE 7/1 3 39 -36 59
COOLING TOTAL 147 152 -5 129
SINCE 1/1 1041 1192 -151 1285
................................................................
WIND (MPH)
AVERAGE WIND SPEED 2.7
HIGHEST WIND SPEED/DIRECTION 17/270 DATE 09/17
HIGHEST GUST SPEED/DIRECTION 24/270 DATE 09/07
SKY COVER
POSSIBLE SUNSHINE (PERCENT) MM
AVERAGE SKY COVER 0.30
NUMBER OF DAYS FAIR 18
NUMBER OF DAYS PC 11
NUMBER OF DAYS CLOUDY 1
AVERAGE RH (PERCENT) 75
WEATHER CONDITIONS. NUMBER OF DAYS WITH
THUNDERSTORM 4 MIXED PRECIP 0
HEAVY RAIN 1 RAIN 3
LIGHT RAIN 7 FREEZING RAIN 0
LT FREEZING RAIN 0 HAIL 0
HEAVY SNOW 0 SNOW 0
LIGHT SNOW 0 SLEET 0
FOG 22 FOG W/VIS <= 1/4 MILE 8
HAZE 0
- INDICATES NEGATIVE NUMBERS.
R INDICATES RECORD WAS SET OR TIED.
MM INDICATES DATA IS MISSING.
T INDICATES TRACE AMOUNT.
$$
CARICO