000
CXUS54 KCRP 011210
CF6LRD
PRELIMINARY LOCAL CLIMATOLOGICAL DATA (WS FORM: F-6)
STATION: LAREDO
MONTH: AUGUST
YEAR: 2021
LATITUDE: 27 31 N
LONGITUDE: 99 28 W
TEMPERATURE IN F: :PCPN: SNOW: WIND :SUNSHINE: SKY :PK WND
================================================================================
1 2 3 4 5 6A 6B 7 8 9 10 11 12 13 14 15 16 17 18
12Z AVG MX 2MIN
DY MAX MIN AVG DEP HDD CDD WTR SNW DPTH SPD SPD DIR MIN PSBL S-S WX SPD DR
================================================================================
1 104 78 91 1 0 26 0.00 0.0 0 M M M M M 0 M M
2 98 75 87 -3 0 22 1.30 0.0 0 M M M M M 3 13 M M
3 94 75 85 -5 0 20 0.07 0.0 0 M M M M M 5 3 M M
4 96 73 85 -5 0 20 0.00 0.0 0 M M M M M 1 3 M M
5 94 78 86 -4 0 21 0.04 0.0 0 M M M M M 5 38 M M
6 94 74 84 -6 0 19 0.20 0.0 0 M M M M M 4 3 M M
7 98 76 87 -3 0 22 0.00 0.0 0 M M M M M 1 1 M M
8 100 77 89 -1 0 24 0.00 0.0 0 M M M M M 0 M M
9 100 78 89 -1 0 24 0.00 0.0 0 M M M M M 0 M M
10 100 79 90 0 0 25 0.00 0.0 0 M M M M M 0 M M
11 101 76 89 -1 0 24 0.00 0.0 0 M M M M M 2 M M
12 100 76 88 -2 0 23 0.00 0.0 0 M M M M M 0 M M
13 99 76 88 -2 0 23 0.00 0.0 0 M M M M M 1 8 M M
14 99 76 88 -2 0 23 0.00 0.0 0 M M M M M 2 M M
15 99 76 88 -2 0 23 0.00 0.0 0 M M M M M 1 8 M M
16 100 77 89 0 0 24 0.00 0.0 0 M M M M M 1 M M
17 101 78 90 1 0 25 0.00 0.0 0 M M M M M 1 M M
18 103 81 92 3 0 27 0.00 0.0 0 M M M M M 2 M M
19 105 81 93 4 0 28 0.00 0.0 0 M M M M M 1 M M
20 101 77 89 0 0 24 0.00 0.0 0 M M M M M 3 M M
21 101 78 90 2 0 25 T 0.0 0 M M M M M 2 3 M M
22 100 76 88 0 0 23 0.00 0.0 0 M M M M M 1 M M
23 101 75 88 0 0 23 0.00 0.0 0 M M M M M 1 M M
24 101 77 89 1 0 24 0.00 0.0 0 M M M M M 1 M M
25 101 77 89 1 0 24 0.00 0.0 0 M M M M M 1 M M
26 101 76 89 2 0 24 0.00 0.0 0 M M M M M 1 M M
27 99 76 88 1 0 23 0.32 0.0 0 M M M M M 2 3 M M
28 98 76 87 0 0 22 0.00 0.0 0 M M M M M 3 M M
29 100 75 88 1 0 23 0.00 0.0 0 M M M M M 1 1 M M
30 103 76 90 4 0 25 0.00 0.0 0 M M M M M 0 M M
31 104 77 91 5 0 26 0.00 0.0 0 M M M M M 0 M M
================================================================================
SM 3095 2376 0 729 1.93 0.0 M M 46
================================================================================
AV 99.8 76.6 M FASTST M M 1 MAX(MPH)
MISC ----> M M M M
================================================================================
NOTES:
# LAST OF SEVERAL OCCURRENCES
COLUMN 17 PEAK WIND IN M.P.H.
PRELIMINARY LOCAL CLIMATOLOGICAL DATA (WS FORM: F-6) , PAGE 2
STATION: LAREDO
MONTH: AUGUST
YEAR: 2021
LATITUDE: 27 31 N
LONGITUDE: 99 28 W
[TEMPERATURE DATA] [PRECIPITATION DATA] SYMBOLS USED IN COLUMN 16
AVERAGE MONTHLY: 88.2 TOTAL FOR MONTH: 1.93 1 = FOG OR MIST
DPTR FM NORMAL: -0.7 DPTR FM NORMAL: 0.25 2 = FOG REDUCING VISIBILITY
HIGHEST: 105 ON 19 GRTST 24HR 1.33 ON 2- 3 TO 1/4 MILE OR LESS
LOWEST: 73 ON 4 3 = THUNDER
SNOW, ICE PELLETS, HAIL 4 = ICE PELLETS
TOTAL MONTH: 0.0 INCH 5 = HAIL
GRTST 24HR 0.0 6 = FREEZING RAIN OR DRIZZLE
GRTST DEPTH: 0 7 = DUSTSTORM OR SANDSTORM:
VSBY 1/2 MILE OR LESS
8 = SMOKE OR HAZE
[NO. OF DAYS WITH] [WEATHER - DAYS WITH] 9 = BLOWING SNOW
X = TORNADO
MAX 32 OR BELOW: 0 0.01 INCH OR MORE: 5
MAX 90 OR ABOVE: 31 0.10 INCH OR MORE: 3
MIN 32 OR BELOW: 0 0.50 INCH OR MORE: 1
MIN 0 OR BELOW: 0 1.00 INCH OR MORE: 1
[HDD (BASE 65) ]
TOTAL THIS MO. 0 CLEAR (SCALE 0-3) 28
DPTR FM NORMAL 0 PTCLDY (SCALE 4-7) 3
TOTAL FM JUL 1 0 CLOUDY (SCALE 8-10) 0
DPTR FM NORMAL 0
[CDD (BASE 65) ]
TOTAL THIS MO. 729
DPTR FM NORMAL -10 [PRESSURE DATA]
TOTAL FM JAN 1 3296 HIGHEST SLP 30.11 ON 14
DPTR FM NORMAL 24 LOWEST SLP 29.67 ON 30
[REMARKS]
#FINAL-08-21#