000
CXUS54 KLZK 011130
CF6LRF
PRELIMINARY LOCAL CLIMATOLOGICAL DATA (WS FORM: F-6)
STATION: JACKSONVILLE/LITTLE ROCK AFB
MONTH: AUGUST
YEAR: 2021
LATITUDE: 34 55 N
LONGITUDE: 92 9 W
TEMPERATURE IN F: :PCPN: SNOW: WIND :SUNSHINE: SKY :PK WND
================================================================================
1 2 3 4 5 6A 6B 7 8 9 10 11 12 13 14 15 16 17 18
12Z AVG MX 2MIN
DY MAX MIN AVG DEP HDD CDD WTR SNW DPTH SPD SPD DIR MIN PSBL S-S WX SPD DR
================================================================================
1 90 72 81 -2 0 16 0.00 0.0 0 4.0 10 10 M M 3 M M
2 89 71 80 -3 0 15 0.01 0.0 0 5.0 14 50 M M 6 17 60
3 87 69 78 -4 0 13 0.00 0.0 0 6.0 10 100 M M 4 M M
4 88 63 76 -6 0 11 0.00 0.0 0 3.6 9 60 M M 1 M M
5 89 62 76 -6 0 11 0.00 0.0 0 2.6 8 130 M M 1 M M
6 89 66 78 -4 0 13 T 0.0 0 1.5 7 190 M M 4 M M
7 94 67 81 -1 0 16 0.00 0.0 0 4.3 12 180 M M 2 M M
8 95 72 84 2 0 19 0.03 0.0 0 6.2 16 210 M M 3 21 210
9 97 76 87 5 0 22 0.00 0.0 0 10.0 18 210 M M 2 27 230
10 95 76 86 4 0 21 0.00 0.0 0 9.4 15 230 M M 1 22 240
11 99 78 89 7 0 24 0.00 0.0 M 8.0 14 220 M M 1 20 180
12 100 78 89 7 0 24 0.00 0.0 0 6.9 14 160 M M 1 21 160
13 99 75 87 5 0 22 0.00 0.0 0 4.9 13 70 M M 3 3 M M
14 90 73 82 0 0 17 T 0.0 0 2.2 12 50 M M 6 M M
15 88 68 78 -3 0 13 0.13 0.0 M 4.5 10 100 M M 7 M M
16 91 65 78 -3 0 13 0.00 0.0 M 5.2 12 70 M M 2 16 70
17 92 68 80 -1 0 15 0.02 0.0 M 4.2 16 100 M M 5 3 23 140
18 85 73 79 -2 0 14 1.35 0.0 0 2.7 12 340 M M 9 123 M M
19 88 74 81 0 0 16 0.39 0.0 0 4.1 12 250 M M 7 1 M M
20 91 74 83 2 0 18 T 0.0 0 4.7 9 190 M M 7 M M
21 94 75 85 5 0 20 0.00 0.0 0 4.3 14 290 M M 4 M M
22 94 74 84 4 0 19 0.00 0.0 0 2.2 8 40 M M 2 1 M M
23 97 75 86 6 0 21 0.00 0.0 0 2.6 9 280 M M 2 M M
24 98 74 86 6 0 21 0.00 0.0 0 1.6 8 160 M M 1 M M
25 97 74 86 6 0 21 0.00 0.0 0 2.7 9 90 M M 0 M M
26 98 72 85 6 0 20 0.00 0.0 0 3.8 12 60 M M 1 M M
27 95 74 85 6 0 20 0.00 0.0 0 3.2 10 130 M M 1 M M
28 94 72 83 4 0 18 T 0.0 0 4.1 12 110 M M 2 20 110
29 96 75 86 7 0 21 0.00 0.0 M 5.6 12 70 M M 5 M M
30 88 74 81 2 0 16 0.00 0.0 0 9.8 21 60 M M 4 27 60
31 96 70 83 5 0 18 M 0.0 M 5.2 13 350 M M 1 21 350
================================================================================
SM 2883 2229 0 548 1.93 0.0 145.0 M 98
================================================================================
AV 93.0 71.9 4.7 FASTST M M 3 MAX(MPH)
MISC ----> 21 60 # 27 60
================================================================================
NOTES:
# LAST OF SEVERAL OCCURRENCES
COLUMN 17 PEAK WIND IN M.P.H.
PRELIMINARY LOCAL CLIMATOLOGICAL DATA (WS FORM: F-6) , PAGE 2
STATION: JACKSONVILLE/LITTLE ROCK AFB
MONTH: AUGUST
YEAR: 2021
LATITUDE: 34 55 N
LONGITUDE: 92 9 W
[TEMPERATURE DATA] [PRECIPITATION DATA] SYMBOLS USED IN COLUMN 16
AVERAGE MONTHLY: 82.5 TOTAL FOR MONTH: 1.93 1 = FOG OR MIST
DPTR FM NORMAL: 1.5 DPTR FM NORMAL: M 2 = FOG REDUCING VISIBILITY
HIGHEST: 100 ON 12 GRTST 24HR 1.35 ON 18-18 TO 1/4 MILE OR LESS
LOWEST: 62 ON 5 3 = THUNDER
SNOW, ICE PELLETS, HAIL 4 = ICE PELLETS
TOTAL MONTH: 0.0 INCH 5 = HAIL
GRTST 24HR 0.0 6 = FREEZING RAIN OR DRIZZLE
GRTST DEPTH: 0 7 = DUSTSTORM OR SANDSTORM:
VSBY 1/2 MILE OR LESS
8 = SMOKE OR HAZE
[NO. OF DAYS WITH] [WEATHER - DAYS WITH] 9 = BLOWING SNOW
X = TORNADO
MAX 32 OR BELOW: 0 0.01 INCH OR MORE: 6
MAX 90 OR ABOVE: 22 0.10 INCH OR MORE: 3
MIN 32 OR BELOW: 0 0.50 INCH OR MORE: 1
MIN 0 OR BELOW: 0 1.00 INCH OR MORE: 1
[HDD (BASE 65) ]
TOTAL THIS MO. 0 CLEAR (SCALE 0-3) 19
DPTR FM NORMAL -5 PTCLDY (SCALE 4-7) 11
TOTAL FM JUL 1 0 CLOUDY (SCALE 8-10) 1
DPTR FM NORMAL -11
[CDD (BASE 65) ]
TOTAL THIS MO. 548
DPTR FM NORMAL 55 [PRESSURE DATA]
TOTAL FM JAN 1 1568 HIGHEST SLP M ON M
DPTR FM NORMAL -103 LOWEST SLP M ON M
[REMARKS]
#FINAL-08-21#