000
CXUS54 KEPZ 221307
CF6LRU
PRELIMINARY LOCAL CLIMATOLOGICAL DATA (WS FORM: F-6)
STATION: LAS CRUCES
MONTH: AUGUST
YEAR: 2022
LATITUDE: 32 17 N
LONGITUDE: 106 46 W
TEMPERATURE IN F: :PCPN: SNOW: WIND :SUNSHINE: SKY :PK WND
================================================================================
1 2 3 4 5 6A 6B 7 8 9 10 11 12 13 14 15 16 17 18
12Z AVG MX 2MIN
DY MAX MIN AVG DEP HDD CDD WTR SNW DPTH SPD SPD DIR MIN PSBL S-S WX SPD DR
================================================================================
1 103 71 87 M 0 22 0.00 M M 6.7 17 330 M M 2 25 0
2 101 75 88 M 0 23 0.00 M M 6.0 23 320 M M 1 35 320
3 101 75 88 M 0 23 0.00 M M 8.2 17 280 M M 1 24 280
4 97 65 81 M 0 16 0.06 M M 7.2 23 270 M M 2 3 33 270
5 97 69 83 M 0 18 0.29 M M 6.1 25 100 M M 2 30 100
6 98 74 86 M 0 21 0.00 0.0 0 8.3 14 110 M M 1 20 110
7 97 70 84 M 0 19 T 0.0 0 7.6 15 140 M M 1 22 160
8 96 71 84 M 0 19 0.00 M M 6.4 14 100 M M 3 24 70
9 95 68 82 M 0 17 0.08 M M 7.8 17 140 M M 2 27 140
10 93 67 80 M 0 15 0.00 M M 9.0 16 260 M M 3 22 40
11 79 69 74 M 0 9 0.00 M M 7.2 20 10 M M 2 25 30
12 92 66 79 M 0 14 0.18 M M 6.6 21 130 M M 4 29 130
13 92 66 79 M 0 14 0.00 M M 4.5 9 140 M M 3 16 140
14 96 69 83 M 0 18 0.00 M M 5.8 12 280 M M 3 18 120
15 97 71 84 M 0 19 0.00 M M 8.6 14 110 M M 2 21 110
16 91 70 81 M 0 16 T M M 8.6 23 120 M M 5 32 120
17 77 65 71 M 0 6 0.24 M M 6.2 13 40 M M 7 18 40
18 85 65 75 M 0 10 0.00 M M 8.0 16 110 M M 6 23 120
19 86 65 76 M 0 11 0.40 M M 6.6 12 140 M M 6 3 24 0
20 77 65 71 M 0 6 0.26 M M 5.2 15 270 M M 8 3 17 210
21 79 65 72 M 0 7 0.00 M M 4.9 14 270 M M 7 16 270
22 87 66 77 M 0 12 0.08 M M 4.1 15 60 M M 4 28 90
23 78 65 72 M 0 7 0.01 M M 3.6 13 100 M M 6 18 100
24 85 66 76 M 0 11 0.00 M M 6.4 15 160 M M 2 17 110
25 87 65 76 M 0 11 0.00 M M 4.2 10 100 M M 4 M M
26 90 65 78 M 0 13 0.00 M M 4.9 10 90 M M 1 12 130
27 89 67 78 M 0 13 0.37 M M 4.7 13 130 M M 3 35 60
28 91 64 78 M 0 13 0.00 M M 2.9 8 290 M M 0 M M
29 95 66 81 M 0 16 0.00 M M 5.1 12 360 M M 0 18 360
30 86 65 76 M 0 11 0.00 M M 6.7 20 70 M M 3 24 70
31 83 64 74 M 0 9 0.01 M M 7.0 13 120 M M 5 23 70
================================================================================
SM 2800 2094 0 439 1.98 0.0 195.2 M 99
================================================================================
AV 90.3 67.5 6.3 FASTST M M 3 MAX(MPH)
MISC ----> 25 100 35 320
================================================================================
NOTES:
# LAST OF SEVERAL OCCURRENCES
COLUMN 17 PEAK WIND IN M.P.H.
PRELIMINARY LOCAL CLIMATOLOGICAL DATA (WS FORM: F-6) , PAGE 2
STATION: LAS CRUCES
MONTH: AUGUST
YEAR: 2022
LATITUDE: 32 17 N
LONGITUDE: 106 46 W
[TEMPERATURE DATA] [PRECIPITATION DATA] SYMBOLS USED IN COLUMN 16
AVERAGE MONTHLY: 78.9 TOTAL FOR MONTH: 1.98 1 = FOG OR MIST
DPTR FM NORMAL: 0.0 DPTR FM NORMAL: M 2 = FOG REDUCING VISIBILITY
HIGHEST: 103 ON 1 GRTST 24HR 0.40 ON 19-19 TO 1/4 MILE OR LESS
LOWEST: 64 ON 31,28 3 = THUNDER
SNOW, ICE PELLETS, HAIL 4 = ICE PELLETS
TOTAL MONTH: 0.0 INCH 5 = HAIL
GRTST 24HR 0.0 6 = FREEZING RAIN OR DRIZZLE
GRTST DEPTH: 0 7 = DUSTSTORM OR SANDSTORM:
VSBY 1/2 MILE OR LESS
8 = SMOKE OR HAZE
[NO. OF DAYS WITH] [WEATHER - DAYS WITH] 9 = BLOWING SNOW
X = TORNADO
MAX 32 OR BELOW: 0 0.01 INCH OR MORE: 11
MAX 90 OR ABOVE: 18 0.10 INCH OR MORE: 6
MIN 32 OR BELOW: 0 0.50 INCH OR MORE: 0
MIN 0 OR BELOW: 0 1.00 INCH OR MORE: 0
[HDD (BASE 65) ]
TOTAL THIS MO. 0 CLEAR (SCALE 0-3) 19
DPTR FM NORMAL M PTCLDY (SCALE 4-7) 12
TOTAL FM JUL 1 0 CLOUDY (SCALE 8-10) 0
DPTR FM NORMAL M
[CDD (BASE 65) ]
TOTAL THIS MO. 439
DPTR FM NORMAL M [PRESSURE DATA]
TOTAL FM JAN 1 1978 HIGHEST SLP M ON M
DPTR FM NORMAL M LOWEST SLP M ON M
[REMARKS]
#FINAL-08-22#