000
CXUS54 KEPZ 011030
CF6LRU
PRELIMINARY LOCAL CLIMATOLOGICAL DATA (WS FORM: F-6)
STATION: LAS CRUCES
MONTH: JULY
YEAR: 2021
LATITUDE: 32 17 N
LONGITUDE: 106 46 W
TEMPERATURE IN F: :PCPN: SNOW: WIND :SUNSHINE: SKY :PK WND
================================================================================
1 2 3 4 5 6A 6B 7 8 9 10 11 12 13 14 15 16 17 18
12Z AVG MX 2MIN
DY MAX MIN AVG DEP HDD CDD WTR SNW DPTH SPD SPD DIR MIN PSBL S-S WX SPD DR
================================================================================
1 80 67 74 M 0 9 0.16 M M 3.5 12 150 M M 6 M M
2 87 66 77 M 0 12 0.00 M M 5.5 15 130 M M 2 21 130
3 90 68 79 M 0 14 0.00 M M 5.3 13 150 M M 3 16 230
4 94 69 82 M 0 17 0.00 M M 6.0 15 150 M M 1 20 150
5 96 74 85 M 0 20 0.00 M M 7.2 22 260 M M 2 24 280
6 92 67 80 M 0 15 0.02 M M 7.7 15 110 M M 5 21 30
7 84 65 75 M 0 10 0.44 M M 5.1 15 30 M M 5 21 0
8 91 65 78 M 0 13 0.00 M M 3.5 8 120 M M 0 M M
9 96 68 82 M 0 17 0.00 M M 4.6 9 130 M M 0 10 360
10 99 67 83 M 0 18 0.00 M M 4.5 12 140 M M 0 M M
11 97 65 81 M 0 16 0.22 M M 9.4 29 50 M M 2 3 44 50
12 88 64 76 M 0 11 0.00 M M 4.5 10 190 M M 1 M M
13 91 68 80 M 0 15 0.00 M M 6.1 10 140 M M 1 18 130
14 93 66 80 M 0 15 0.00 M M 5.7 12 220 M M 0 24 220
15 94 68 81 M 0 16 0.00 M M 7.0 21 280 M M 2 3 28 280
16 94 67 81 M 0 16 0.00 M M 6.6 12 280 M M 0 27 250
17 97 67 82 M 0 17 0.00 M M 4.4 17 30 M M 2 20 170
18 91 70 81 M 0 16 M M M 4.5 22 140 M M 2 3 31 140
19 91 68 80 M 0 15 0.00 M M 7.6 18 140 M M 3 22 140
20 92 69 81 M 0 16 0.00 M M 5.7 14 130 M M 0 18 120
21 91 70 81 M 0 16 0.00 M M 8.1 15 120 M M 3 21 120
22 93 63 78 M 0 13 0.00 M M 7.0 12 190 M M 1 17 210
23 91 64 78 M 0 13 0.10 M M 7.4 16 350 M M 3 3 21 350
24 89 61 75 M 0 10 0.02 M M 6.0 21 280 M M 3 30 280
25 90 66 78 M 0 13 0.00 M M 3.8 10 220 M M 4 22 150
26 93 66 80 M 0 15 0.05 M M 5.2 15 220 M M 4 3 25 0
27 93 65 79 M 0 14 0.03 M M 3.7 14 350 M M 3 21 350
28 95 69 82 M 0 17 0.00 M M 7.4 17 60 M M 2 25 80
29 92 70 81 M 0 16 0.00 M M 9.1 16 110 M M 3 27 190
30 92 63 78 M 0 13 0.00 M M 8.2 16 140 M M 1 22 100
31 91 70 81 M 0 16 0.00 M M 4.5 13 150 M M 3 20 150
================================================================================
SM 2847 2075 0 454 1.04 M 184.8 M 67
================================================================================
AV 91.8 66.9 6.0 FASTST M M 2 MAX(MPH)
MISC ----> 29 50 44 50
================================================================================
NOTES:
# LAST OF SEVERAL OCCURRENCES
COLUMN 17 PEAK WIND IN M.P.H.
PRELIMINARY LOCAL CLIMATOLOGICAL DATA (WS FORM: F-6) , PAGE 2
STATION: LAS CRUCES
MONTH: JULY
YEAR: 2021
LATITUDE: 32 17 N
LONGITUDE: 106 46 W
[TEMPERATURE DATA] [PRECIPITATION DATA] SYMBOLS USED IN COLUMN 16
AVERAGE MONTHLY: 79.4 TOTAL FOR MONTH: 1.04 1 = FOG OR MIST
DPTR FM NORMAL: 0.0 DPTR FM NORMAL: M 2 = FOG REDUCING VISIBILITY
HIGHEST: 99 ON 10 GRTST 24HR 0.44 ON 7- 7 TO 1/4 MILE OR LESS
LOWEST: 61 ON 24 3 = THUNDER
SNOW, ICE PELLETS, HAIL 4 = ICE PELLETS
TOTAL MONTH: M 5 = HAIL
GRTST 24HR M ON M 6 = FREEZING RAIN OR DRIZZLE
GRTST DEPTH: M ON M 7 = DUSTSTORM OR SANDSTORM:
VSBY 1/2 MILE OR LESS
8 = SMOKE OR HAZE
[NO. OF DAYS WITH] [WEATHER - DAYS WITH] 9 = BLOWING SNOW
X = TORNADO
MAX 32 OR BELOW: 0 0.01 INCH OR MORE: 8
MAX 90 OR ABOVE: 26 0.10 INCH OR MORE: 4
MIN 32 OR BELOW: 0 0.50 INCH OR MORE: 0
MIN 0 OR BELOW: 0 1.00 INCH OR MORE: 0
[HDD (BASE 65) ]
TOTAL THIS MO. 0 CLEAR (SCALE 0-3) 22
DPTR FM NORMAL M PTCLDY (SCALE 4-7) 9
TOTAL FM JUL 1 0 CLOUDY (SCALE 8-10) 0
DPTR FM NORMAL M
[CDD (BASE 65) ]
TOTAL THIS MO. 454
DPTR FM NORMAL M [PRESSURE DATA]
TOTAL FM JAN 1 1238 HIGHEST SLP M ON M
DPTR FM NORMAL M LOWEST SLP M ON M
[REMARKS]
#FINAL-07-21#