000
CXUS53 KARX 012354
CF6LSE
PRELIMINARY LOCAL CLIMATOLOGICAL DATA (WS FORM: F-6)
STATION: LA CROSSE WI
MONTH: AUGUST
YEAR: 2023
LATITUDE: 43 52 N
LONGITUDE: 91 15 W
TEMPERATURE IN F: :PCPN: SNOW: WIND :SUNSHINE: SKY :PK WND
================================================================================
1 2 3 4 5 6A 6B 7 8 9 10 11 12 13 14 15 16 17 18
12Z AVG MX 2MIN
DY MAX MIN AVG DEP HDD CDD WTR SNW DPTH SPD SPD DIR MIN PSBL S-S WX SPD DR
================================================================================
1 87 58 73 -1 0 8 0.00 0.0 0 4.7 13 200 M M 0 19 200
2 88 68 78 4 0 13 0.00 0.0 0 6.8 15 200 M M 1 19 220
3 92 69 81 7 0 16 0.00 0.0 0 3.9 12 50 M M 1 12 13 50
4 90 67 79 5 0 14 0.00 0.0 0 6.0 14 80 M M 1 12 20 80
5 88 68 78 4 0 13 0.00 0.0 0 6.8 13 50 M M 0 20 50
6 79 67 73 -1 0 8 T 0.0 0 5.4 14 330 M M 6 18 330
7 84 64 74 0 0 9 0.00 0.0 0 5.9 14 330 M M 2 1 18 300
8 86 59 73 -1 0 8 0.00 0.0 0 4.5 16 330 M M 0 1 21 330
9 86 63 75 1 0 10 0.07 0.0 0 5.9 18 320 M M 2 138 25 320
10 83 63 73 -1 0 8 T 0.0 0 4.3 13 340 M M 4 1 16 330
11 89 63 76 2 0 11 1.04 0.0 0 7.4 48 340 M M 5 13 68 330
12 86 62 74 0 0 9 0.00 0.0 0 6.6 22 290 M M 1 1 30 270
13 76 61 69 -4 0 4 0.02 0.0 0 3.7 9 140 M M 7 13 110
14 68 59 64 -9 1 0 0.22 0.0 0 9.3 20 90 M M 10 1 33 80
15 81 56 69 -4 0 4 0.00 0.0 0 6.6 14 330 M M 0 17 330
16 86 62 74 1 0 9 T 0.0 0 15.0 28 200 M M 1 40 210
17 76 58 67 -6 0 2 0.03 0.0 0 12.1 24 330 M M 3 3 34 300
18 80 54 67 -6 0 2 0.00 0.0 0 8.1 16 180 M M 1 12 23 150
19 92 69 81 8 0 16 0.00 0.0 0 12.4 21 180 M M 1 33 170
20 90 69 80 8 0 15 0.00 0.0 0 6.3 14 330 M M 0 12 23 330
21 83 68 76 4 0 11 0.00 0.0 0 5.9 12 110 M M 6 17 130
22 93 67 80 8 0 15 0.00 0.0 0 9.5 20 170 M M 3 27 170
23 104 79 92 20 0 27 0.00 0.0 0 8.0 20 220 M M 0 25 220
24 96 74 85 13 0 20 0.00 0.0 0 8.6 16 310 M M 1 21 340
25 91 70 81 9 0 16 T 0.0 0 4.8 10 330 M M 3 15 30
26 79 61 70 -1 0 5 0.00 0.0 0 8.2 14 20 M M 6 20 350
27 78 57 68 -3 0 3 0.00 0.0 0 3.0 9 300 M M 3 13 290
28 86 57 72 1 0 7 T 0.0 0 7.0 16 190 M M 2 20 200
29 84 62 73 2 0 8 0.00 0.0 0 8.1 18 320 M M 2 12 25 310
30 79 54 67 -3 0 2 0.00 0.0 0 4.0 13 360 M M 0 18 360
31 81 50 66 -4 0 1 0.00 0.0 0 6.9 14 190 M M 0 23 170
================================================================================
SM 2641 1958 1 294 1.38 0.0 215.7 M 72
================================================================================
AV 85.2 63.2 7.0 FASTST M M 2 MAX(MPH)
MISC ----> 48 340 68 330
================================================================================
NOTES:
# LAST OF SEVERAL OCCURRENCES
COLUMN 17 PEAK WIND IN M.P.H.
PRELIMINARY LOCAL CLIMATOLOGICAL DATA (WS FORM: F-6) , PAGE 2
STATION: LA CROSSE WI
MONTH: AUGUST
YEAR: 2023
LATITUDE: 43 52 N
LONGITUDE: 91 15 W
[TEMPERATURE DATA] [PRECIPITATION DATA] SYMBOLS USED IN COLUMN 16
AVERAGE MONTHLY: 74.2 TOTAL FOR MONTH: 1.38 1 = FOG OR MIST
DPTR FM NORMAL: 1.4 DPTR FM NORMAL: -2.52 2 = FOG REDUCING VISIBILITY
HIGHEST: 104 ON 23 GRTST 24HR 1.04 ON 11-11 TO 1/4 MILE OR LESS
LOWEST: 50 ON 31 3 = THUNDER
SNOW, ICE PELLETS, HAIL 4 = ICE PELLETS
TOTAL MONTH: 0.0 INCH 5 = HAIL
GRTST 24HR 0.0 6 = FREEZING RAIN OR DRIZZLE
GRTST DEPTH: 0 7 = DUSTSTORM OR SANDSTORM:
VSBY 1/2 MILE OR LESS
8 = SMOKE OR HAZE
[NO. OF DAYS WITH] [WEATHER - DAYS WITH] 9 = BLOWING SNOW
X = TORNADO
MAX 32 OR BELOW: 0 0.01 INCH OR MORE: 5
MAX 90 OR ABOVE: 8 0.10 INCH OR MORE: 2
MIN 32 OR BELOW: 0 0.50 INCH OR MORE: 1
MIN 0 OR BELOW: 0 1.00 INCH OR MORE: 1
[HDD (BASE 65) ]
TOTAL THIS MO. 1 CLEAR (SCALE 0-3) 24
DPTR FM NORMAL -7 PTCLDY (SCALE 4-7) 6
TOTAL FM JUL 1 2 CLOUDY (SCALE 8-10) 1
DPTR FM NORMAL -3
[CDD (BASE 65) ]
TOTAL THIS MO. 294
DPTR FM NORMAL 46 [PRESSURE DATA]
TOTAL FM JAN 1 877 HIGHEST SLP 30.23 ON 21
DPTR FM NORMAL 46 LOWEST SLP 29.56 ON 16
[REMARKS]
#FINAL-08-23#