000
CXUS55 KBYZ 011058
CLMLVM
CLIMATE REPORT
NATIONAL WEATHER SERVICE BILLINGS MT
455 AM MDT SAT JUL 01 2023
...................................
...THE LIVINGSTON MT CLIMATE SUMMARY FOR THE MONTH OF JUNE 2023...
CLIMATE NORMAL PERIOD 1991 TO 2020
CLIMATE RECORD PERIOD 1948 TO 2023
WEATHER OBSERVED NORMAL DEPART
VALUE DATE(S) VALUE FROM
NORMAL
................................................
TEMPERATURE (F)
HIGHEST 84 06/30
LOWEST 33 06/22
AVG. MAXIMUM 71.8 73.8 -2.0
AVG. MINIMUM 47.8 44.8 3.0
MEAN 59.8 59.3 0.5
DAYS MAX >= 90 0
DAYS MAX <= 32 0
DAYS MIN <= 32 0
DAYS MIN <= 0 0
PRECIPITATION (INCHES)
TOTALS 4.56 2.42 2.14
DAYS >= .01 20
DAYS >= .10 10
DAYS >= .50 3
DAYS >= 1.00 0
GREATEST
24 HR. TOTAL 1.42 06/02 TO 06/03
DEGREE DAYS
HEATING TOTAL 150 192 -42
SINCE 7/1 7517 7376 141
COOLING TOTAL 2 22 -20
SINCE 1/1 4 23 -19
................................................
WIND (MPH)
AVERAGE WIND SPEED 8.4
HIGHEST WIND SPEED/DIRECTION 32/280 DATE 06/19
HIGHEST GUST SPEED/DIRECTION 46/300 DATE 06/26
AVERAGE RH (PERCENT) 69
WEATHER CONDITIONS. NUMBER OF DAYS WITH
THUNDERSTORM 15 MIXED PRECIP 0
HEAVY RAIN 6 RAIN 11
LIGHT RAIN 23 FREEZING RAIN 0
LT FREEZING RAIN 0 HAIL 0
HEAVY SNOW 0 SNOW 0
LIGHT SNOW 0 SLEET 0
FOG 15 FOG W/VIS <= 1/4 MILE 0
HAZE 2
- INDICATES NEGATIVE NUMBERS.
R INDICATES RECORD WAS SET OR TIED.
MM INDICATES DATA IS MISSING.
T INDICATES TRACE AMOUNT.
&&
THIS IS AN AUTOMATED...UNATTENDED WEATHER STATION AND MAY
UNDERESTIMATE WINTER PRECIPITATION.
...JUNE 2023 MONTH IN REVIEW FOR LIVINGSTON...
BELOW IS A SUMMARY OF THE TEMPERATURE AND PRECIPITATION
STATISTICS FOR LIVINGSTON FOR JUNE 2023. ALL TEMPERATURES ARE IN
DEGREES FAHRENHEIT AND ALL PRECIPITATION AMOUNTS ARE IN INCHES. NORMALS
ARE 30 YEAR AVERAGES CALCULATED FROM 1991 TO 2020. MONTHLY RANKINGS
FOR PRECIPITATION AND TEMPERATURES USE A PERIOD
OF RECORD THAT STARTED IN JULY 1948 AT OR NEAR THE LIVINGSTON AIRPORT.
NUMBERS DENOTED WITH AN * IS MISSING DATA IN THE CALCULATION.
... MONTHLY PRECIPITATION...
MONTH 2023 VALUES NORMALS DEPARTURE RANKING
JUNE 4.56 2.42 +2.14 4TH WETTEST OUT OF 75 YEARS
(RECORD WETTEST WAS 6.77 IN 1992)
(WETTEST SINCE 6.77 IN 1992)
... JUNE 2023 BROKEN OR TIED DAILY PRECIPITATION RECORDS...
0.87 ON JUNE 3 (OLD RECORD 0.71 IN 1963)
0.37 ON JUNE 23 (OLD RECORD 0.36 IN 1967)
NOTE: SINCE THE LATE 1990S...LIVINGSTON BECAME AN AUTOMATED AND UNATTENDED
WEATHER STATION. PRECIPITATION AMOUNTS IN THE WINTER MAY BE UNDERESTIMATED.
... AVERAGE TEMPERATURES...
MONTH 2023 VALUES NORMALS DEPARTURE RANKING
JUNE 59.8 59.3 +0.5 32ND WARMEST OUT OF 75 YEARS
(RECORD WARMEST WAS 68.4 IN 1988)
(WARMEST SINCE 65.8 IN 2021)
... AVERAGE HIGH TEMPERATURES...
MONTH 2023 VALUES NORMALS DEPARTURE RANKING
JUNE 71.8 73.8 -2.0 TIED FOR THE 25TH COLDEST OUT OF 75 YEARS
(RECORD COLDEST WAS 66.6 IN 1951)
(COLDEST SINCE 71.6 IN 2014)
... JUNE 2023 BROKEN OR TIED WARMEST DAILY HIGH TEMPERATURE RECORDS...
NONE
... JUNE 2023 BROKEN OR TIED COLDEST DAILY HIGH TEMPERATURE RECORDS...
NONE
... AVERAGE LOW TEMPERATURES...
MONTH 2023 VALUES NORMALS DEPARTURE RANKING
JUNE 47.8 44.8 +3.0 TIED FOR THE 10TH WARMEST OUT OF 75 YEARS
(RECORD WARMEST WAS 51.1 IN 1988)
(WARMEST SINCE 49.9 IN 2015)
... JUNE 2023 BROKEN OR TIED WARMEST DAILY LOW TEMPERATURE RECORDS...
NONE
... JUNE 2023 BROKEN OR TIED COLDEST DAILY LOW TEMPERATURE RECORDS...
34 ON JUNE 21 (OLD RECORD 35 IN 1953)
33 ON JUNE 22 (OLD RECORD 36 IN 1989)
$$