000
CXUS55 KBYZ 011319
CLMLVM
CLIMATE REPORT
NATIONAL WEATHER SERVICE BILLINGS MT
617 AM MST FRI DEC 01 2023
...................................
...THE LIVINGSTON MT CLIMATE SUMMARY FOR THE MONTH OF NOVEMBER 2023...
CLIMATE NORMAL PERIOD 1991 TO 2020
CLIMATE RECORD PERIOD 1948 TO 2023
WEATHER OBSERVED NORMAL DEPART
VALUE DATE(S) VALUE FROM
NORMAL
................................................
TEMPERATURE (F)
HIGHEST 64 11/13
LOWEST 9 11/25
AVG. MAXIMUM 51.5 44.9 6.6
AVG. MINIMUM 30.2 25.3 4.9
MEAN 40.8 35.1 5.8
DAYS MAX >= 90 0
DAYS MAX <= 32 1
DAYS MIN <= 32 16
DAYS MIN <= 0 0
PRECIPITATION (INCHES)
TOTALS 0.06R 0.62 -0.56
DAYS >= .01 2
DAYS >= .10 0
DAYS >= .50 0
DAYS >= 1.00 0
GREATEST
24 HR. TOTAL 0.04 11/06 TO 11/06
DEGREE DAYS
HEATING TOTAL 717 897 -180
SINCE 7/1 1563 1851 -288
COOLING TOTAL 0 0 0
SINCE 1/1 292 278 14
................................................
WIND (MPH)
AVERAGE WIND SPEED 18.8
HIGHEST WIND SPEED/DIRECTION 49/220 DATE 11/11
49/210 11/15
HIGHEST GUST SPEED/DIRECTION 67/220 DATE 11/11
AVERAGE RH (PERCENT) 49
WEATHER CONDITIONS. NUMBER OF DAYS WITH
THUNDERSTORM 0 MIXED PRECIP 0
HEAVY RAIN 0 RAIN 4
LIGHT RAIN 6 FREEZING RAIN 0
LT FREEZING RAIN 0 HAIL 0
HEAVY SNOW 0 SNOW 2
LIGHT SNOW 2 SLEET 0
FOG 3 FOG W/VIS <= 1/4 MILE 0
HAZE 2
- INDICATES NEGATIVE NUMBERS.
R INDICATES RECORD WAS SET OR TIED.
MM INDICATES DATA IS MISSING.
T INDICATES TRACE AMOUNT.
&&
THIS IS AN AUTOMATED...UNATTENDED WEATHER STATION AND MAY
UNDERESTIMATE WINTER PRECIPITATION.
...NOVEMBER 2023 MONTH IN REVIEW FOR LIVINGSTON...
BELOW IS A SUMMARY OF THE TEMPERATURE AND PRECIPITATION
STATISTICS FOR LIVINGSTON FOR NOVEMBER 2023. ALL TEMPERATURES ARE IN
DEGREES FAHRENHEIT AND ALL PRECIPITATION AMOUNTS ARE IN INCHES. NORMALS
ARE 30 YEAR AVERAGES CALCULATED FROM 1991 TO 2020. MONTHLY RANKINGS
FOR PRECIPITATION AND TEMPERATURES USE A PERIOD
OF RECORD THAT STARTED IN JULY 1948 AT OR NEAR THE LIVINGSTON AIRPORT.
NUMBERS DENOTED WITH AN * IS MISSING DATA IN THE CALCULATION.
... MONTHLY PRECIPITATION...
MONTH 2023 VALUES NORMALS DEPARTURE RANKING
NOVEMBER 0.06 0.62 -0.56 TIED FOR THE RECORD DRIEST OUT OF 76 YEARS
(OLD RECORD DRIEST WAS 0.06 IN 1954)
... NOVEMBER 2023 BROKEN OR TIED DAILY PRECIPITATION RECORDS...
NONE
NOTE: SINCE THE LATE 1990S...LIVINGSTON BECAME AN AUTOMATED AND UNATTENDED
WEATHER STATION. PRECIPITATION AMOUNTS IN THE WINTER MAY BE UNDERESTIMATED.
... AVERAGE TEMPERATURES...
MONTH 2023 VALUES NORMALS DEPARTURE RANKING
NOVEMBER 40.9 35.1 +5.8 TIED FOR THE 10TH WARMEST OUT OF 76 YEARS
(RECORD WARMEST WAS 49.0 IN 1999)
(WARMEST SINCE 42.2 IN 2021)
... AVERAGE HIGH TEMPERATURES...
MONTH 2023 VALUES NORMALS DEPARTURE RANKING
NOVEMBER 51.5 44.9 +6.6 TIED FOR THE 8TH WARMEST OUT OF 76 YEARS
(RECORD WARMEST WAS 60.5 IN 1999)
(WARMEST SINCE 52.4 IN 2021)
... NOVEMBER 2023 BROKEN OR TIED WARMEST DAILY HIGH TEMPERATURE RECORDS...
NONE
... NOVEMBER 2023 BROKEN OR TIED COLDEST DAILY HIGH TEMPERATURE RECORDS...
NONE
... AVERAGE LOW TEMPERATURES...
MONTH 2023 VALUES NORMALS DEPARTURE RANKING
NOVEMBER 30.2 25.3 +4.9 14TH WARMEST OUT OF 76 YEARS
(RECORD WARMEST WAS 37.5 IN 1999)
(WARMEST SINCE 31.9 IN 2021)
... NOVEMBER 2023 BROKEN OR TIED WARMEST DAILY LOW TEMPERATURE RECORDS...
NONE
... NOVEMBER 2023 BROKEN OR TIED COLDEST DAILY LOW TEMPERATURE RECORDS...
NONE
$$