176
CXUS53 KILX 011000
CF6LWV
PRELIMINARY LOCAL CLIMATOLOGICAL DATA (WS FORM: F-6)
STATION: LAWRENCEVILLE IL AIRPORT
MONTH: OCTOBER
YEAR: 2020
LATITUDE: 38 45 N
LONGITUDE: 87 36 W
TEMPERATURE IN F: :PCPN: SNOW: WIND :SUNSHINE: SKY :PK WND
================================================================================
1 2 3 4 5 6A 6B 7 8 9 10 11 12 13 14 15 16 17 18
12Z AVG MX 2MIN
DY MAX MIN AVG DEP HDD CDD WTR SNW DPTH SPD SPD DIR MIN PSBL S-S WX SPD DR
================================================================================
1 72 41 57 -6 8 0 0.00 M M 9.1 28 330 M M 2 34 330
2 66 38 52 -11 13 0 0.00 M M 4.0 13 300 M M 3 19 280
3 68 42 55 -7 10 0 0.08 M M 4.7 15 210 M M 7 21 190
4 62 35 49 -13 16 0 0.00 M M 8.0 20 330 M M 7 24 360
5 66 33 50 -12 15 0 0.00 M M 3.3 12 120 M M 0 1 16 140
6 80 40 60 -1 5 0 0.00 M M 9.1 21 210 M M 0 27 210
7 90 50 70 9 0 5 0.00 M M 7.5 17 260 M M 0 24 270
8 86 51 69 9 0 4 0.00 M M 3.7 9 60 M M 0 14 120
9 85 50 68 8 0 3 0.00 M M 8.5 20 190 M M 0 27 200
10 81 59 70 10 0 5 0.00 M M 5.1 13 190 M M 4 18 180
11 86 60 73 14 0 8 0.00 M M 7.9 17 80 M M 4 12 22 70
12 75 42 59 0 6 0 0.03 M M 7.4 30 310 M M 7 12 38 300
13 75 37 56 -3 9 0 0.00 M M 5.0 17 210 M M 2 12 23 220
14 83 41 62 4 3 0 0.00 M M 13.0 32 190 M M 0 42 190
15 64 40 52 -6 13 0 0.08 M M 8.0 14 310 M M 5 31 320
16 62 30 46 -12 19 0 0.00 M M 9.9 17 260 M M 0 31 290
17 67 35 51 -6 14 0 0.00 M M 11.4 25 180 M M 4 33 160
18 70 51 61 4 4 0 0.37 M M 10.9 23 190 M M 8 1 31 180
19 52 49 51 -6 14 0 1.51 M M 9.5 16 70 M M 10 18 21 70
20 66 49 58 2 7 0 0.09 M M 8.0 14 190 M M 9 38 18 180
21 68 56 62 6 3 0 0.14 M M 5.5 18 190 M M 9 123 24 200
22 84 53 69 13 0 4 0.00 M M 7.9 21 200 M M 3 128 26 190
23 83 46 65 10 0 0 0.95 M M 14.8 31 310 M M 6 13 38 310
24 55 46 51 -4 14 0 0.00 M M 9.8 16 350 M M 9 23 350
25 51 46 49 -6 16 0 0.03 M M 7.5 14 50 M M 10 1 19 40
26 50 43 47 -7 18 0 0.57 M M 8.8 14 340 M M 10 1 18 330
27 50 44 47 -7 18 0 T M M 6.1 14 340 M M 10 1 17 320
28 54 46 50 -4 15 0 0.40 M M 6.2 12 30 M M 8 1 16 60
29 52 44 48 -5 17 0 1.29 M M 15.4 25 20 M M 9 1 35 30
30 54 35 45 -8 20 0 0.00 M M 5.5 17 350 M M 1 23 350
31 62 34 48 -5 17 0 0.00 M M 9.1 17 160 M M 0 24 180
================================================================================
SM 2119 1366 294 29 5.54 M 250.6 M 147
================================================================================
AV 68.4 44.1 8.1 FASTST M M 5 MAX(MPH)
MISC ----> 32 190 42 190
================================================================================
NOTES:
# LAST OF SEVERAL OCCURRENCES
COLUMN 17 PEAK WIND IN M.P.H.
PRELIMINARY LOCAL CLIMATOLOGICAL DATA (WS FORM: F-6) , PAGE 2
STATION: LAWRENCEVILLE IL AIRPORT
MONTH: OCTOBER
YEAR: 2020
LATITUDE: 38 45 N
LONGITUDE: 87 36 W
[TEMPERATURE DATA] [PRECIPITATION DATA] SYMBOLS USED IN COLUMN 16
AVERAGE MONTHLY: 56.2 TOTAL FOR MONTH: 5.54 1 = FOG OR MIST
DPTR FM NORMAL: -1.5 DPTR FM NORMAL: 1.56 2 = FOG REDUCING VISIBILITY
HIGHEST: 90 ON 7 GRTST 24HR 1.73 ON 18-19 TO 1/4 MILE OR LESS
LOWEST: 30 ON 16 3 = THUNDER
SNOW, ICE PELLETS, HAIL 4 = ICE PELLETS
TOTAL MONTH: M 5 = HAIL
GRTST 24HR M ON M 6 = FREEZING RAIN OR DRIZZLE
GRTST DEPTH: M ON M 7 = DUSTSTORM OR SANDSTORM:
VSBY 1/2 MILE OR LESS
8 = SMOKE OR HAZE
[NO. OF DAYS WITH] [WEATHER - DAYS WITH] 9 = BLOWING SNOW
X = TORNADO
MAX 32 OR BELOW: 0 0.01 INCH OR MORE: 12
MAX 90 OR ABOVE: 1 0.10 INCH OR MORE: 7
MIN 32 OR BELOW: 1 0.50 INCH OR MORE: 4
MIN 0 OR BELOW: 0 1.00 INCH OR MORE: 2
[HDD (BASE 65) ]
TOTAL THIS MO. 294 CLEAR (SCALE 0-3) 13
DPTR FM NORMAL 36 PTCLDY (SCALE 4-7) 9
TOTAL FM JUL 1 326 CLOUDY (SCALE 8-10) 9
DPTR FM NORMAL 29
[CDD (BASE 65) ]
TOTAL THIS MO. 29
DPTR FM NORMAL -3 [PRESSURE DATA]
TOTAL FM JAN 1 1216 HIGHEST SLP 30.37 ON 31
DPTR FM NORMAL -170 LOWEST SLP 29.63 ON 29
[REMARKS]
#FINAL-10-20#