000
CXUS53 KGID 011546
CF6LXN
PRELIMINARY LOCAL CLIMATOLOGICAL DATA (WS FORM: F-6)
STATION: LEXINGTON NE
MONTH: SEPTEMBER
YEAR: 2021
LATITUDE: 40 47 N
LONGITUDE: 99 46 W
TEMPERATURE IN F: :PCPN: SNOW: WIND :SUNSHINE: SKY :PK WND
================================================================================
1 2 3 4 5 6A 6B 7 8 9 10 11 12 13 14 15 16 17 18
12Z AVG MX 2MIN
DY MAX MIN AVG DEP HDD CDD WTR SNW DPTH SPD SPD DIR MIN PSBL S-S WX SPD DR
================================================================================
1 80 65 73 M 0 8 0.00 M M 12.0 16 120 M M 8 1 22 120
2 80 64 72 M 0 7 1.40 M M 11.0 21 150 M M 7 1 28 150
3 77 60 69 M 0 4 0.00 M M 5.1 9 360 M M 6 1 20 360
4 79 62 71 M 0 6 0.00 M M 2.6 7 140 M M 4 1 M M
5 83 60 72 M 0 7 0.09 M M 6.6 12 220 M M 1 3 37 210
6 88 55 72 M 0 7 0.00 M M 4.9 12 150 M M 1 1 M M
7 78 54 66 M 0 1 0.00 M M 7.9 18 360 M M 0 23 360
8 84 49 67 M 0 2 0.00 M M 5.0 12 200 M M 0 M M
9 79 50 65 M 0 0 0.00 M M 5.7 10 120 M M 0 M M
10 89 53 71 M 0 6 0.00 M M 3.9 9 120 M M 0 18 M M
11 93 55 74 M 0 9 0.00 M M 3.5 9 320 M M 0 35 40
12 84 64 74 M 0 9 T M M 8.6 14 80 M M 0 3 22 350
13 84 57 71 M 0 6 0.00 M M 4.3 10 310 M M 4 12 M M
14 75 55 65 M 0 0 0.00 M M 5.1 10 40 M M 1 20 360
15 84 55 70 M 0 5 0.00 M M 10.9 16 160 M M 4 1 24 160
16 93 65 79 M 0 14 0.00 M M 14.4 21 190 M M 0 8 28 170
17 72 55 64 M 1 0 0.14 M M 9.8 25 30 M M 8 31 360
18 88 52 70 M 0 5 0.00 M M 10.2 22 170 M M 0 28 170
19 92 64 78 M 0 13 0.00 M M 17.4 27 160 M M 1 35 160
20 73 44 59 M 6 0 T M M 12.9 21 330 M M 4 29 360
21 70 41 56 M 9 0 T M M 6.9 14 320 M M 3 21 310
22 80 35 58 M 7 0 0.00 M M 5.8 13 190 M M 0 22 190
23 84 40 62 M 3 0 0.00 M M 6.5 13 170 M M 0 17 170
24 70 43 57 M 8 0 0.00 M M 7.7 16 360 M M 2 28 360
25 84 38 61 M 4 0 0.00 M M 9.2 21 220 M M 0 8 29 220
26 97 46 72 M 0 7 0.00 M M 5.1 14 240 M M 0 20 190
27 93 46 70 M 0 5 0.00 M M 5.6 13 140 M M 0 8 10 110
28 90 48 69 M 0 4 0.00 M M 7.0 18 150 M M 0 18 25 150
29 83 59 71 M 0 6 0.87 M M 11.4 18 140 M M 4 3 27 320
30 63 51 57 M 8 0 0.47 M M 11.5 18 310 M M 10 3 23 310
================================================================================
SM 2469 1585 46 131 2.97 M 238.5 M 68
================================================================================
AV 82.3 52.8 7.9 FASTST M M 2 MAX(MPH)
MISC ----> 27 160 M M
================================================================================
NOTES:
# LAST OF SEVERAL OCCURRENCES
COLUMN 17 PEAK WIND IN M.P.H.
PRELIMINARY LOCAL CLIMATOLOGICAL DATA (WS FORM: F-6) , PAGE 2
STATION: LEXINGTON NE
MONTH: SEPTEMBER
YEAR: 2021
LATITUDE: 40 47 N
LONGITUDE: 99 46 W
[TEMPERATURE DATA] [PRECIPITATION DATA] SYMBOLS USED IN COLUMN 16
AVERAGE MONTHLY: 67.6 TOTAL FOR MONTH: 2.97 1 = FOG OR MIST
DPTR FM NORMAL: M DPTR FM NORMAL: M 2 = FOG REDUCING VISIBILITY
HIGHEST: 97 ON 26 GRTST 24HR 1.40 ON 2- 2 TO 1/4 MILE OR LESS
LOWEST: 35 ON 22 3 = THUNDER
SNOW, ICE PELLETS, HAIL 4 = ICE PELLETS
TOTAL MONTH: M 5 = HAIL
GRTST 24HR M ON M 6 = FREEZING RAIN OR DRIZZLE
GRTST DEPTH: M ON M 7 = DUSTSTORM OR SANDSTORM:
VSBY 1/2 MILE OR LESS
8 = SMOKE OR HAZE
[NO. OF DAYS WITH] [WEATHER - DAYS WITH] 9 = BLOWING SNOW
X = TORNADO
MAX 32 OR BELOW: 0 0.01 INCH OR MORE: 5
MAX 90 OR ABOVE: 6 0.10 INCH OR MORE: 4
MIN 32 OR BELOW: 0 0.50 INCH OR MORE: 2
MIN 0 OR BELOW: 0 1.00 INCH OR MORE: 1
[HDD (BASE 65) ]
TOTAL THIS MO. 46 CLEAR (SCALE 0-3) 19
DPTR FM NORMAL M PTCLDY (SCALE 4-7) 10
TOTAL FM JUL 1 46 CLOUDY (SCALE 8-10) 1
DPTR FM NORMAL M
[CDD (BASE 65) ]
TOTAL THIS MO. 131
DPTR FM NORMAL M [PRESSURE DATA]
TOTAL FM JAN 1 1078 HIGHEST SLP M ON M
DPTR FM NORMAL M LOWEST SLP M ON M
[REMARKS]
#FINAL-09-21#