000
CXUS51 KRNK 011425
CLSLYH
CLIMATE REPORT
NATIONAL WEATHER SERVICE BLACKSBURG VA
925 AM EST SUN MAR 1 2020
...................................
...THE LYNCHBURG VA CLIMATE SUMMARY FOR THE SEASON, FROM
12/1/2019 TO 2/29/2020...
CLIMATE NORMAL PERIOD 1981 TO 2010
CLIMATE RECORD PERIOD 1893 TO 2020
WEATHER OBSERVED NORMAL DEPART LAST YEAR`S
VALUE DATE(S) VALUE FROM VALUE
NORMAL
.............................................................
TEMPERATURE (F)
RECORD
HIGH 82 02/11/1932
LOW -10 02/05/1996
01/21/1985
HIGHEST 71 02/03 74
12/28
LOWEST 16 12/19 10
AVG. MAXIMUM 52.9 47.4 5.5 48.7
AVG. MINIMUM 32.2 26.4 5.8 29.5
MEAN 42.6 36.9 5.7 39.1
DAYS MAX >= 90 0 0.0 0.0 0
DAYS MAX <= 32 0 6.1 -6.1 4
DAYS MIN <= 32 50 67.0 -17.0 57
DAYS MIN <= 0 0 0.4 -0.4 0
PRECIPITATION (INCHES)
RECORD
MAXIMUM 18.30 1901
MINIMUM 4.69 1906
TOTALS 12.20 9.31 2.89 14.79
DAILY AVG. 0.14 0.10 0.04 0.16
DAYS >= .01 34 28.2 5.8 39
DAYS >= .10 23 17.6 5.4 24
DAYS >= .50 8 6.5 1.5 12
DAYS >= 1.00 2 1.9 0.1 4
GREATEST
24 HR. TOTAL 2.43 1.75
SNOWFALL (INCHES)
TOTALS T 19.6
DAYS >= TRACE 4 13
DAYS >= 1.0 0 3
GREATEST
24 HR TOTAL 0.0 11.5
DEGREE_DAYS
HEATING TOTAL 2023 2529 -506 2318
COOLING TOTAL 0 0 0 0
..............................................................
WIND (MPH)
AVERAGE WIND SPEED 4.8
HIGHEST WIND SPEED/DIRECTION 30/180 DATE 01/11
HIGHEST GUST SPEED/DIRECTION 38/220 DATE 01/11
SKY COVER
AVERAGE SKY COVER 0.40
AVERAGE RH (PERCENT) 64
WEATHER CONDITIONS. NUMBER OF DAYS WITH
0
20
1
0
0
2
9
HAZE 1
- INDICATES NEGATIVE NUMBERS.
R INDICATES RECORD WAS SET OR TIED.
MM INDICATES DATA IS MISSING.
T INDICATES TRACE AMOUNT.
$$