000
CXUS54 KLZK 161343
CF6LZK
PRELIMINARY LOCAL CLIMATOLOGICAL DATA (WS FORM: F-6)
STATION: NORTH LITTLE ROCK
MONTH: JULY
YEAR: 2022
LATITUDE: 34 50 N
LONGITUDE: 92 16 W
TEMPERATURE IN F: :PCPN: SNOW: WIND :SUNSHINE: SKY :PK WND
================================================================================
1 2 3 4 5 6A 6B 7 8 9 10 11 12 13 14 15 16 17 18
12Z AVG MX 2MIN
DY MAX MIN AVG DEP HDD CDD WTR SNW DPTH SPD SPD DIR MIN PSBL S-S WX SPD DR
================================================================================
1 92 73 83 3 0 18 0.00 0.0 0 M M M M M M M M
2 88 73 81 0 0 16 0.00 0.0 0 M M M M M M M M
3 90 73 82 1 0 17 T 0.0 0 0.0 M M M M 0 M M
4 96 74 85 4 0 20 0.00 0.0 0 M M M M M M 3 M M
5 98 78 88 7 0 23 0.00 0.0 0 M M M M M M M M
6 98 78 88 7 0 23 0.00 0.0 0 M M M M M M M M
7 98 76 87 6 0 22 0.00 0.0 0 M M M M M M M M
8 101 80 91 10 0 26 0.00 0.0 0 M M M M M M M M
9 98 78 88 7 0 23 0.00 0.0 0 M M M M M M M M
10 92 73 83 2 0 18 0.00 0.0 0 M M M M M M M M
11 96 71 84 3 0 19 0.00 0.0 0 M M M M M M M M
12 100 71 86 5 0 21 0.43 0.0 0 M M M M M M 3 M M
13 95 72 84 3 0 19 0.00 0.0 0 0.0 M M M M 0 M M
14 97 73 85 3 0 20 0.00 0.0 0 M M M M M M M M
15 95 71 83 1 0 18 0.00 0.0 0 M M M M M M M M
16 99 74 87 5 0 22 0.00 0.0 0 M M M M M M M M
17 98 79 89 7 0 24 T 0.0 0 M M M M M M 3 M M
18 96 70 83 1 0 18 0.36 0.0 0 0.0 M M M M 0 3 M M
19 99 77 88 6 0 23 0.00 0.0 0 M M M M M M M M
20 93 82 88 6 0 23 T 0.0 0 M M M M M M M M
21 100 76 88 6 0 23 0.00 0.0 0 M M M M M M M M
22 100 74 87 5 0 22 0.00 0.0 0 M M M M M M M M
23 98 75 87 5 0 22 0.00 0.0 0 M M M M M M M M
24 100 77 89 7 0 24 0.00 0.0 0 M M M M M M M M
25 100 79 90 8 0 25 T 0.0 0 M M M M M M M M
26 101 79 90 8 0 25 0.00 0.0 0 M M M M M M M M
27 97 78 88 6 0 23 T 0.0 0 4.6 5 180 M M 0 3 M M
28 94 76 85 3 0 20 0.19 0.0 0 3.5 4 180 M M 0 13 M M
29 84 73 79 -3 0 14 0.23 0.0 0 3.8 6 20 M M 0 M M
30 83 72 78 -4 0 13 0.21 0.0 0 2.9 6 140 M M 0 3 M M
31 81 71 76 -6 0 11 0.35 0.0 0 4.6 6 220 M M 0 M M
================================================================================
SM 2957 2326 0 635 1.77 0.0 19.4 M 0
================================================================================
AV 95.4 75.0 2.4 FASTST M M 0 MAX(MPH)
MISC ----> # 6 20 M M
================================================================================
NOTES:
# LAST OF SEVERAL OCCURRENCES
COLUMN 17 PEAK WIND IN M.P.H.
PRELIMINARY LOCAL CLIMATOLOGICAL DATA (WS FORM: F-6) , PAGE 2
STATION: NORTH LITTLE ROCK
MONTH: JULY
YEAR: 2022
LATITUDE: 34 50 N
LONGITUDE: 92 16 W
[TEMPERATURE DATA] [PRECIPITATION DATA] SYMBOLS USED IN COLUMN 16
AVERAGE MONTHLY: 85.2 TOTAL FOR MONTH: 1.77 1 = FOG OR MIST
DPTR FM NORMAL: 3.8 DPTR FM NORMAL: -2.15 2 = FOG REDUCING VISIBILITY
HIGHEST: 101 ON 8,26 GRTST 24HR 0.43 ON 12-12 TO 1/4 MILE OR LESS
LOWEST: 70 ON 18 3 = THUNDER
SNOW, ICE PELLETS, HAIL 4 = ICE PELLETS
TOTAL MONTH: 0.0 INCH 5 = HAIL
GRTST 24HR 0.0 6 = FREEZING RAIN OR DRIZZLE
GRTST DEPTH: 0 7 = DUSTSTORM OR SANDSTORM:
VSBY 1/2 MILE OR LESS
8 = SMOKE OR HAZE
[NO. OF DAYS WITH] [WEATHER - DAYS WITH] 9 = BLOWING SNOW
X = TORNADO
MAX 32 OR BELOW: 0 0.01 INCH OR MORE: 6
MAX 90 OR ABOVE: 27 0.10 INCH OR MORE: 6
MIN 32 OR BELOW: 0 0.50 INCH OR MORE: 0
MIN 0 OR BELOW: 0 1.00 INCH OR MORE: 0
[HDD (BASE 65) ]
TOTAL THIS MO. 0 CLEAR (SCALE 0-3) 8
DPTR FM NORMAL 0 PTCLDY (SCALE 4-7) 0
TOTAL FM JUL 1 0 CLOUDY (SCALE 8-10) 23
DPTR FM NORMAL 0
[CDD (BASE 65) ]
TOTAL THIS MO. 635
DPTR FM NORMAL 125 [PRESSURE DATA]
TOTAL FM JAN 1 1362 HIGHEST SLP M ON M
DPTR FM NORMAL 206 LOWEST SLP M ON M
[REMARKS]
#FINAL-07-22#